{"id":22420,"date":"2022-01-20T09:05:53","date_gmt":"2022-01-20T08:05:53","guid":{"rendered":"https:\/\/www.guerini.it\/?post_type=product&#038;p=22420"},"modified":"2026-01-22T12:50:08","modified_gmt":"2026-01-22T11:50:08","slug":"nudge-solutions-program","status":"publish","type":"product","link":"https:\/\/www.guerini.it\/index.php\/prodotto\/nudge-solutions-program\/","title":{"rendered":"Nudge Solutions Program"},"content":{"rendered":"<p style=\"text-align: justify;\">Dialogo, fiducia, cambiamento gentile: concetti chiave di un approccio all\u2019organizzazione che ribalta le prospettive pi\u00f9 tradizionali, partendo non dal comportamento, ma da ci\u00f2 che lo determina. \u00c8 l\u2019approccio presentato da Paolo Bruttini e Massimo Lugli in questo saggio semplice e pieno di soluzioni concrete (arricchito da un caso aziendale esposto dalla consulente e formatrice Barbara Faussone), che fa tesoro dei pi\u00f9 interessanti filoni dello Sviluppo Organizzativo, dall\u2019Open Organization all\u2019Agile.<br \/>\nCome mostrano gli autori Paolo Bruttini e Massimo Lugli, occuparsi di Sviluppo Organizzativo oggi significa comprendere in primo luogo la natura sostanzialmente dialogica della realt\u00e0, in particolare della realt\u00e0 lavorativa, interpretata sotto la chiave del Nudge. La cosiddetta \u00abspinta gentile\u00bb di cui parla il premio Nobel 2017 Richard H. Thaler, applicata a questo specifico ambito, assume la forma di architetture relazionali per aiutare le persone a esprimere il meglio di s\u00e9, riducendo gli sforzi e i conflitti.<br \/>\nAttraverso i Nudge Tool spiegati nel volume, gli autori espongono un metodo in grado di aiutare le donne e gli uomini che lavorano a intendersi meglio tra di loro. A prendere in mano le situazioni, assumendosi il rischio di essere sinceri e affrontando le conseguenze dei propri errori. A usare le strutture di facilitazione nel riconoscimento delle risorse che si hanno, pi\u00f9 che di quelle che mancano. Infine, a vedere in trasparenza i propri schemi mentali, punto di partenza fondamentale per condividere i punti di vista, le idee e, talvolta, i sogni.<\/p>\n<hr \/>\n<p style=\"text-align: justify;\"><strong>PAOLO BRUTTINI<\/strong> \u00e8 partner di Forma del Tempo, socioanalista, formatore e consulente di Sviluppo Organizzativo, coautore dell\u2019<em>Open Leadership Manifesto<\/em>. \u00c8 socio di Ariele, Associazione italiana di Psicosocioanalisi. \u00c8 autore di saggi e pubblicazioni. Per le nostre edizioni ha curato<a href=\"https:\/\/www.guerini.it\/index.php\/prodotto\/capi-di-buona-speranza\/\"> <em>Capi di buona speranza<\/em><\/a> (2007).<\/p>\n<p style=\"text-align: justify;\"><strong>MASSIMO LUGLI<\/strong>, project manager e consulente di Sviluppo Organizzativo in aziende pubbliche e private, \u00e8 ricercatore sui temi del cambiamento organizzativo e della leadership. \u00c8 consigliere d\u2019amministrazione in Forma del Tempo. Dal 2018 Certified ScrumMaster\u00ae.<\/p>\n","protected":false},"excerpt":{"rendered":"<p>Dialogo, fiducia, cambiamento gentile: concetti chiave di un approccio all\u2019organizzazione che ribalta le prospettive pi\u00f9 tradizionali, partendo non dal comportamento, ma da ci\u00f2 che lo determina. \u00c8 l\u2019approccio presentato da [&hellip;]<\/p>\n","protected":false},"featured_media":22423,"template":"","meta":{"_editorskit_title_hidden":false,"_editorskit_reading_time":0,"_editorskit_is_block_options_detached":false,"_editorskit_block_options_position":"{}","_monsterinsights_skip_tracking":false,"_monsterinsights_sitenote_active":false,"_monsterinsights_sitenote_note":"","_monsterinsights_sitenote_category":0},"product_brand":[],"product_cat":[6805],"product_tag":[7791,7792,7790,7412,6802],"class_list":{"0":"post-22420","1":"product","2":"type-product","3":"status-publish","4":"has-post-thumbnail","6":"product_cat-guerini-next","7":"product_tag-agile","8":"product_tag-cambiamento-organizzativo","9":"product_tag-nudge","10":"product_tag-organizzazione","11":"product_tag-risorse-umane","12":"pa_guerini_amazon_link-https-www-amazon-it-solutions-program-cambiamento-strumenti-leadership-dp-8868964120","13":"pa_guerini_feltrinelli_link-https-www-lafeltrinelli-it-nudge-solutions-program-cambiamento-gentile-libro-paolo-bruttini-massimo-lugli-e-9788868964122","14":"pa_guerini_ibs_link-https-www-ibs-it-nudge-solutions-program-cambiamento-gentile-libro-paolo-bruttini-massimo-lugli-e-9788868964122","15":"pa_guerini_libruniver_link-https-www-libreriauniversitaria-it-nudge-solutions-program-cambiamento-gentile-libro-9788868964122","16":"pa_guerini_link_amazon-https-www-amazon-it-dp-b09qrb7bbt-reftmm_kin_swatch_0_encodingutf8qid1642665689sr8-1","17":"pa_guerini_link_apple_ibook-https-books-apple-com-it-book-nudge-solutions-program-cambiamento-gentile-e-strumenti-id1605957979","18":"pa_guerini_link_bookrepublic-https-www-bookrepublic-it-ebook-9788868964207-nudge-solutions-program-cambiamento-gentile-e-strumenti-per-la-leadership-aperta-goware-guerini-next","19":"pa_guerini_link_giunti_punto-https-www-giuntialpunto-it-product-b09qrb7bbt-libri-nudge-solutions-program-cambiamento-gentile-e-strumenti-la-leadership","20":"pa_guerini_link_google_play-https-play-google-com-store-books-detailsidot9zeaaaqbajrdidbook-ot9zeaaaqbajrdot1sourcegbs_vpt_readpcampaignidbooks_booksearch_viewport","21":"pa_guerini_link_ibs-https-tidd-ly-3rmd5lu","22":"pa_guerini_link_kobo-https-www-kobo-com-it-it-ebook-nudge-solutions-program-cambiamento-gentile-e-strumenti-per-la-leadership-aperta","23":"pa_guerini_link_lafeltrinelli-https-tidd-ly-3gukful","24":"pa_guerini_link_mondadori-https-www-mondadoristore-it-nudge-solutions-program-massimo-lugli-paolo-bruttini-eai978886896420","25":"pa_guerini_mondadori_link-https-www-mondadoristore-it-nudge-solutions-program-massimo-lugli-paolo-bruttini-eai978886896412","27":"first","28":"instock","29":"sale","30":"shipping-taxable","31":"purchasable","32":"product-type-simple"},"yoast_head":"<!-- This site is optimized with the Yoast SEO plugin v25.4 - https:\/\/yoast.com\/wordpress\/plugins\/seo\/ -->\n<title>Nudge Solutions Program - Guerini e Associati<\/title>\n<meta name=\"robots\" content=\"index, follow, max-snippet:-1, max-image-preview:large, max-video-preview:-1\" \/>\n<link rel=\"canonical\" href=\"https:\/\/www.guerini.it\/index.php\/prodotto\/nudge-solutions-program\/\" \/>\n<meta property=\"og:locale\" content=\"it_IT\" \/>\n<meta property=\"og:type\" content=\"article\" \/>\n<meta property=\"og:title\" content=\"Nudge Solutions Program - Guerini e Associati\" \/>\n<meta property=\"og:description\" content=\"Dialogo, fiducia, cambiamento gentile: concetti chiave di un approccio all\u2019organizzazione che ribalta le prospettive pi\u00f9 tradizionali, partendo non dal comportamento, ma da ci\u00f2 che lo determina. \u00c8 l\u2019approccio presentato da [&hellip;]\" \/>\n<meta property=\"og:url\" content=\"https:\/\/www.guerini.it\/index.php\/prodotto\/nudge-solutions-program\/\" \/>\n<meta property=\"og:site_name\" content=\"Guerini e Associati\" \/>\n<meta property=\"article:modified_time\" content=\"2026-01-22T11:50:08+00:00\" \/>\n<meta property=\"og:image\" content=\"https:\/\/www.guerini.it\/wp-content\/uploads\/2022\/01\/NUDGE_copertina_EXE-e1642665935656.jpg\" \/>\n\t<meta property=\"og:image:width\" content=\"234\" \/>\n\t<meta property=\"og:image:height\" content=\"350\" \/>\n\t<meta property=\"og:image:type\" content=\"image\/jpeg\" \/>\n<meta name=\"twitter:card\" content=\"summary_large_image\" \/>\n<meta name=\"twitter:label1\" content=\"Tempo di lettura stimato\" \/>\n\t<meta name=\"twitter:data1\" content=\"2 minuti\" \/>\n<!-- \/ Yoast SEO plugin. -->","yoast_head_json":{"title":"Nudge Solutions Program - Guerini e Associati","robots":{"index":"index","follow":"follow","max-snippet":"max-snippet:-1","max-image-preview":"max-image-preview:large","max-video-preview":"max-video-preview:-1"},"canonical":"https:\/\/www.guerini.it\/index.php\/prodotto\/nudge-solutions-program\/","og_locale":"it_IT","og_type":"article","og_title":"Nudge Solutions Program - Guerini e Associati","og_description":"Dialogo, fiducia, cambiamento gentile: concetti chiave di un approccio all\u2019organizzazione che ribalta le prospettive pi\u00f9 tradizionali, partendo non dal comportamento, ma da ci\u00f2 che lo determina. \u00c8 l\u2019approccio presentato da [&hellip;]","og_url":"https:\/\/www.guerini.it\/index.php\/prodotto\/nudge-solutions-program\/","og_site_name":"Guerini e Associati","article_modified_time":"2026-01-22T11:50:08+00:00","og_image":[{"width":234,"height":350,"url":"https:\/\/www.guerini.it\/wp-content\/uploads\/2022\/01\/NUDGE_copertina_EXE-e1642665935656.jpg","type":"image\/jpeg"}],"twitter_card":"summary_large_image","twitter_misc":{"Tempo di lettura stimato":"2 minuti"},"schema":{"@context":"https:\/\/schema.org","@graph":[{"@type":"WebPage","@id":"https:\/\/www.guerini.it\/index.php\/prodotto\/nudge-solutions-program\/","url":"https:\/\/www.guerini.it\/index.php\/prodotto\/nudge-solutions-program\/","name":"Nudge Solutions Program - Guerini e Associati","isPartOf":{"@id":"https:\/\/www.guerini.it\/#website"},"primaryImageOfPage":{"@id":"https:\/\/www.guerini.it\/index.php\/prodotto\/nudge-solutions-program\/#primaryimage"},"image":{"@id":"https:\/\/www.guerini.it\/index.php\/prodotto\/nudge-solutions-program\/#primaryimage"},"thumbnailUrl":"https:\/\/www.guerini.it\/wp-content\/uploads\/2022\/01\/NUDGE_copertina_EXE-e1642665935656.jpg","datePublished":"2022-01-20T08:05:53+00:00","dateModified":"2026-01-22T11:50:08+00:00","breadcrumb":{"@id":"https:\/\/www.guerini.it\/index.php\/prodotto\/nudge-solutions-program\/#breadcrumb"},"inLanguage":"it-IT","potentialAction":[{"@type":"ReadAction","target":["https:\/\/www.guerini.it\/index.php\/prodotto\/nudge-solutions-program\/"]}]},{"@type":"ImageObject","inLanguage":"it-IT","@id":"https:\/\/www.guerini.it\/index.php\/prodotto\/nudge-solutions-program\/#primaryimage","url":"https:\/\/www.guerini.it\/wp-content\/uploads\/2022\/01\/NUDGE_copertina_EXE-e1642665935656.jpg","contentUrl":"https:\/\/www.guerini.it\/wp-content\/uploads\/2022\/01\/NUDGE_copertina_EXE-e1642665935656.jpg","width":234,"height":350,"caption":"Copertina del libro Nudge solutions program"},{"@type":"BreadcrumbList","@id":"https:\/\/www.guerini.it\/index.php\/prodotto\/nudge-solutions-program\/#breadcrumb","itemListElement":[{"@type":"ListItem","position":1,"name":"Home","item":"https:\/\/www.guerini.it\/"},{"@type":"ListItem","position":2,"name":"Catalogo","item":"https:\/\/www.guerini.it\/index.php\/negozio\/"},{"@type":"ListItem","position":3,"name":"Nudge Solutions Program"}]},{"@type":"WebSite","@id":"https:\/\/www.guerini.it\/#website","url":"https:\/\/www.guerini.it\/","name":"Guerini e Associati","description":"30 anni di libri, idee e libert\u00e0","publisher":{"@id":"https:\/\/www.guerini.it\/#organization"},"potentialAction":[{"@type":"SearchAction","target":{"@type":"EntryPoint","urlTemplate":"https:\/\/www.guerini.it\/?s={search_term_string}"},"query-input":{"@type":"PropertyValueSpecification","valueRequired":true,"valueName":"search_term_string"}}],"inLanguage":"it-IT"},{"@type":"Organization","@id":"https:\/\/www.guerini.it\/#organization","name":"Guerini e Associati","url":"https:\/\/www.guerini.it\/","logo":{"@type":"ImageObject","inLanguage":"it-IT","@id":"https:\/\/www.guerini.it\/#\/schema\/logo\/image\/","url":"https:\/\/www.guerini.it\/wp-content\/uploads\/2021\/03\/Logo-Guerini-OK_-e1615831292285.png","contentUrl":"https:\/\/www.guerini.it\/wp-content\/uploads\/2021\/03\/Logo-Guerini-OK_-e1615831292285.png","width":2805,"height":1870,"caption":"Guerini e Associati"},"image":{"@id":"https:\/\/www.guerini.it\/#\/schema\/logo\/image\/"}}]}},"_links":{"self":[{"href":"https:\/\/www.guerini.it\/index.php\/wp-json\/wp\/v2\/product\/22420","targetHints":{"allow":["GET"]}}],"collection":[{"href":"https:\/\/www.guerini.it\/index.php\/wp-json\/wp\/v2\/product"}],"about":[{"href":"https:\/\/www.guerini.it\/index.php\/wp-json\/wp\/v2\/types\/product"}],"wp:featuredmedia":[{"embeddable":true,"href":"https:\/\/www.guerini.it\/index.php\/wp-json\/wp\/v2\/media\/22423"}],"wp:attachment":[{"href":"https:\/\/www.guerini.it\/index.php\/wp-json\/wp\/v2\/media?parent=22420"}],"wp:term":[{"taxonomy":"product_brand","embeddable":true,"href":"https:\/\/www.guerini.it\/index.php\/wp-json\/wp\/v2\/product_brand?post=22420"},{"taxonomy":"product_cat","embeddable":true,"href":"https:\/\/www.guerini.it\/index.php\/wp-json\/wp\/v2\/product_cat?post=22420"},{"taxonomy":"product_tag","embeddable":true,"href":"https:\/\/www.guerini.it\/index.php\/wp-json\/wp\/v2\/product_tag?post=22420"}],"curies":[{"name":"wp","href":"https:\/\/api.w.org\/{rel}","templated":true}]}}