{"id":22438,"date":"2022-01-25T12:31:59","date_gmt":"2022-01-25T11:31:59","guid":{"rendered":"https:\/\/www.guerini.it\/?post_type=product&#038;p=22438"},"modified":"2024-06-09T20:25:24","modified_gmt":"2024-06-09T18:25:24","slug":"neuroscienze-e-intelligenza-emotiva","status":"publish","type":"product","link":"https:\/\/www.guerini.it\/index.php\/prodotto\/neuroscienze-e-intelligenza-emotiva\/","title":{"rendered":"Neuroscienze e intelligenza emotiva"},"content":{"rendered":"<p style=\"text-align: justify;\">Inserita tra le prime competenze richieste dal World Economic Forum, ricercata dai recruiter e incoraggiata dalle imprese, l\u2019intelligenza emotiva \u00e8 un fattore di successo molto pi\u00f9 determinante rispetto all\u2019intelligenza razionale, quella misurata dal fatidico QI.<br \/>\nChe le emozioni giochino un ruolo decisivo nei nostri processi mentali \u00e8 cosa ormai risaputa. Ma se \u00e8 noto che ciascuno di noi ha due cervelli, razionale ed emozionale, che lavorano in sintonia, il dato eclatante \u00e8 un altro: nel corso di una normale giornata, per il 90% del tempo siamo gestiti dal nostro cervello emozionale.<br \/>\nSaper governare le relazioni e i conflitti, controllare le proprie emozioni, entrare in sintonia con i colleghi, fare squadra, affrontare il cambiamento, trovare la giusta motivazione, stimolare creativit\u00e0 e innovazione, star bene con se stessi e con gli altri\u2026 In un\u2019epoca in cui i confini tra la vita e il lavoro si fanno sempre pi\u00f9 incerti, non stupisce che proprio le competenze riconducibili all\u2019intelligenza emotiva siano quelle pi\u00f9 richieste da societ\u00e0 di selezione e responsabili HR.<br \/>\nPartendo dai recenti studi nel campo delle neuroscienze, questo saggio, chiaro e ricco di esempi, offre utili suggerimenti su come \u00e8 possibile cambiare noi stessi e le organizzazioni di cui facciamo parte, attraverso un ventaglio di skill strategiche per favorire la crescita personale e professionale.<\/p>\n<p><iframe loading=\"lazy\" title=\"YouTube video player\" src=\"https:\/\/www.youtube.com\/embed\/6LETFIX1ABo\" width=\"560\" height=\"315\" frameborder=\"0\" allowfullscreen=\"allowfullscreen\"><\/iframe><\/p>\n<hr \/>\n<p style=\"text-align: justify;\"><strong>Furio Bartoli<\/strong> (Trieste, 1957), laureato in Ingegneria dei sistemi, con specializzazione in Ingegneria biomedica e master in Counseling ad indirizzo analitico-transazionale, opera da molti anni nel settore della consulenza direzionale presso aziende private ed enti della pubblica amministrazione, occupandosi in particolare di controllo strategico, sviluppo del patrimonio intangibile, analisi del valore e sviluppo delle risorse umane. Negli ultimi anni la sua attivit\u00e0 di ricerca si \u00e8 focalizzata sulla responsabilit\u00e0 sociale d\u2019impresa, lo sviluppo sostenibile e l\u2019innovazione tecnologica. \u00c8 partner e cofondatore di <a href=\"http:\/\/www.ibehuman.org\/\">iBeHuman<\/a>, societ\u00e0 di consulenza strategica per lo sviluppo di progetti di social innovation e sostenibilit\u00e0.<\/p>\n","protected":false},"excerpt":{"rendered":"<p>Inserita tra le prime competenze richieste dal World Economic Forum, ricercata dai recruiter e incoraggiata dalle imprese, l\u2019intelligenza emotiva \u00e8 un fattore di successo molto pi\u00f9 determinante rispetto all\u2019intelligenza razionale, [&hellip;]<\/p>\n","protected":false},"featured_media":22439,"template":"","meta":{"_editorskit_title_hidden":false,"_editorskit_reading_time":0,"_editorskit_is_block_options_detached":false,"_editorskit_block_options_position":"{}","_monsterinsights_skip_tracking":false,"_monsterinsights_sitenote_active":false,"_monsterinsights_sitenote_note":"","_monsterinsights_sitenote_category":0},"product_brand":[],"product_cat":[6805],"product_tag":[7802,6801,7800,6800,6817,6754,7801],"class_list":{"0":"post-22438","1":"product","2":"type-product","3":"status-publish","4":"has-post-thumbnail","6":"product_cat-guerini-next","7":"product_tag-csr","8":"product_tag-hr","9":"product_tag-intelligenza-emotiva","10":"product_tag-neuroscienze","11":"product_tag-organizzazioni","12":"product_tag-sostenibilita","13":"product_tag-workplace","14":"pa_guerini_amazon_link-https-www-amazon-it-neuroscienze-intelligenza-emotiva-cambiare-organizzazioni-dp-8868964228","15":"pa_guerini_feltrinelli_link-https-tidd-ly-3fyqkhh","16":"pa_guerini_ibs_link-https-tidd-ly-3nt48us","17":"pa_guerini_libruniver_link-https-www-libreriauniversitaria-it-neuroscienze-intelligenza-emotiva-cambiare-organizzazioni-libro-9788868964221","18":"pa_guerini_link_amazon-https-www-amazon-it-dp-b09rqfzmfd-reftmm_kin_swatch_0_encodingutf8qid1643892021sr8-3","19":"pa_guerini_link_apple_ibook-https-books-apple-com-it-book-neuroscienze-e-intelligenza-emotiva-come-cambiare-le-id1608160682","20":"pa_guerini_link_bookrepublic-https-www-bookrepublic-it-ebook-9788868964269-neuroscienze-e-intelligenza-emotiva-come-cambiare-le-organizzazioni-a-partire-dal-nostro-cervello-goware-guerini-next","21":"pa_guerini_link_giunti_punto-https-www-giuntialpunto-it-product-b09rqfzmfd-libri-neuroscienze-e-intelligenza-emotiva-come-cambiare-le-organizzazioni-partire","22":"pa_guerini_link_google_play-https-play-google-com-store-books-details-furio_bartoli_neuroscienze_e_intelligenza_emotivaidhj9ceaaaqbaj","23":"pa_guerini_link_ibs-https-www-ibs-it-neuroscienze-intelligenza-emotiva-come-cambiare-ebook-furio-bartoli-e-9788868964269","24":"pa_guerini_link_kobo-https-www-kobo-com-it-it-ebook-neuroscienze-e-intelligenza-emotiva-come-cambiare-le-organizzazioni-a-partire-dal-nostro-cervello","25":"pa_guerini_link_lafeltrinelli-https-tidd-ly-34pdxvw","26":"pa_guerini_link_mondadori-https-www-mondadoristore-it-neuroscienze-intelligenza-furio-bartoli-eai978886896426","27":"pa_guerini_mondadori_link-https-www-mondadoristore-it-neuroscienze-intelligenza-furio-bartoli-eai978886896422","29":"first","30":"instock","31":"sale","32":"shipping-taxable","33":"purchasable","34":"product-type-simple"},"yoast_head":"<!-- This site is optimized with the Yoast SEO plugin v25.4 - https:\/\/yoast.com\/wordpress\/plugins\/seo\/ -->\n<title>Neuroscienze e intelligenza emotiva - Guerini e Associati<\/title>\n<meta name=\"robots\" content=\"index, follow, max-snippet:-1, max-image-preview:large, max-video-preview:-1\" \/>\n<link rel=\"canonical\" href=\"https:\/\/www.guerini.it\/index.php\/prodotto\/neuroscienze-e-intelligenza-emotiva\/\" \/>\n<meta property=\"og:locale\" content=\"it_IT\" \/>\n<meta property=\"og:type\" content=\"article\" \/>\n<meta property=\"og:title\" content=\"Neuroscienze e intelligenza emotiva - Guerini e Associati\" \/>\n<meta property=\"og:description\" content=\"Inserita tra le prime competenze richieste dal World Economic Forum, ricercata dai recruiter e incoraggiata dalle imprese, l\u2019intelligenza emotiva \u00e8 un fattore di successo molto pi\u00f9 determinante rispetto all\u2019intelligenza razionale, [&hellip;]\" \/>\n<meta property=\"og:url\" content=\"https:\/\/www.guerini.it\/index.php\/prodotto\/neuroscienze-e-intelligenza-emotiva\/\" \/>\n<meta property=\"og:site_name\" content=\"Guerini e Associati\" \/>\n<meta property=\"article:modified_time\" content=\"2024-06-09T18:25:24+00:00\" \/>\n<meta property=\"og:image\" content=\"https:\/\/www.guerini.it\/wp-content\/uploads\/2022\/01\/Bozza-Cover-NEUROSCIENZE-E-INTELLIGENZA-EMOTIVA-scaled-e1643110227952.jpg\" \/>\n\t<meta property=\"og:image:width\" content=\"233\" \/>\n\t<meta property=\"og:image:height\" content=\"350\" \/>\n\t<meta property=\"og:image:type\" content=\"image\/jpeg\" \/>\n<meta name=\"twitter:card\" content=\"summary_large_image\" \/>\n<meta name=\"twitter:label1\" content=\"Tempo di lettura stimato\" \/>\n\t<meta name=\"twitter:data1\" content=\"2 minuti\" \/>\n<!-- \/ Yoast SEO plugin. -->","yoast_head_json":{"title":"Neuroscienze e intelligenza emotiva - Guerini e Associati","robots":{"index":"index","follow":"follow","max-snippet":"max-snippet:-1","max-image-preview":"max-image-preview:large","max-video-preview":"max-video-preview:-1"},"canonical":"https:\/\/www.guerini.it\/index.php\/prodotto\/neuroscienze-e-intelligenza-emotiva\/","og_locale":"it_IT","og_type":"article","og_title":"Neuroscienze e intelligenza emotiva - Guerini e Associati","og_description":"Inserita tra le prime competenze richieste dal World Economic Forum, ricercata dai recruiter e incoraggiata dalle imprese, l\u2019intelligenza emotiva \u00e8 un fattore di successo molto pi\u00f9 determinante rispetto all\u2019intelligenza razionale, [&hellip;]","og_url":"https:\/\/www.guerini.it\/index.php\/prodotto\/neuroscienze-e-intelligenza-emotiva\/","og_site_name":"Guerini e Associati","article_modified_time":"2024-06-09T18:25:24+00:00","og_image":[{"width":233,"height":350,"url":"https:\/\/www.guerini.it\/wp-content\/uploads\/2022\/01\/Bozza-Cover-NEUROSCIENZE-E-INTELLIGENZA-EMOTIVA-scaled-e1643110227952.jpg","type":"image\/jpeg"}],"twitter_card":"summary_large_image","twitter_misc":{"Tempo di lettura stimato":"2 minuti"},"schema":{"@context":"https:\/\/schema.org","@graph":[{"@type":"WebPage","@id":"https:\/\/www.guerini.it\/index.php\/prodotto\/neuroscienze-e-intelligenza-emotiva\/","url":"https:\/\/www.guerini.it\/index.php\/prodotto\/neuroscienze-e-intelligenza-emotiva\/","name":"Neuroscienze e intelligenza emotiva - Guerini e Associati","isPartOf":{"@id":"https:\/\/www.guerini.it\/#website"},"primaryImageOfPage":{"@id":"https:\/\/www.guerini.it\/index.php\/prodotto\/neuroscienze-e-intelligenza-emotiva\/#primaryimage"},"image":{"@id":"https:\/\/www.guerini.it\/index.php\/prodotto\/neuroscienze-e-intelligenza-emotiva\/#primaryimage"},"thumbnailUrl":"https:\/\/www.guerini.it\/wp-content\/uploads\/2022\/01\/Bozza-Cover-NEUROSCIENZE-E-INTELLIGENZA-EMOTIVA-scaled-e1643110227952.jpg","datePublished":"2022-01-25T11:31:59+00:00","dateModified":"2024-06-09T18:25:24+00:00","breadcrumb":{"@id":"https:\/\/www.guerini.it\/index.php\/prodotto\/neuroscienze-e-intelligenza-emotiva\/#breadcrumb"},"inLanguage":"it-IT","potentialAction":[{"@type":"ReadAction","target":["https:\/\/www.guerini.it\/index.php\/prodotto\/neuroscienze-e-intelligenza-emotiva\/"]}]},{"@type":"ImageObject","inLanguage":"it-IT","@id":"https:\/\/www.guerini.it\/index.php\/prodotto\/neuroscienze-e-intelligenza-emotiva\/#primaryimage","url":"https:\/\/www.guerini.it\/wp-content\/uploads\/2022\/01\/Bozza-Cover-NEUROSCIENZE-E-INTELLIGENZA-EMOTIVA-scaled-e1643110227952.jpg","contentUrl":"https:\/\/www.guerini.it\/wp-content\/uploads\/2022\/01\/Bozza-Cover-NEUROSCIENZE-E-INTELLIGENZA-EMOTIVA-scaled-e1643110227952.jpg","width":233,"height":350,"caption":"Copertina del libro Neuroscienze e intelligenza emotiva"},{"@type":"BreadcrumbList","@id":"https:\/\/www.guerini.it\/index.php\/prodotto\/neuroscienze-e-intelligenza-emotiva\/#breadcrumb","itemListElement":[{"@type":"ListItem","position":1,"name":"Home","item":"https:\/\/www.guerini.it\/"},{"@type":"ListItem","position":2,"name":"Catalogo","item":"https:\/\/www.guerini.it\/index.php\/negozio\/"},{"@type":"ListItem","position":3,"name":"Neuroscienze e intelligenza emotiva"}]},{"@type":"WebSite","@id":"https:\/\/www.guerini.it\/#website","url":"https:\/\/www.guerini.it\/","name":"Guerini e Associati","description":"30 anni di libri, idee e libert\u00e0","publisher":{"@id":"https:\/\/www.guerini.it\/#organization"},"potentialAction":[{"@type":"SearchAction","target":{"@type":"EntryPoint","urlTemplate":"https:\/\/www.guerini.it\/?s={search_term_string}"},"query-input":{"@type":"PropertyValueSpecification","valueRequired":true,"valueName":"search_term_string"}}],"inLanguage":"it-IT"},{"@type":"Organization","@id":"https:\/\/www.guerini.it\/#organization","name":"Guerini e Associati","url":"https:\/\/www.guerini.it\/","logo":{"@type":"ImageObject","inLanguage":"it-IT","@id":"https:\/\/www.guerini.it\/#\/schema\/logo\/image\/","url":"https:\/\/www.guerini.it\/wp-content\/uploads\/2021\/03\/Logo-Guerini-OK_-e1615831292285.png","contentUrl":"https:\/\/www.guerini.it\/wp-content\/uploads\/2021\/03\/Logo-Guerini-OK_-e1615831292285.png","width":2805,"height":1870,"caption":"Guerini e Associati"},"image":{"@id":"https:\/\/www.guerini.it\/#\/schema\/logo\/image\/"}}]}},"_links":{"self":[{"href":"https:\/\/www.guerini.it\/index.php\/wp-json\/wp\/v2\/product\/22438","targetHints":{"allow":["GET"]}}],"collection":[{"href":"https:\/\/www.guerini.it\/index.php\/wp-json\/wp\/v2\/product"}],"about":[{"href":"https:\/\/www.guerini.it\/index.php\/wp-json\/wp\/v2\/types\/product"}],"wp:featuredmedia":[{"embeddable":true,"href":"https:\/\/www.guerini.it\/index.php\/wp-json\/wp\/v2\/media\/22439"}],"wp:attachment":[{"href":"https:\/\/www.guerini.it\/index.php\/wp-json\/wp\/v2\/media?parent=22438"}],"wp:term":[{"taxonomy":"product_brand","embeddable":true,"href":"https:\/\/www.guerini.it\/index.php\/wp-json\/wp\/v2\/product_brand?post=22438"},{"taxonomy":"product_cat","embeddable":true,"href":"https:\/\/www.guerini.it\/index.php\/wp-json\/wp\/v2\/product_cat?post=22438"},{"taxonomy":"product_tag","embeddable":true,"href":"https:\/\/www.guerini.it\/index.php\/wp-json\/wp\/v2\/product_tag?post=22438"}],"curies":[{"name":"wp","href":"https:\/\/api.w.org\/{rel}","templated":true}]}}

<p style="text-align: justify;">Inserita tra le prime competenze richieste dal World Economic Forum, ricercata dai recruiter e incoraggiata dalle imprese, l’intelligenza emotiva è un fattore di successo molto più determinante rispetto all’intelligenza razionale, quella misurata dal fatidico QI.<br />
Che le emozioni giochino un ruolo decisivo nei nostri processi mentali è cosa ormai risaputa. Ma se è noto che ciascuno di noi ha due cervelli, razionale ed emozionale, che lavorano in sintonia, il dato eclatante è un altro: nel corso di una normale giornata, per il 90% del tempo siamo gestiti dal nostro cervello emozionale.<br />
Saper governare le relazioni e i conflitti, controllare le proprie emozioni, entrare in sintonia con i colleghi, fare squadra, affrontare il cambiamento, trovare la giusta motivazione, stimolare creatività e innovazione, star bene con se stessi e con gli altri… In un’epoca in cui i confini tra la vita e il lavoro si fanno sempre più incerti, non stupisce che proprio le competenze riconducibili all’intelligenza emotiva siano quelle più richieste da società di selezione e responsabili HR.<br />
Partendo dai recenti studi nel campo delle neuroscienze, questo saggio, chiaro e ricco di esempi, offre utili suggerimenti su come è possibile cambiare noi stessi e le organizzazioni di cui facciamo parte, attraverso un ventaglio di skill strategiche per favorire la crescita personale e professionale.</p>
<p><iframe loading="lazy" title="YouTube video player" src="https://www.youtube.com/embed/6LETFIX1ABo" width="560" height="315" frameborder="0" allowfullscreen="allowfullscreen"></iframe></p>
<hr />
<p style="text-align: justify;"><strong>Furio Bartoli</strong> (Trieste, 1957), laureato in Ingegneria dei sistemi, con specializzazione in Ingegneria biomedica e master in Counseling ad indirizzo analitico-transazionale, opera da molti anni nel settore della consulenza direzionale presso aziende private ed enti della pubblica amministrazione, occupandosi in particolare di controllo strategico, sviluppo del patrimonio intangibile, analisi del valore e sviluppo delle risorse umane. Negli ultimi anni la sua attività di ricerca si è focalizzata sulla responsabilità sociale d’impresa, lo sviluppo sostenibile e l’innovazione tecnologica. È partner e cofondatore di <a href="http://www.ibehuman.org/">iBeHuman</a>, società di consulenza strategica per lo sviluppo di progetti di social innovation e sostenibilità.</p>

<p>Inserita tra le prime competenze richieste dal World Economic Forum, ricercata dai recruiter e incoraggiata dalle imprese, l’intelligenza emotiva è un fattore di successo molto più determinante rispetto all’intelligenza razionale, [&hellip;]</p>

<!-- This site is optimized with the Yoast SEO plugin v25.4 - https://yoast.com/wordpress/plugins/seo/ -->
<title>Neuroscienze e intelligenza emotiva - Guerini e Associati</title>
<meta name="robots" content="index, follow, max-snippet:-1, max-image-preview:large, max-video-preview:-1" />
<link rel="canonical" href="https://www.guerini.it/index.php/prodotto/neuroscienze-e-intelligenza-emotiva/" />
<meta property="og:locale" content="it_IT" />
<meta property="og:type" content="article" />
<meta property="og:title" content="Neuroscienze e intelligenza emotiva - Guerini e Associati" />
<meta property="og:description" content="Inserita tra le prime competenze richieste dal World Economic Forum, ricercata dai recruiter e incoraggiata dalle imprese, l’intelligenza emotiva è un fattore di successo molto più determinante rispetto all’intelligenza razionale, [&hellip;]" />
<meta property="og:url" content="https://www.guerini.it/index.php/prodotto/neuroscienze-e-intelligenza-emotiva/" />
<meta property="og:site_name" content="Guerini e Associati" />
<meta property="article:modified_time" content="2024-06-09T18:25:24+00:00" />
<meta property="og:image" content="https://www.guerini.it/wp-content/uploads/2022/01/Bozza-Cover-NEUROSCIENZE-E-INTELLIGENZA-EMOTIVA-scaled-e1643110227952.jpg" />
	<meta property="og:image:width" content="233" />
	<meta property="og:image:height" content="350" />
	<meta property="og:image:type" content="image/jpeg" />
<meta name="twitter:card" content="summary_large_image" />
<meta name="twitter:label1" content="Tempo di lettura stimato" />
	<meta name="twitter:data1" content="2 minuti" />
<!-- / Yoast SEO plugin. -->

Inserita tra le prime competenze richieste dal World Economic Forum, ricercata dai recruiter e incoraggiata dalle imprese, l’intelligenza emotiva è un fattore di successo molto più determinante rispetto all’intelligenza razionale, [&hellip;]

30 anni di libri, idee e libertà
