{"id":22501,"date":"2022-02-24T10:51:40","date_gmt":"2022-02-24T09:51:40","guid":{"rendered":"https:\/\/www.guerini.it\/?post_type=product&#038;p=22501"},"modified":"2024-06-09T20:25:26","modified_gmt":"2024-06-09T18:25:26","slug":"perche-non-basta-dirsi-democratici","status":"publish","type":"product","link":"https:\/\/www.guerini.it\/index.php\/prodotto\/perche-non-basta-dirsi-democratici\/","title":{"rendered":"Perch\u00e9 non basta dirsi democratici"},"content":{"rendered":"<p style=\"text-align: jusitify;\">\u00abPoco importa se le generazioni future chiameranno questa narrazione \u201csocialismo\u201d. Quello che oggi conta \u00e8 che chi si sente erede di quella tradizione, sia esso socialista, comunista, democratico di sinistra o genericamente progressista, sappia riallacciare il discorso tra passato, presente e futuro. Quello che ho scritto non \u00e8 la verit\u00e0. \u00c8 il mio lascito di speranza, la mia elaborazione del lutto, il mio testamento\u00bb.<\/p>\n<p style=\"text-align: jusitify;\">Ha ancora un senso oggi parlare di socialismo? No, se lo si ritiene un\u2019esperienza politica oramai esaurita storicamente, appartenente a un altro secolo. Ma il socialismo \u00e8 prima di tutto una forma di pensiero, una chiave di interpretazione della realt\u00e0 e della societ\u00e0 di cui abbiamo urgente bisogno per non essere schiacciati dalle logiche del capitalismo, della globalizzazione e della digitalizzazione tecnologica.<br \/>\nE in questi tempi incerti il tema della giustizia sociale sta travalicando i confini dentro cui \u00e8 sempre stato collocato; ora che le sorti della natura e degli umani sono intrecciate insieme in un unico destino, \u00e8 necessario aggiornare le definizioni e iniziare a parlare semmai di \u00abecosocialismo\u00bb.<br \/>\nIn quello che pu\u00f2 essere considerato il suo testamento spirituale e il compendio dei \u00abfondamentali\u00bb per una sinistra all\u2019altezza del nostro tempo, Achille Occhetto mostra come gli ideali in parte realizzati dal socialismo democratico e affossati con il crollo del socialismo reale mantengano ancora un loro valore ispiratore. Perch\u00e9, se in una democrazia la libert\u00e0 non coincide con l\u2019uguaglianza di tutti gli esseri umani, allora non basta pi\u00f9 dirsi democratici.<\/p>\n<hr \/>\n<p style=\"text-align: justify;\"><strong>ACHILLE OCCHETTO<\/strong> (Torino, 1936) \u00e8 stato l\u2019ultimo segretario del Partito comunista italiano e, con la cosiddetta \u00absvolta della Bolognina\u00bb, ha fondato il Partito democratico della sinistra. Tra i suoi libri ricordiamo <em>Governare il mondo. La nuova era della politica internazionale<\/em> (1998), <em>Potere e antipotere<\/em> (2006), <em>La gioiosa macchina da guerra. Veleni, sogni e speranze della sinistra<\/em> (2013), <em>L\u2019Utopia del possibile<\/em> (2016), <em>Pensieri di un ottuagenario. Alla ricerca della libert\u00e0 nell\u2019uomo<\/em> (2016), <em>La lunga eclissi. Passato e presente della sinistra<\/em> (2018) e <em>Una forma di futuro. Tesi e malintesi sul mondo che verr\u00e0<\/em> (2020).<\/p>\n","protected":false},"excerpt":{"rendered":"<p>\u00abPoco importa se le generazioni future chiameranno questa narrazione \u201csocialismo\u201d. Quello che oggi conta \u00e8 che chi si sente erede di quella tradizione, sia esso socialista, comunista, democratico di sinistra [&hellip;]<\/p>\n","protected":false},"featured_media":22502,"template":"","meta":{"_editorskit_title_hidden":false,"_editorskit_reading_time":0,"_editorskit_is_block_options_detached":false,"_editorskit_block_options_position":"{}","_monsterinsights_skip_tracking":false,"_monsterinsights_sitenote_active":false,"_monsterinsights_sitenote_note":"","_monsterinsights_sitenote_category":0},"product_brand":[],"product_cat":[6585],"product_tag":[],"class_list":{"0":"post-22501","1":"product","2":"type-product","3":"status-publish","4":"has-post-thumbnail","6":"product_cat-sma","7":"pa_guerini_amazon_link-https-www-amazon-it-perch-democratici-ecosocialismo-giustizia-sociale-dp-886250845x","8":"pa_guerini_feltrinelli_link-https-tidd-ly-3iheyab","9":"pa_guerini_ibs_link-https-tidd-ly-3iheyab","10":"pa_guerini_libruniver_link-https-www-libreriauniversitaria-it-perche-non-basta-dirsi-democratici-libro-9788862508452","11":"pa_guerini_link_amazon-https-www-amazon-it-perch-democratici-ecosocialismo-giustizia-sociale-ebook-dp-b09v6vfrlw","12":"pa_guerini_link_apple_ibook-https-books-apple-com-it-book-perch-non-basta-dirsi-democratici-ecosocialismo-e-id1613503080","13":"pa_guerini_link_bookrepublic-https-www-bookrepublic-it-ebook-9788881954520-perche-non-basta-dirsi-democratici-ecosocialismo-e-giustizia-sociale-goware-e-edizioni-angelo-guerini-e-associati","14":"pa_guerini_link_giunti_punto-https-www-giuntialpunto-it-product-b09v6vfrlw-libri-perch-non-basta-dirsi-democratici-ecosocialismo-e-giustizia-sociale-achille","15":"pa_guerini_link_google_play-https-play-google-com-store-books-details-achille_occhetto_perch_non_basta_dirsi_democraticid7v1jeaaaqbaj","16":"pa_guerini_link_ibs-https-www-ibs-it-perche-non-basta-dirsi-democratici-ebook-achille-occhetto-e-9788881954520","17":"pa_guerini_link_kobo-https-www-kobo-com-it-it-ebook-perche-non-basta-dirsi-democratici-ecosocialismo-e-giustizia-sociale-1","18":"pa_guerini_link_lafeltrinelli-https-www-lafeltrinelli-it-perche-non-basta-dirsi-democratici-ebook-achille-occhetto-e-9788881954520","19":"pa_guerini_link_mondadori-https-www-mondadoristore-it-perche-non-basta-dirsi-achille-occhetto-eai978888195452","20":"pa_guerini_mondadori_link-https-www-mondadoristore-it-perche-non-basta-dirsi-achille-occhetto-eai978886250845","22":"first","23":"instock","24":"sale","25":"shipping-taxable","26":"purchasable","27":"product-type-simple"},"yoast_head":"<!-- This site is optimized with the Yoast SEO plugin v25.4 - https:\/\/yoast.com\/wordpress\/plugins\/seo\/ -->\n<title>A. Occhetto, Perch\u00e9 non basta dirsi democratici | Guerini Editore<\/title>\n<meta name=\"description\" content=\"Ha ancora un senso oggi parlare di socialismo? Achille Occhetto spiega la sua idea di sinistra, e perch\u00e9 si dovrebbe parlare di &quot;ecosocialismo&quot;\" \/>\n<meta name=\"robots\" content=\"index, follow, max-snippet:-1, max-image-preview:large, max-video-preview:-1\" \/>\n<link rel=\"canonical\" href=\"https:\/\/www.guerini.it\/index.php\/prodotto\/perche-non-basta-dirsi-democratici\/\" \/>\n<meta property=\"og:locale\" content=\"it_IT\" \/>\n<meta property=\"og:type\" content=\"article\" \/>\n<meta property=\"og:title\" content=\"A. Occhetto, Perch\u00e9 non basta dirsi democratici | Guerini Editore\" \/>\n<meta property=\"og:description\" content=\"Ha ancora un senso oggi parlare di socialismo? Achille Occhetto spiega la sua idea di sinistra, e perch\u00e9 si dovrebbe parlare di &quot;ecosocialismo&quot;\" \/>\n<meta property=\"og:url\" content=\"https:\/\/www.guerini.it\/index.php\/prodotto\/perche-non-basta-dirsi-democratici\/\" \/>\n<meta property=\"og:site_name\" content=\"Guerini e Associati\" \/>\n<meta property=\"article:modified_time\" content=\"2024-06-09T18:25:26+00:00\" \/>\n<meta property=\"og:image\" content=\"https:\/\/www.guerini.it\/wp-content\/uploads\/2022\/02\/FRONT-Cover-PERCHE\u0301-NON-BASTA-DIRSI-DEMOCRATICI-scaled-e1645696273403.jpg\" \/>\n\t<meta property=\"og:image:width\" content=\"233\" \/>\n\t<meta property=\"og:image:height\" content=\"350\" \/>\n\t<meta property=\"og:image:type\" content=\"image\/jpeg\" \/>\n<meta name=\"twitter:card\" content=\"summary_large_image\" \/>\n<meta name=\"twitter:label1\" content=\"Tempo di lettura stimato\" \/>\n\t<meta name=\"twitter:data1\" content=\"2 minuti\" \/>\n<!-- \/ Yoast SEO plugin. -->","yoast_head_json":{"title":"A. Occhetto, Perch\u00e9 non basta dirsi democratici | Guerini Editore","description":"Ha ancora un senso oggi parlare di socialismo? Achille Occhetto spiega la sua idea di sinistra, e perch\u00e9 si dovrebbe parlare di \"ecosocialismo\"","robots":{"index":"index","follow":"follow","max-snippet":"max-snippet:-1","max-image-preview":"max-image-preview:large","max-video-preview":"max-video-preview:-1"},"canonical":"https:\/\/www.guerini.it\/index.php\/prodotto\/perche-non-basta-dirsi-democratici\/","og_locale":"it_IT","og_type":"article","og_title":"A. Occhetto, Perch\u00e9 non basta dirsi democratici | Guerini Editore","og_description":"Ha ancora un senso oggi parlare di socialismo? Achille Occhetto spiega la sua idea di sinistra, e perch\u00e9 si dovrebbe parlare di \"ecosocialismo\"","og_url":"https:\/\/www.guerini.it\/index.php\/prodotto\/perche-non-basta-dirsi-democratici\/","og_site_name":"Guerini e Associati","article_modified_time":"2024-06-09T18:25:26+00:00","og_image":[{"width":233,"height":350,"url":"https:\/\/www.guerini.it\/wp-content\/uploads\/2022\/02\/FRONT-Cover-PERCHE\u0301-NON-BASTA-DIRSI-DEMOCRATICI-scaled-e1645696273403.jpg","type":"image\/jpeg"}],"twitter_card":"summary_large_image","twitter_misc":{"Tempo di lettura stimato":"2 minuti"},"schema":{"@context":"https:\/\/schema.org","@graph":[{"@type":"WebPage","@id":"https:\/\/www.guerini.it\/index.php\/prodotto\/perche-non-basta-dirsi-democratici\/","url":"https:\/\/www.guerini.it\/index.php\/prodotto\/perche-non-basta-dirsi-democratici\/","name":"A. Occhetto, Perch\u00e9 non basta dirsi democratici | Guerini Editore","isPartOf":{"@id":"https:\/\/www.guerini.it\/#website"},"primaryImageOfPage":{"@id":"https:\/\/www.guerini.it\/index.php\/prodotto\/perche-non-basta-dirsi-democratici\/#primaryimage"},"image":{"@id":"https:\/\/www.guerini.it\/index.php\/prodotto\/perche-non-basta-dirsi-democratici\/#primaryimage"},"thumbnailUrl":"https:\/\/www.guerini.it\/wp-content\/uploads\/2022\/02\/FRONT-Cover-PERCHE\u0301-NON-BASTA-DIRSI-DEMOCRATICI-scaled-e1645696273403.jpg","datePublished":"2022-02-24T09:51:40+00:00","dateModified":"2024-06-09T18:25:26+00:00","description":"Ha ancora un senso oggi parlare di socialismo? Achille Occhetto spiega la sua idea di sinistra, e perch\u00e9 si dovrebbe parlare di \"ecosocialismo\"","breadcrumb":{"@id":"https:\/\/www.guerini.it\/index.php\/prodotto\/perche-non-basta-dirsi-democratici\/#breadcrumb"},"inLanguage":"it-IT","potentialAction":[{"@type":"ReadAction","target":["https:\/\/www.guerini.it\/index.php\/prodotto\/perche-non-basta-dirsi-democratici\/"]}]},{"@type":"ImageObject","inLanguage":"it-IT","@id":"https:\/\/www.guerini.it\/index.php\/prodotto\/perche-non-basta-dirsi-democratici\/#primaryimage","url":"https:\/\/www.guerini.it\/wp-content\/uploads\/2022\/02\/FRONT-Cover-PERCHE\u0301-NON-BASTA-DIRSI-DEMOCRATICI-scaled-e1645696273403.jpg","contentUrl":"https:\/\/www.guerini.it\/wp-content\/uploads\/2022\/02\/FRONT-Cover-PERCHE\u0301-NON-BASTA-DIRSI-DEMOCRATICI-scaled-e1645696273403.jpg","width":233,"height":350,"caption":"FRONT Cover PERCHE\u0301 NON BASTA DIRSI DEMOCRATICI"},{"@type":"BreadcrumbList","@id":"https:\/\/www.guerini.it\/index.php\/prodotto\/perche-non-basta-dirsi-democratici\/#breadcrumb","itemListElement":[{"@type":"ListItem","position":1,"name":"Home","item":"https:\/\/www.guerini.it\/"},{"@type":"ListItem","position":2,"name":"Catalogo","item":"https:\/\/www.guerini.it\/index.php\/negozio\/"},{"@type":"ListItem","position":3,"name":"Perch\u00e9 non basta dirsi democratici"}]},{"@type":"WebSite","@id":"https:\/\/www.guerini.it\/#website","url":"https:\/\/www.guerini.it\/","name":"Guerini e Associati","description":"30 anni di libri, idee e libert\u00e0","publisher":{"@id":"https:\/\/www.guerini.it\/#organization"},"potentialAction":[{"@type":"SearchAction","target":{"@type":"EntryPoint","urlTemplate":"https:\/\/www.guerini.it\/?s={search_term_string}"},"query-input":{"@type":"PropertyValueSpecification","valueRequired":true,"valueName":"search_term_string"}}],"inLanguage":"it-IT"},{"@type":"Organization","@id":"https:\/\/www.guerini.it\/#organization","name":"Guerini e Associati","url":"https:\/\/www.guerini.it\/","logo":{"@type":"ImageObject","inLanguage":"it-IT","@id":"https:\/\/www.guerini.it\/#\/schema\/logo\/image\/","url":"https:\/\/www.guerini.it\/wp-content\/uploads\/2021\/03\/Logo-Guerini-OK_-e1615831292285.png","contentUrl":"https:\/\/www.guerini.it\/wp-content\/uploads\/2021\/03\/Logo-Guerini-OK_-e1615831292285.png","width":2805,"height":1870,"caption":"Guerini e Associati"},"image":{"@id":"https:\/\/www.guerini.it\/#\/schema\/logo\/image\/"}}]}},"_links":{"self":[{"href":"https:\/\/www.guerini.it\/index.php\/wp-json\/wp\/v2\/product\/22501","targetHints":{"allow":["GET"]}}],"collection":[{"href":"https:\/\/www.guerini.it\/index.php\/wp-json\/wp\/v2\/product"}],"about":[{"href":"https:\/\/www.guerini.it\/index.php\/wp-json\/wp\/v2\/types\/product"}],"wp:featuredmedia":[{"embeddable":true,"href":"https:\/\/www.guerini.it\/index.php\/wp-json\/wp\/v2\/media\/22502"}],"wp:attachment":[{"href":"https:\/\/www.guerini.it\/index.php\/wp-json\/wp\/v2\/media?parent=22501"}],"wp:term":[{"taxonomy":"product_brand","embeddable":true,"href":"https:\/\/www.guerini.it\/index.php\/wp-json\/wp\/v2\/product_brand?post=22501"},{"taxonomy":"product_cat","embeddable":true,"href":"https:\/\/www.guerini.it\/index.php\/wp-json\/wp\/v2\/product_cat?post=22501"},{"taxonomy":"product_tag","embeddable":true,"href":"https:\/\/www.guerini.it\/index.php\/wp-json\/wp\/v2\/product_tag?post=22501"}],"curies":[{"name":"wp","href":"https:\/\/api.w.org\/{rel}","templated":true}]}}

Perché non basta dirsi democratici

<p style="text-align: jusitify;">«Poco importa se le generazioni future chiameranno questa narrazione “socialismo”. Quello che oggi conta è che chi si sente erede di quella tradizione, sia esso socialista, comunista, democratico di sinistra o genericamente progressista, sappia riallacciare il discorso tra passato, presente e futuro. Quello che ho scritto non è la verità. È il mio lascito di speranza, la mia elaborazione del lutto, il mio testamento».</p>
<p style="text-align: jusitify;">Ha ancora un senso oggi parlare di socialismo? No, se lo si ritiene un’esperienza politica oramai esaurita storicamente, appartenente a un altro secolo. Ma il socialismo è prima di tutto una forma di pensiero, una chiave di interpretazione della realtà e della società di cui abbiamo urgente bisogno per non essere schiacciati dalle logiche del capitalismo, della globalizzazione e della digitalizzazione tecnologica.<br />
E in questi tempi incerti il tema della giustizia sociale sta travalicando i confini dentro cui è sempre stato collocato; ora che le sorti della natura e degli umani sono intrecciate insieme in un unico destino, è necessario aggiornare le definizioni e iniziare a parlare semmai di «ecosocialismo».<br />
In quello che può essere considerato il suo testamento spirituale e il compendio dei «fondamentali» per una sinistra all’altezza del nostro tempo, Achille Occhetto mostra come gli ideali in parte realizzati dal socialismo democratico e affossati con il crollo del socialismo reale mantengano ancora un loro valore ispiratore. Perché, se in una democrazia la libertà non coincide con l’uguaglianza di tutti gli esseri umani, allora non basta più dirsi democratici.</p>
<hr />
<p style="text-align: justify;"><strong>ACHILLE OCCHETTO</strong> (Torino, 1936) è stato l’ultimo segretario del Partito comunista italiano e, con la cosiddetta «svolta della Bolognina», ha fondato il Partito democratico della sinistra. Tra i suoi libri ricordiamo <em>Governare il mondo. La nuova era della politica internazionale</em> (1998), <em>Potere e antipotere</em> (2006), <em>La gioiosa macchina da guerra. Veleni, sogni e speranze della sinistra</em> (2013), <em>L’Utopia del possibile</em> (2016), <em>Pensieri di un ottuagenario. Alla ricerca della libertà nell’uomo</em> (2016), <em>La lunga eclissi. Passato e presente della sinistra</em> (2018) e <em>Una forma di futuro. Tesi e malintesi sul mondo che verrà</em> (2020).</p>

<p>«Poco importa se le generazioni future chiameranno questa narrazione “socialismo”. Quello che oggi conta è che chi si sente erede di quella tradizione, sia esso socialista, comunista, democratico di sinistra [&hellip;]</p>

<!-- This site is optimized with the Yoast SEO plugin v25.4 - https://yoast.com/wordpress/plugins/seo/ -->
<title>A. Occhetto, Perché non basta dirsi democratici | Guerini Editore</title>
<meta name="description" content="Ha ancora un senso oggi parlare di socialismo? Achille Occhetto spiega la sua idea di sinistra, e perché si dovrebbe parlare di &quot;ecosocialismo&quot;" />
<meta name="robots" content="index, follow, max-snippet:-1, max-image-preview:large, max-video-preview:-1" />
<link rel="canonical" href="https://www.guerini.it/index.php/prodotto/perche-non-basta-dirsi-democratici/" />
<meta property="og:locale" content="it_IT" />
<meta property="og:type" content="article" />
<meta property="og:title" content="A. Occhetto, Perché non basta dirsi democratici | Guerini Editore" />
<meta property="og:description" content="Ha ancora un senso oggi parlare di socialismo? Achille Occhetto spiega la sua idea di sinistra, e perché si dovrebbe parlare di &quot;ecosocialismo&quot;" />
<meta property="og:url" content="https://www.guerini.it/index.php/prodotto/perche-non-basta-dirsi-democratici/" />
<meta property="og:site_name" content="Guerini e Associati" />
<meta property="article:modified_time" content="2024-06-09T18:25:26+00:00" />
<meta property="og:image" content="https://www.guerini.it/wp-content/uploads/2022/02/FRONT-Cover-PERCHÉ-NON-BASTA-DIRSI-DEMOCRATICI-scaled-e1645696273403.jpg" />
	<meta property="og:image:width" content="233" />
	<meta property="og:image:height" content="350" />
	<meta property="og:image:type" content="image/jpeg" />
<meta name="twitter:card" content="summary_large_image" />
<meta name="twitter:label1" content="Tempo di lettura stimato" />
	<meta name="twitter:data1" content="2 minuti" />
<!-- / Yoast SEO plugin. -->

A. Occhetto, Perché non basta dirsi democratici | Guerini Editore

Ha ancora un senso oggi parlare di socialismo? Achille Occhetto spiega la sua idea di sinistra, e perché si dovrebbe parlare di "ecosocialismo"

30 anni di libri, idee e libertà
