{"id":22516,"date":"2022-03-08T14:28:58","date_gmt":"2022-03-08T13:28:58","guid":{"rendered":"https:\/\/www.guerini.it\/?post_type=product&#038;p=22516"},"modified":"2024-06-09T20:25:27","modified_gmt":"2024-06-09T18:25:27","slug":"immuni-alla-verita","status":"publish","type":"product","link":"https:\/\/www.guerini.it\/index.php\/prodotto\/immuni-alla-verita\/","title":{"rendered":"Immuni alla verit\u00e0"},"content":{"rendered":"<p style=\"text-align: center;\"><em>\u00abLa verit\u00e0 a cui siamo ancora immuni \u00e8 quella che gran parte della classe politica tace, attirata da temi pi\u00f9 premianti nel consenso, divenendo corresponsabile di una grave imprudenza: lasciare che a decidere delle nostre vite siano i grandi capitani d\u2019industria del digitale\u00bb.<\/em><\/p>\n<p style=\"text-align: justify;\">Cosa hanno in comune metaverso, telemedicina e Green Pass? E mentre l\u2019Intelligenza Artificiale diventa sempre pi\u00f9 pervasiva, nella quotidianit\u00e0 come negli spazi politici, perch\u00e9 il dibattito pubblico non segue il passo? Qual \u00e8 il costo sociale di questa corsa all\u2019innovazione? Se tra democrazia e tecnologia la partita non \u00e8 pi\u00f9 alla pari, la posta in gioco rischia di diventare la vita dei cittadini.<br \/>\nL\u2019era della cyberpolitica \u00e8 gi\u00e0 iniziata, questa \u00e8 la verit\u00e0 a cui siamo immuni: dalle smart city agli investimenti di Google, Facebook e Amazon nel settore sanitario \u00e8 in atto un\u2019espansione tentacolare delle multinazionali della sorveglianza.<br \/>\nCon un linguaggio semplice ma ponderato, e alcune interviste a addetti ai lavori, questo libro svela i nodi da sciogliere nei rapporti tra innovazione digitale e sanit\u00e0, lavoro, scuola e politica e riflette su quali siano gli spazi da rendere inviolabili nella nuova democrazia digitale. E perch\u00e9 chiamare cittadini e governanti alla responsabilit\u00e0.<\/p>\n<hr \/>\n<p style=\"text-align: justify;\"><strong>NICOLETTA F. PRANDI<\/strong> \u00e8 giornalista specializzata nella divulgazione scientifica e politica dei temi legati all\u2019innovazione e all\u2019Intelligenza Artificiale. Ha contribuito a fondare il Centro di Competenze sulla Sicurezza Urbana (CCSU). \u00c8 stata membro del gruppo di lavoro allargato PdR UNI 48:2018, la prima prassi di riferimento in Italia volta a promuovere maggiori competenze nell\u2019ambito della pubblica amministrazione nei processi di acquisto di tecnologie per la gestione della sicurezza urbana. Conduce il talk politico <em>Pane al Pane<\/em> su Radio Lombardia ed \u00e8 Direttore Responsabile del sito web <em>Nuova Sicurezza<\/em>.<\/p>\n","protected":false},"excerpt":{"rendered":"<p>\u00abLa verit\u00e0 a cui siamo ancora immuni \u00e8 quella che gran parte della classe politica tace, attirata da temi pi\u00f9 premianti nel consenso, divenendo corresponsabile di una grave imprudenza: lasciare [&hellip;]<\/p>\n","protected":false},"featured_media":22517,"template":"","meta":{"_editorskit_title_hidden":false,"_editorskit_reading_time":0,"_editorskit_is_block_options_detached":false,"_editorskit_block_options_position":"{}","_monsterinsights_skip_tracking":false,"_monsterinsights_sitenote_active":false,"_monsterinsights_sitenote_note":"","_monsterinsights_sitenote_category":0},"product_brand":[],"product_cat":[6585],"product_tag":[7950,7949,7952,7951],"class_list":{"0":"post-22516","1":"product","2":"type-product","3":"status-publish","4":"has-post-thumbnail","6":"product_cat-sma","7":"product_tag-cyberpolitica","8":"product_tag-digitale","9":"product_tag-divulgazione","10":"product_tag-metaverso","11":"pa_guerini_amazon_link-https-www-amazon-it-immuni-verit-quello-dobbiamo-digitale-dp-8862508468","12":"pa_guerini_feltrinelli_link-https-www-lafeltrinelli-it-immuni-alla-verita-quello-che-libro-nicoletta-f-prandi-e-9788862508469","13":"pa_guerini_ibs_link-https-www-ibs-it-immuni-alla-verita-quello-che-libro-nicoletta-f-prandi-e-9788862508469","14":"pa_guerini_libruniver_link-https-www-libreriauniversitaria-it-immuni-verita-quello-non-dobbiamo-libro-9788862508469","15":"pa_guerini_link_amazon-https-www-amazon-it-immuni-verit-quello-dobbiamo-digitale-ebook-dp-b09v45lmy3","16":"pa_guerini_link_apple_ibook-https-books-apple-com-it-book-immuni-alla-verit-quello-che-non-dobbiamo-sapere-sul-id1613805306","17":"pa_guerini_link_bookrepublic-https-www-bookrepublic-it-ebook-9788881954544-immuni-alla-verita-quello-che-non-dobbiamo-sapere-sul-potere-digitale-goware-e-edizioni-angelo-guerini-e-associati","18":"pa_guerini_link_giunti_punto-https-www-giuntialpunto-it-product-b09v45lmy3-libri-immuni-alla-verit-quello-che-non-dobbiamo-sapere-sul-potere-digitale","19":"pa_guerini_link_google_play-https-play-google-com-store-books-details-nicoletta_prandi_immuni_alla_verit_quello_che_nonidj6fjeaaaqbaj","20":"pa_guerini_link_ibs-https-www-ibs-it-immuni-alla-verita-quello-che-ebook-nicoletta-f-prandi-e-9788881954544","21":"pa_guerini_link_kobo-https-www-kobo-com-it-it-ebook-immuni-alla-verita-quello-che-non-dobbiamo-sapere-sul-potere-digitale","22":"pa_guerini_link_lafeltrinelli-https-www-lafeltrinelli-it-immuni-alla-verita-quello-che-ebook-nicoletta-f-prandi-e-9788881954544","23":"pa_guerini_link_mondadori-https-www-mondadoristore-it-immuni-verita-quello-che-nicoletta-prandi-eai978888195454","24":"pa_guerini_mondadori_link-https-www-mondadoristore-it-immuni-verita-quello-che-nicoletta-f-prandi-eai978886250846","26":"first","27":"instock","28":"sale","29":"shipping-taxable","30":"purchasable","31":"product-type-simple"},"yoast_head":"<!-- This site is optimized with the Yoast SEO plugin v25.4 - https:\/\/yoast.com\/wordpress\/plugins\/seo\/ -->\n<title>Immuni alla verit\u00e0 - Guerini e Associati<\/title>\n<meta name=\"robots\" content=\"index, follow, max-snippet:-1, max-image-preview:large, max-video-preview:-1\" \/>\n<link rel=\"canonical\" href=\"https:\/\/www.guerini.it\/index.php\/prodotto\/immuni-alla-verita\/\" \/>\n<meta property=\"og:locale\" content=\"it_IT\" \/>\n<meta property=\"og:type\" content=\"article\" \/>\n<meta property=\"og:title\" content=\"Immuni alla verit\u00e0 - Guerini e Associati\" \/>\n<meta property=\"og:description\" content=\"\u00abLa verit\u00e0 a cui siamo ancora immuni \u00e8 quella che gran parte della classe politica tace, attirata da temi pi\u00f9 premianti nel consenso, divenendo corresponsabile di una grave imprudenza: lasciare [&hellip;]\" \/>\n<meta property=\"og:url\" content=\"https:\/\/www.guerini.it\/index.php\/prodotto\/immuni-alla-verita\/\" \/>\n<meta property=\"og:site_name\" content=\"Guerini e Associati\" \/>\n<meta property=\"article:modified_time\" content=\"2024-06-09T18:25:27+00:00\" \/>\n<meta property=\"og:image\" content=\"https:\/\/www.guerini.it\/wp-content\/uploads\/2022\/03\/9788862508469-e1646740644557.jpg\" \/>\n\t<meta property=\"og:image:width\" content=\"233\" \/>\n\t<meta property=\"og:image:height\" content=\"350\" \/>\n\t<meta property=\"og:image:type\" content=\"image\/jpeg\" \/>\n<meta name=\"twitter:card\" content=\"summary_large_image\" \/>\n<meta name=\"twitter:label1\" content=\"Tempo di lettura stimato\" \/>\n\t<meta name=\"twitter:data1\" content=\"2 minuti\" \/>\n<!-- \/ Yoast SEO plugin. -->","yoast_head_json":{"title":"Immuni alla verit\u00e0 - Guerini e Associati","robots":{"index":"index","follow":"follow","max-snippet":"max-snippet:-1","max-image-preview":"max-image-preview:large","max-video-preview":"max-video-preview:-1"},"canonical":"https:\/\/www.guerini.it\/index.php\/prodotto\/immuni-alla-verita\/","og_locale":"it_IT","og_type":"article","og_title":"Immuni alla verit\u00e0 - Guerini e Associati","og_description":"\u00abLa verit\u00e0 a cui siamo ancora immuni \u00e8 quella che gran parte della classe politica tace, attirata da temi pi\u00f9 premianti nel consenso, divenendo corresponsabile di una grave imprudenza: lasciare [&hellip;]","og_url":"https:\/\/www.guerini.it\/index.php\/prodotto\/immuni-alla-verita\/","og_site_name":"Guerini e Associati","article_modified_time":"2024-06-09T18:25:27+00:00","og_image":[{"width":233,"height":350,"url":"https:\/\/www.guerini.it\/wp-content\/uploads\/2022\/03\/9788862508469-e1646740644557.jpg","type":"image\/jpeg"}],"twitter_card":"summary_large_image","twitter_misc":{"Tempo di lettura stimato":"2 minuti"},"schema":{"@context":"https:\/\/schema.org","@graph":[{"@type":"WebPage","@id":"https:\/\/www.guerini.it\/index.php\/prodotto\/immuni-alla-verita\/","url":"https:\/\/www.guerini.it\/index.php\/prodotto\/immuni-alla-verita\/","name":"Immuni alla verit\u00e0 - Guerini e Associati","isPartOf":{"@id":"https:\/\/www.guerini.it\/#website"},"primaryImageOfPage":{"@id":"https:\/\/www.guerini.it\/index.php\/prodotto\/immuni-alla-verita\/#primaryimage"},"image":{"@id":"https:\/\/www.guerini.it\/index.php\/prodotto\/immuni-alla-verita\/#primaryimage"},"thumbnailUrl":"https:\/\/www.guerini.it\/wp-content\/uploads\/2022\/03\/9788862508469-e1646740644557.jpg","datePublished":"2022-03-08T13:28:58+00:00","dateModified":"2024-06-09T18:25:27+00:00","breadcrumb":{"@id":"https:\/\/www.guerini.it\/index.php\/prodotto\/immuni-alla-verita\/#breadcrumb"},"inLanguage":"it-IT","potentialAction":[{"@type":"ReadAction","target":["https:\/\/www.guerini.it\/index.php\/prodotto\/immuni-alla-verita\/"]}]},{"@type":"ImageObject","inLanguage":"it-IT","@id":"https:\/\/www.guerini.it\/index.php\/prodotto\/immuni-alla-verita\/#primaryimage","url":"https:\/\/www.guerini.it\/wp-content\/uploads\/2022\/03\/9788862508469-e1646740644557.jpg","contentUrl":"https:\/\/www.guerini.it\/wp-content\/uploads\/2022\/03\/9788862508469-e1646740644557.jpg","width":233,"height":350,"caption":"Copertina del libro Immuni alla verit\u00e0"},{"@type":"BreadcrumbList","@id":"https:\/\/www.guerini.it\/index.php\/prodotto\/immuni-alla-verita\/#breadcrumb","itemListElement":[{"@type":"ListItem","position":1,"name":"Home","item":"https:\/\/www.guerini.it\/"},{"@type":"ListItem","position":2,"name":"Catalogo","item":"https:\/\/www.guerini.it\/index.php\/negozio\/"},{"@type":"ListItem","position":3,"name":"Immuni alla verit\u00e0"}]},{"@type":"WebSite","@id":"https:\/\/www.guerini.it\/#website","url":"https:\/\/www.guerini.it\/","name":"Guerini e Associati","description":"30 anni di libri, idee e libert\u00e0","publisher":{"@id":"https:\/\/www.guerini.it\/#organization"},"potentialAction":[{"@type":"SearchAction","target":{"@type":"EntryPoint","urlTemplate":"https:\/\/www.guerini.it\/?s={search_term_string}"},"query-input":{"@type":"PropertyValueSpecification","valueRequired":true,"valueName":"search_term_string"}}],"inLanguage":"it-IT"},{"@type":"Organization","@id":"https:\/\/www.guerini.it\/#organization","name":"Guerini e Associati","url":"https:\/\/www.guerini.it\/","logo":{"@type":"ImageObject","inLanguage":"it-IT","@id":"https:\/\/www.guerini.it\/#\/schema\/logo\/image\/","url":"https:\/\/www.guerini.it\/wp-content\/uploads\/2021\/03\/Logo-Guerini-OK_-e1615831292285.png","contentUrl":"https:\/\/www.guerini.it\/wp-content\/uploads\/2021\/03\/Logo-Guerini-OK_-e1615831292285.png","width":2805,"height":1870,"caption":"Guerini e Associati"},"image":{"@id":"https:\/\/www.guerini.it\/#\/schema\/logo\/image\/"}}]}},"_links":{"self":[{"href":"https:\/\/www.guerini.it\/index.php\/wp-json\/wp\/v2\/product\/22516","targetHints":{"allow":["GET"]}}],"collection":[{"href":"https:\/\/www.guerini.it\/index.php\/wp-json\/wp\/v2\/product"}],"about":[{"href":"https:\/\/www.guerini.it\/index.php\/wp-json\/wp\/v2\/types\/product"}],"wp:featuredmedia":[{"embeddable":true,"href":"https:\/\/www.guerini.it\/index.php\/wp-json\/wp\/v2\/media\/22517"}],"wp:attachment":[{"href":"https:\/\/www.guerini.it\/index.php\/wp-json\/wp\/v2\/media?parent=22516"}],"wp:term":[{"taxonomy":"product_brand","embeddable":true,"href":"https:\/\/www.guerini.it\/index.php\/wp-json\/wp\/v2\/product_brand?post=22516"},{"taxonomy":"product_cat","embeddable":true,"href":"https:\/\/www.guerini.it\/index.php\/wp-json\/wp\/v2\/product_cat?post=22516"},{"taxonomy":"product_tag","embeddable":true,"href":"https:\/\/www.guerini.it\/index.php\/wp-json\/wp\/v2\/product_tag?post=22516"}],"curies":[{"name":"wp","href":"https:\/\/api.w.org\/{rel}","templated":true}]}}

Immuni alla verità

<p style="text-align: center;"><em>«La verità a cui siamo ancora immuni è quella che gran parte della classe politica tace, attirata da temi più premianti nel consenso, divenendo corresponsabile di una grave imprudenza: lasciare che a decidere delle nostre vite siano i grandi capitani d’industria del digitale».</em></p>
<p style="text-align: justify;">Cosa hanno in comune metaverso, telemedicina e Green Pass? E mentre l’Intelligenza Artificiale diventa sempre più pervasiva, nella quotidianità come negli spazi politici, perché il dibattito pubblico non segue il passo? Qual è il costo sociale di questa corsa all’innovazione? Se tra democrazia e tecnologia la partita non è più alla pari, la posta in gioco rischia di diventare la vita dei cittadini.<br />
L’era della cyberpolitica è già iniziata, questa è la verità a cui siamo immuni: dalle smart city agli investimenti di Google, Facebook e Amazon nel settore sanitario è in atto un’espansione tentacolare delle multinazionali della sorveglianza.<br />
Con un linguaggio semplice ma ponderato, e alcune interviste a addetti ai lavori, questo libro svela i nodi da sciogliere nei rapporti tra innovazione digitale e sanità, lavoro, scuola e politica e riflette su quali siano gli spazi da rendere inviolabili nella nuova democrazia digitale. E perché chiamare cittadini e governanti alla responsabilità.</p>
<hr />
<p style="text-align: justify;"><strong>NICOLETTA F. PRANDI</strong> è giornalista specializzata nella divulgazione scientifica e politica dei temi legati all’innovazione e all’Intelligenza Artificiale. Ha contribuito a fondare il Centro di Competenze sulla Sicurezza Urbana (CCSU). È stata membro del gruppo di lavoro allargato PdR UNI 48:2018, la prima prassi di riferimento in Italia volta a promuovere maggiori competenze nell’ambito della pubblica amministrazione nei processi di acquisto di tecnologie per la gestione della sicurezza urbana. Conduce il talk politico <em>Pane al Pane</em> su Radio Lombardia ed è Direttore Responsabile del sito web <em>Nuova Sicurezza</em>.</p>

<p>«La verità a cui siamo ancora immuni è quella che gran parte della classe politica tace, attirata da temi più premianti nel consenso, divenendo corresponsabile di una grave imprudenza: lasciare [&hellip;]</p>

<!-- This site is optimized with the Yoast SEO plugin v25.4 - https://yoast.com/wordpress/plugins/seo/ -->
<title>Immuni alla verità - Guerini e Associati</title>
<meta name="robots" content="index, follow, max-snippet:-1, max-image-preview:large, max-video-preview:-1" />
<link rel="canonical" href="https://www.guerini.it/index.php/prodotto/immuni-alla-verita/" />
<meta property="og:locale" content="it_IT" />
<meta property="og:type" content="article" />
<meta property="og:title" content="Immuni alla verità - Guerini e Associati" />
<meta property="og:description" content="«La verità a cui siamo ancora immuni è quella che gran parte della classe politica tace, attirata da temi più premianti nel consenso, divenendo corresponsabile di una grave imprudenza: lasciare [&hellip;]" />
<meta property="og:url" content="https://www.guerini.it/index.php/prodotto/immuni-alla-verita/" />
<meta property="og:site_name" content="Guerini e Associati" />
<meta property="article:modified_time" content="2024-06-09T18:25:27+00:00" />
<meta property="og:image" content="https://www.guerini.it/wp-content/uploads/2022/03/9788862508469-e1646740644557.jpg" />
	<meta property="og:image:width" content="233" />
	<meta property="og:image:height" content="350" />
	<meta property="og:image:type" content="image/jpeg" />
<meta name="twitter:card" content="summary_large_image" />
<meta name="twitter:label1" content="Tempo di lettura stimato" />
	<meta name="twitter:data1" content="2 minuti" />
<!-- / Yoast SEO plugin. -->

Immuni alla verità - Guerini e Associati

«La verità a cui siamo ancora immuni è quella che gran parte della classe politica tace, attirata da temi più premianti nel consenso, divenendo corresponsabile di una grave imprudenza: lasciare [&hellip;]

Copertina del libro Immuni alla verità

30 anni di libri, idee e libertà
