{"id":22522,"date":"2022-03-23T16:08:05","date_gmt":"2022-03-23T15:08:05","guid":{"rendered":"https:\/\/www.guerini.it\/?post_type=product&#038;p=22522"},"modified":"2025-01-13T15:20:46","modified_gmt":"2025-01-13T14:20:46","slug":"il-fenomeno-della-poverta-educativa","status":"publish","type":"product","link":"https:\/\/www.guerini.it\/index.php\/prodotto\/il-fenomeno-della-poverta-educativa\/","title":{"rendered":"Il fenomeno della povert\u00e0 educativa"},"content":{"rendered":"<p style=\"text-align: justify;\">Che cosa si intende per povert\u00e0 educativa e perch\u00e9 essa riguarda in particolare i minori? In che relazione stanno la povert\u00e0 materiale, quella di istruzione e la mancanza di offerte socio-culturali nei territori? In che modo educatori e pedagogisti possono lavorare per contrastare le forme molteplici di impoverimento del contesto presente?<br \/>\nA partire da questi quesiti, il testo vuole dare conto dell\u2019attuale dibattito attorno alla povert\u00e0 educativa minorile e costruire per essa un campo semantico di matrice strettamente pedagogica, connesso con una definizione specifica della qualit\u00e0 delle esperienze educative. Affinch\u00e9 la questione sia comprensibile anche in termini concreti e ancorati alla pratica, una parte molto significativa \u00e8 dedicata all\u2019analisi di un progetto territoriale.<br \/>\nLa trattazione si rivolge ai professionisti dell\u2019educazione, perch\u00e9 trovino degli strumenti adatti a predisporre esperienze educative inclusive e di qualit\u00e0, ma pu\u00f2 essere di interesse per tutti coloro che vogliano approfondire la questione e comprendere le forme molteplici che la povert\u00e0 attualmente pu\u00f2 assumere.<\/p>\n<p>Il volume \u00e8 il sesto numero della collana <a href=\"https:\/\/www.guerini.it\/index.php\/categoria-prodotto\/default-category\/psicologia-pedagogia\/processi-formativi-e-scienze-dell-educazione-educare-nel-margine\/\"><em>Processi formativi e scienze dell&#8217;educazione &#8211; Educare nel margine<\/em><\/a><\/p>\n<hr \/>\n<p style=\"text-align: justify;\"><strong>MADDALENA SOTTOCORNO<\/strong> \u00e8 dottoressa di ricerca in Educazione nella Societ\u00e0 Contemporanea e collabora con l\u2019insegnamento di Pedagogia dell\u2019Inclusione Sociale presso il Dipartimento di Scienze Umane per la Formazione \u00abRiccardo Massa\u00bb dell\u2019Universit\u00e0 di Milano-Bicocca.<\/p>\n","protected":false},"excerpt":{"rendered":"<p>Che cosa si intende per povert\u00e0 educativa e perch\u00e9 essa riguarda in particolare i minori? In che relazione stanno la povert\u00e0 materiale, quella di istruzione e la mancanza di offerte [&hellip;]<\/p>\n","protected":false},"featured_media":23840,"template":"","meta":{"_editorskit_title_hidden":false,"_editorskit_reading_time":0,"_editorskit_is_block_options_detached":false,"_editorskit_block_options_position":"{}","_monsterinsights_skip_tracking":false,"_monsterinsights_sitenote_active":false,"_monsterinsights_sitenote_note":"","_monsterinsights_sitenote_category":0},"product_brand":[],"product_cat":[6688],"product_tag":[6819,6822,7653,7533,7532],"class_list":{"0":"post-22522","1":"product","2":"type-product","3":"status-publish","4":"has-post-thumbnail","6":"product_cat-processi-formativi-e-scienze-dell-educazione-educare-nel-margine","7":"product_tag-didattica","8":"product_tag-educazione","9":"product_tag-pedagogia","10":"product_tag-studente","11":"product_tag-universita","12":"pa_guerini_amazon_link-https-www-amazon-it-fenomeno-educativa-criticit-pedagogia-contemporanea-dp-8881074613","13":"pa_guerini_feltrinelli_link-https-www-lafeltrinelli-it-fenomeno-della-poverta-educativa-criticita-libro-maddalena-sottocorno-e-9788881074617","14":"pa_guerini_ibs_link-https-www-ibs-it-fenomeno-della-poverta-educativa-criticita-libro-maddalena-sottocorno-e-9788881074617","15":"pa_guerini_libruniver_link-https-www-libreriauniversitaria-it-fenomeno-poverta-educativa-criticita-sfide-libro-9788881074617","16":"pa_guerini_link_amazon-https-www-amazon-it-fenomeno-educativa-criticit-pedagogia-contemporanea-ebook-dp-b09wjv9brg","17":"pa_guerini_link_apple_ibook-https-books-apple-com-it-book-il-fenomeno-della-povert-educativa-criticit-e-id1616197504","18":"pa_guerini_link_bookrepublic-https-www-bookrepublic-it-ebook-9788881954568-il-fenomeno-della-poverta-educativa-criticita-e-sfide-per-la-pedagogia-contemporanea-goware-e-edizioni-angelo-guerini-e-associati","19":"pa_guerini_link_giunti_punto-https-www-giuntialpunto-it-product-b09wjv9brg-libri-il-fenomeno-della-povert-educativa-criticit-e-sfide-la-pedagogia","20":"pa_guerini_link_google_play-https-play-google-com-store-books-details-maddalena_sottocorno_il_fenomeno_della_povert_eduidpcdmeaaaqbaj","21":"pa_guerini_link_ibs-https-www-ibs-it-fenomeno-della-poverta-educativa-criticita-ebook-maddalena-sottocorno-e-9788881954568","22":"pa_guerini_link_kobo-https-www-kobo-com-it-en-ebook-il-fenomeno-della-poverta-educativa-criticita-e-sfide-per-la-pedagogia-contemporanea","23":"pa_guerini_link_lafeltrinelli-https-www-lafeltrinelli-it-fenomeno-della-poverta-educativa-criticita-ebook-maddalena-sottocorno-e-9788881954568","24":"pa_guerini_link_mondadori-https-www-mondadoristore-it-fenomeno-poverta-educativa-maddalena-sottocorno-eai978888195456","25":"pa_guerini_mondadori_link-https-www-mondadoristore-it-fenomeno-poverta-educativa-maddalena-sottocorno-eai978888107461","27":"first","28":"instock","29":"sale","30":"shipping-taxable","31":"purchasable","32":"product-type-simple"},"yoast_head":"<!-- This site is optimized with the Yoast SEO plugin v25.4 - https:\/\/yoast.com\/wordpress\/plugins\/seo\/ -->\n<title>Il fenomeno della povert\u00e0 educativa | Guerini Editore<\/title>\n<meta name=\"description\" content=\"Il volume vuole dare conto del dibattito attorno alla povert\u00e0 educativa minorile e costruire per essa un campo semantico di matrice strettamente pedagogica.\" \/>\n<meta name=\"robots\" content=\"index, follow, max-snippet:-1, max-image-preview:large, max-video-preview:-1\" \/>\n<link rel=\"canonical\" href=\"https:\/\/www.guerini.it\/index.php\/prodotto\/il-fenomeno-della-poverta-educativa\/\" \/>\n<meta property=\"og:locale\" content=\"it_IT\" \/>\n<meta property=\"og:type\" content=\"article\" \/>\n<meta property=\"og:title\" content=\"Il fenomeno della povert\u00e0 educativa | Guerini Editore\" \/>\n<meta property=\"og:description\" content=\"Il volume vuole dare conto del dibattito attorno alla povert\u00e0 educativa minorile e costruire per essa un campo semantico di matrice strettamente pedagogica.\" \/>\n<meta property=\"og:url\" content=\"https:\/\/www.guerini.it\/index.php\/prodotto\/il-fenomeno-della-poverta-educativa\/\" \/>\n<meta property=\"og:site_name\" content=\"Guerini e Associati\" \/>\n<meta property=\"article:modified_time\" content=\"2025-01-13T14:20:46+00:00\" \/>\n<meta property=\"og:image\" content=\"https:\/\/www.guerini.it\/wp-content\/uploads\/2022\/03\/Il-fenomeno-della-poverta-educativa-scaled.webp\" \/>\n\t<meta property=\"og:image:width\" content=\"1646\" \/>\n\t<meta property=\"og:image:height\" content=\"2560\" \/>\n\t<meta property=\"og:image:type\" content=\"image\/webp\" \/>\n<meta name=\"twitter:card\" content=\"summary_large_image\" \/>\n<meta name=\"twitter:label1\" content=\"Tempo di lettura stimato\" \/>\n\t<meta name=\"twitter:data1\" content=\"2 minuti\" \/>\n<!-- \/ Yoast SEO plugin. -->","yoast_head_json":{"title":"Il fenomeno della povert\u00e0 educativa | Guerini Editore","description":"Il volume vuole dare conto del dibattito attorno alla povert\u00e0 educativa minorile e costruire per essa un campo semantico di matrice strettamente pedagogica.","robots":{"index":"index","follow":"follow","max-snippet":"max-snippet:-1","max-image-preview":"max-image-preview:large","max-video-preview":"max-video-preview:-1"},"canonical":"https:\/\/www.guerini.it\/index.php\/prodotto\/il-fenomeno-della-poverta-educativa\/","og_locale":"it_IT","og_type":"article","og_title":"Il fenomeno della povert\u00e0 educativa | Guerini Editore","og_description":"Il volume vuole dare conto del dibattito attorno alla povert\u00e0 educativa minorile e costruire per essa un campo semantico di matrice strettamente pedagogica.","og_url":"https:\/\/www.guerini.it\/index.php\/prodotto\/il-fenomeno-della-poverta-educativa\/","og_site_name":"Guerini e Associati","article_modified_time":"2025-01-13T14:20:46+00:00","og_image":[{"width":1646,"height":2560,"url":"https:\/\/www.guerini.it\/wp-content\/uploads\/2022\/03\/Il-fenomeno-della-poverta-educativa-scaled.webp","type":"image\/webp"}],"twitter_card":"summary_large_image","twitter_misc":{"Tempo di lettura stimato":"2 minuti"},"schema":{"@context":"https:\/\/schema.org","@graph":[{"@type":"WebPage","@id":"https:\/\/www.guerini.it\/index.php\/prodotto\/il-fenomeno-della-poverta-educativa\/","url":"https:\/\/www.guerini.it\/index.php\/prodotto\/il-fenomeno-della-poverta-educativa\/","name":"Il fenomeno della povert\u00e0 educativa | Guerini Editore","isPartOf":{"@id":"https:\/\/www.guerini.it\/#website"},"primaryImageOfPage":{"@id":"https:\/\/www.guerini.it\/index.php\/prodotto\/il-fenomeno-della-poverta-educativa\/#primaryimage"},"image":{"@id":"https:\/\/www.guerini.it\/index.php\/prodotto\/il-fenomeno-della-poverta-educativa\/#primaryimage"},"thumbnailUrl":"https:\/\/www.guerini.it\/wp-content\/uploads\/2022\/03\/Il-fenomeno-della-poverta-educativa-scaled.webp","datePublished":"2022-03-23T15:08:05+00:00","dateModified":"2025-01-13T14:20:46+00:00","description":"Il volume vuole dare conto del dibattito attorno alla povert\u00e0 educativa minorile e costruire per essa un campo semantico di matrice strettamente pedagogica.","breadcrumb":{"@id":"https:\/\/www.guerini.it\/index.php\/prodotto\/il-fenomeno-della-poverta-educativa\/#breadcrumb"},"inLanguage":"it-IT","potentialAction":[{"@type":"ReadAction","target":["https:\/\/www.guerini.it\/index.php\/prodotto\/il-fenomeno-della-poverta-educativa\/"]}]},{"@type":"ImageObject","inLanguage":"it-IT","@id":"https:\/\/www.guerini.it\/index.php\/prodotto\/il-fenomeno-della-poverta-educativa\/#primaryimage","url":"https:\/\/www.guerini.it\/wp-content\/uploads\/2022\/03\/Il-fenomeno-della-poverta-educativa-scaled.webp","contentUrl":"https:\/\/www.guerini.it\/wp-content\/uploads\/2022\/03\/Il-fenomeno-della-poverta-educativa-scaled.webp","width":1646,"height":2560,"caption":"Copertina del volume Il fenomeno della povert\u00e0 educativa, Guerini Scientifica, 2022"},{"@type":"BreadcrumbList","@id":"https:\/\/www.guerini.it\/index.php\/prodotto\/il-fenomeno-della-poverta-educativa\/#breadcrumb","itemListElement":[{"@type":"ListItem","position":1,"name":"Home","item":"https:\/\/www.guerini.it\/"},{"@type":"ListItem","position":2,"name":"Catalogo","item":"https:\/\/www.guerini.it\/index.php\/negozio\/"},{"@type":"ListItem","position":3,"name":"Il fenomeno della povert\u00e0 educativa"}]},{"@type":"WebSite","@id":"https:\/\/www.guerini.it\/#website","url":"https:\/\/www.guerini.it\/","name":"Guerini e Associati","description":"30 anni di libri, idee e libert\u00e0","publisher":{"@id":"https:\/\/www.guerini.it\/#organization"},"potentialAction":[{"@type":"SearchAction","target":{"@type":"EntryPoint","urlTemplate":"https:\/\/www.guerini.it\/?s={search_term_string}"},"query-input":{"@type":"PropertyValueSpecification","valueRequired":true,"valueName":"search_term_string"}}],"inLanguage":"it-IT"},{"@type":"Organization","@id":"https:\/\/www.guerini.it\/#organization","name":"Guerini e Associati","url":"https:\/\/www.guerini.it\/","logo":{"@type":"ImageObject","inLanguage":"it-IT","@id":"https:\/\/www.guerini.it\/#\/schema\/logo\/image\/","url":"https:\/\/www.guerini.it\/wp-content\/uploads\/2021\/03\/Logo-Guerini-OK_-e1615831292285.png","contentUrl":"https:\/\/www.guerini.it\/wp-content\/uploads\/2021\/03\/Logo-Guerini-OK_-e1615831292285.png","width":2805,"height":1870,"caption":"Guerini e Associati"},"image":{"@id":"https:\/\/www.guerini.it\/#\/schema\/logo\/image\/"}}]}},"_links":{"self":[{"href":"https:\/\/www.guerini.it\/index.php\/wp-json\/wp\/v2\/product\/22522","targetHints":{"allow":["GET"]}}],"collection":[{"href":"https:\/\/www.guerini.it\/index.php\/wp-json\/wp\/v2\/product"}],"about":[{"href":"https:\/\/www.guerini.it\/index.php\/wp-json\/wp\/v2\/types\/product"}],"wp:featuredmedia":[{"embeddable":true,"href":"https:\/\/www.guerini.it\/index.php\/wp-json\/wp\/v2\/media\/23840"}],"wp:attachment":[{"href":"https:\/\/www.guerini.it\/index.php\/wp-json\/wp\/v2\/media?parent=22522"}],"wp:term":[{"taxonomy":"product_brand","embeddable":true,"href":"https:\/\/www.guerini.it\/index.php\/wp-json\/wp\/v2\/product_brand?post=22522"},{"taxonomy":"product_cat","embeddable":true,"href":"https:\/\/www.guerini.it\/index.php\/wp-json\/wp\/v2\/product_cat?post=22522"},{"taxonomy":"product_tag","embeddable":true,"href":"https:\/\/www.guerini.it\/index.php\/wp-json\/wp\/v2\/product_tag?post=22522"}],"curies":[{"name":"wp","href":"https:\/\/api.w.org\/{rel}","templated":true}]}}

Il fenomeno della povertà educativa

<p style="text-align: justify;">Che cosa si intende per povertà educativa e perché essa riguarda in particolare i minori? In che relazione stanno la povertà materiale, quella di istruzione e la mancanza di offerte socio-culturali nei territori? In che modo educatori e pedagogisti possono lavorare per contrastare le forme molteplici di impoverimento del contesto presente?<br />
A partire da questi quesiti, il testo vuole dare conto dell’attuale dibattito attorno alla povertà educativa minorile e costruire per essa un campo semantico di matrice strettamente pedagogica, connesso con una definizione specifica della qualità delle esperienze educative. Affinché la questione sia comprensibile anche in termini concreti e ancorati alla pratica, una parte molto significativa è dedicata all’analisi di un progetto territoriale.<br />
La trattazione si rivolge ai professionisti dell’educazione, perché trovino degli strumenti adatti a predisporre esperienze educative inclusive e di qualità, ma può essere di interesse per tutti coloro che vogliano approfondire la questione e comprendere le forme molteplici che la povertà attualmente può assumere.</p>
<p>Il volume è il sesto numero della collana <a href="https://www.guerini.it/index.php/categoria-prodotto/default-category/psicologia-pedagogia/processi-formativi-e-scienze-dell-educazione-educare-nel-margine/"><em>Processi formativi e scienze dell&#8217;educazione &#8211; Educare nel margine</em></a></p>
<hr />
<p style="text-align: justify;"><strong>MADDALENA SOTTOCORNO</strong> è dottoressa di ricerca in Educazione nella Società Contemporanea e collabora con l’insegnamento di Pedagogia dell’Inclusione Sociale presso il Dipartimento di Scienze Umane per la Formazione «Riccardo Massa» dell’Università di Milano-Bicocca.</p>

<p>Che cosa si intende per povertà educativa e perché essa riguarda in particolare i minori? In che relazione stanno la povertà materiale, quella di istruzione e la mancanza di offerte [&hellip;]</p>

<!-- This site is optimized with the Yoast SEO plugin v25.4 - https://yoast.com/wordpress/plugins/seo/ -->
<title>Il fenomeno della povertà educativa | Guerini Editore</title>
<meta name="description" content="Il volume vuole dare conto del dibattito attorno alla povertà educativa minorile e costruire per essa un campo semantico di matrice strettamente pedagogica." />
<meta name="robots" content="index, follow, max-snippet:-1, max-image-preview:large, max-video-preview:-1" />
<link rel="canonical" href="https://www.guerini.it/index.php/prodotto/il-fenomeno-della-poverta-educativa/" />
<meta property="og:locale" content="it_IT" />
<meta property="og:type" content="article" />
<meta property="og:title" content="Il fenomeno della povertà educativa | Guerini Editore" />
<meta property="og:description" content="Il volume vuole dare conto del dibattito attorno alla povertà educativa minorile e costruire per essa un campo semantico di matrice strettamente pedagogica." />
<meta property="og:url" content="https://www.guerini.it/index.php/prodotto/il-fenomeno-della-poverta-educativa/" />
<meta property="og:site_name" content="Guerini e Associati" />
<meta property="article:modified_time" content="2025-01-13T14:20:46+00:00" />
<meta property="og:image" content="https://www.guerini.it/wp-content/uploads/2022/03/Il-fenomeno-della-poverta-educativa-scaled.webp" />
	<meta property="og:image:width" content="1646" />
	<meta property="og:image:height" content="2560" />
	<meta property="og:image:type" content="image/webp" />
<meta name="twitter:card" content="summary_large_image" />
<meta name="twitter:label1" content="Tempo di lettura stimato" />
	<meta name="twitter:data1" content="2 minuti" />
<!-- / Yoast SEO plugin. -->

Il fenomeno della povertà educativa | Guerini Editore

Il volume vuole dare conto del dibattito attorno alla povertà educativa minorile e costruire per essa un campo semantico di matrice strettamente pedagogica.

Copertina del volume Il fenomeno della povertà educativa, Guerini Scientifica, 2022

30 anni di libri, idee e libertà
