{"id":22542,"date":"2022-03-25T11:08:09","date_gmt":"2022-03-25T10:08:09","guid":{"rendered":"https:\/\/www.guerini.it\/?post_type=product&#038;p=22542"},"modified":"2024-06-09T20:25:28","modified_gmt":"2024-06-09T18:25:28","slug":"trentanni-alla-liuc","status":"publish","type":"product","link":"https:\/\/www.guerini.it\/index.php\/prodotto\/trentanni-alla-liuc\/","title":{"rendered":"Trent&#8217;anni alla LIUC"},"content":{"rendered":"<p style=\"text-align: justify;\">Trenta sono gli anni di vita di LIUC \u2013 Universit\u00e0 Cattaneo: sono tanti e al tempo stesso sono pochi; pochissimi se li si confronta con gli anni degli Atenei pi\u00f9 antichi al mondo, ma sono anche tanti, perch\u00e9 nella vita di un uomo corrispondono al passaggio dalla giovent\u00f9 all\u2019et\u00e0 adulta.<br \/>\nE cos\u00ec \u00e8 stato per la LIUC, l\u2019\u00abUniversit\u00e0 del fare\u00bb, voluta dall\u2019Unione degli industriali varesini, perch\u00e9 formasse giovani capaci di affrontare le reali esigenze delle imprese.<br \/>\nPer ricordare questo anniversario, avremmo potuto descrivere le tappe del successo della LIUC, e invece abbiamo preferito raccontare le storie dei nostri laureati, perch\u00e9 parlano di ci\u00f2 che \u00e8 accaduto nella vita reale delle persone e non solo di momenti istituzionali.<br \/>\nNe \u00e8 nato un libro pieno di \u00abvirgolettati\u00bb perch\u00e9 narra fatti veri e circostanze vissute, che si compongono come tessere di un mosaico che rappresenta la comunit\u00e0 sociale, culturale e professionale che va sotto il nome di LIUC \u2013 Universit\u00e0 Cattaneo.<\/p>\n","protected":false},"excerpt":{"rendered":"<p>Trenta sono gli anni di vita di LIUC \u2013 Universit\u00e0 Cattaneo: sono tanti e al tempo stesso sono pochi; pochissimi se li si confronta con gli anni degli Atenei pi\u00f9 [&hellip;]<\/p>\n","protected":false},"featured_media":22543,"template":"","meta":{"_editorskit_title_hidden":false,"_editorskit_reading_time":0,"_editorskit_is_block_options_detached":false,"_editorskit_block_options_position":"{}","_monsterinsights_skip_tracking":false,"_monsterinsights_sitenote_active":false,"_monsterinsights_sitenote_note":"","_monsterinsights_sitenote_category":0},"product_brand":[],"product_cat":[6805,6529],"product_tag":[7981,7982,7532],"class_list":{"0":"post-22542","1":"product","2":"type-product","3":"status-publish","4":"has-post-thumbnail","6":"product_cat-guerini-next","7":"product_cat-economia-e-management","8":"product_tag-career-service","9":"product_tag-laureati","10":"product_tag-universita","11":"pa_guerini_amazon_link-https-www-amazon-it-trentanni-alla-liuc-andrea-martone-dp-8868964473","12":"pa_guerini_feltrinelli_link-https-www-lafeltrinelli-it-trent-anni-alla-liuc-libro-vari-e-9788868964474","13":"pa_guerini_ibs_link-https-www-ibs-it-trent-anni-alla-liuc-libro-vari-e-9788868964474","14":"pa_guerini_libruniver_link-https-www-libreriauniversitaria-it-trent-anni-liuc-guerini-next-libro-9788868964474","15":"pa_guerini_link_amazon-https-www-amazon-it-dp-b0bp5cptqv","16":"pa_guerini_link_bookrepublic-https-www-bookrepublic-it-ebook-9788868964702-trentanni-alla-liuc-goware-guerini-next","17":"pa_guerini_link_giunti_punto-https-www-giuntialpunto-it-product-b0bp5cptqv-libri-trentanni-alla-liuc-aa-vv","18":"pa_guerini_link_ibs-https-www-ibs-it-trent-anni-alla-liuc-ebook-vvaa-e-9788868964702","19":"pa_guerini_link_kobo-https-www-kobo-com-it-it-ebook-trent-anni-alla-liuc","20":"pa_guerini_link_lafeltrinelli-https-www-lafeltrinelli-it-trent-anni-alla-liuc-ebook-vvaa-e-9788868964702","21":"pa_guerini_link_mondadori-https-www-mondadoristore-it-trent-anni-alla-liuc-aavv-artisti-vari-eai978886896470","22":"pa_guerini_mondadori_link-https-www-mondadoristore-it-trent-anni-alla-liuc-na-eai978886896447","24":"first","25":"instock","26":"sale","27":"shipping-taxable","28":"purchasable","29":"product-type-simple"},"yoast_head":"<!-- This site is optimized with the Yoast SEO plugin v25.4 - https:\/\/yoast.com\/wordpress\/plugins\/seo\/ -->\n<title>Trent&#039;anni alla LIUC - Guerini e Associati<\/title>\n<meta name=\"robots\" content=\"index, follow, max-snippet:-1, max-image-preview:large, max-video-preview:-1\" \/>\n<link rel=\"canonical\" href=\"https:\/\/www.guerini.it\/index.php\/prodotto\/trentanni-alla-liuc\/\" \/>\n<meta property=\"og:locale\" content=\"it_IT\" \/>\n<meta property=\"og:type\" content=\"article\" \/>\n<meta property=\"og:title\" content=\"Trent&#039;anni alla LIUC - Guerini e Associati\" \/>\n<meta property=\"og:description\" content=\"Trenta sono gli anni di vita di LIUC \u2013 Universit\u00e0 Cattaneo: sono tanti e al tempo stesso sono pochi; pochissimi se li si confronta con gli anni degli Atenei pi\u00f9 [&hellip;]\" \/>\n<meta property=\"og:url\" content=\"https:\/\/www.guerini.it\/index.php\/prodotto\/trentanni-alla-liuc\/\" \/>\n<meta property=\"og:site_name\" content=\"Guerini e Associati\" \/>\n<meta property=\"article:modified_time\" content=\"2024-06-09T18:25:28+00:00\" \/>\n<meta property=\"og:image\" content=\"https:\/\/www.guerini.it\/wp-content\/uploads\/2022\/03\/9788868964474-e1648197969431.jpg\" \/>\n\t<meta property=\"og:image:width\" content=\"248\" \/>\n\t<meta property=\"og:image:height\" content=\"350\" \/>\n\t<meta property=\"og:image:type\" content=\"image\/jpeg\" \/>\n<meta name=\"twitter:card\" content=\"summary_large_image\" \/>\n<meta name=\"twitter:label1\" content=\"Tempo di lettura stimato\" \/>\n\t<meta name=\"twitter:data1\" content=\"2 minuti\" \/>\n<!-- \/ Yoast SEO plugin. -->","yoast_head_json":{"title":"Trent'anni alla LIUC - Guerini e Associati","robots":{"index":"index","follow":"follow","max-snippet":"max-snippet:-1","max-image-preview":"max-image-preview:large","max-video-preview":"max-video-preview:-1"},"canonical":"https:\/\/www.guerini.it\/index.php\/prodotto\/trentanni-alla-liuc\/","og_locale":"it_IT","og_type":"article","og_title":"Trent'anni alla LIUC - Guerini e Associati","og_description":"Trenta sono gli anni di vita di LIUC \u2013 Universit\u00e0 Cattaneo: sono tanti e al tempo stesso sono pochi; pochissimi se li si confronta con gli anni degli Atenei pi\u00f9 [&hellip;]","og_url":"https:\/\/www.guerini.it\/index.php\/prodotto\/trentanni-alla-liuc\/","og_site_name":"Guerini e Associati","article_modified_time":"2024-06-09T18:25:28+00:00","og_image":[{"width":248,"height":350,"url":"https:\/\/www.guerini.it\/wp-content\/uploads\/2022\/03\/9788868964474-e1648197969431.jpg","type":"image\/jpeg"}],"twitter_card":"summary_large_image","twitter_misc":{"Tempo di lettura stimato":"2 minuti"},"schema":{"@context":"https:\/\/schema.org","@graph":[{"@type":"WebPage","@id":"https:\/\/www.guerini.it\/index.php\/prodotto\/trentanni-alla-liuc\/","url":"https:\/\/www.guerini.it\/index.php\/prodotto\/trentanni-alla-liuc\/","name":"Trent'anni alla LIUC - Guerini e Associati","isPartOf":{"@id":"https:\/\/www.guerini.it\/#website"},"primaryImageOfPage":{"@id":"https:\/\/www.guerini.it\/index.php\/prodotto\/trentanni-alla-liuc\/#primaryimage"},"image":{"@id":"https:\/\/www.guerini.it\/index.php\/prodotto\/trentanni-alla-liuc\/#primaryimage"},"thumbnailUrl":"https:\/\/www.guerini.it\/wp-content\/uploads\/2022\/03\/9788868964474-e1648197969431.jpg","datePublished":"2022-03-25T10:08:09+00:00","dateModified":"2024-06-09T18:25:28+00:00","breadcrumb":{"@id":"https:\/\/www.guerini.it\/index.php\/prodotto\/trentanni-alla-liuc\/#breadcrumb"},"inLanguage":"it-IT","potentialAction":[{"@type":"ReadAction","target":["https:\/\/www.guerini.it\/index.php\/prodotto\/trentanni-alla-liuc\/"]}]},{"@type":"ImageObject","inLanguage":"it-IT","@id":"https:\/\/www.guerini.it\/index.php\/prodotto\/trentanni-alla-liuc\/#primaryimage","url":"https:\/\/www.guerini.it\/wp-content\/uploads\/2022\/03\/9788868964474-e1648197969431.jpg","contentUrl":"https:\/\/www.guerini.it\/wp-content\/uploads\/2022\/03\/9788868964474-e1648197969431.jpg","width":248,"height":350,"caption":"Copertina di Trent'anni alla LIUC"},{"@type":"BreadcrumbList","@id":"https:\/\/www.guerini.it\/index.php\/prodotto\/trentanni-alla-liuc\/#breadcrumb","itemListElement":[{"@type":"ListItem","position":1,"name":"Home","item":"https:\/\/www.guerini.it\/"},{"@type":"ListItem","position":2,"name":"Catalogo","item":"https:\/\/www.guerini.it\/index.php\/negozio\/"},{"@type":"ListItem","position":3,"name":"Trent&#8217;anni alla LIUC"}]},{"@type":"WebSite","@id":"https:\/\/www.guerini.it\/#website","url":"https:\/\/www.guerini.it\/","name":"Guerini e Associati","description":"30 anni di libri, idee e libert\u00e0","publisher":{"@id":"https:\/\/www.guerini.it\/#organization"},"potentialAction":[{"@type":"SearchAction","target":{"@type":"EntryPoint","urlTemplate":"https:\/\/www.guerini.it\/?s={search_term_string}"},"query-input":{"@type":"PropertyValueSpecification","valueRequired":true,"valueName":"search_term_string"}}],"inLanguage":"it-IT"},{"@type":"Organization","@id":"https:\/\/www.guerini.it\/#organization","name":"Guerini e Associati","url":"https:\/\/www.guerini.it\/","logo":{"@type":"ImageObject","inLanguage":"it-IT","@id":"https:\/\/www.guerini.it\/#\/schema\/logo\/image\/","url":"https:\/\/www.guerini.it\/wp-content\/uploads\/2021\/03\/Logo-Guerini-OK_-e1615831292285.png","contentUrl":"https:\/\/www.guerini.it\/wp-content\/uploads\/2021\/03\/Logo-Guerini-OK_-e1615831292285.png","width":2805,"height":1870,"caption":"Guerini e Associati"},"image":{"@id":"https:\/\/www.guerini.it\/#\/schema\/logo\/image\/"}}]}},"_links":{"self":[{"href":"https:\/\/www.guerini.it\/index.php\/wp-json\/wp\/v2\/product\/22542","targetHints":{"allow":["GET"]}}],"collection":[{"href":"https:\/\/www.guerini.it\/index.php\/wp-json\/wp\/v2\/product"}],"about":[{"href":"https:\/\/www.guerini.it\/index.php\/wp-json\/wp\/v2\/types\/product"}],"wp:featuredmedia":[{"embeddable":true,"href":"https:\/\/www.guerini.it\/index.php\/wp-json\/wp\/v2\/media\/22543"}],"wp:attachment":[{"href":"https:\/\/www.guerini.it\/index.php\/wp-json\/wp\/v2\/media?parent=22542"}],"wp:term":[{"taxonomy":"product_brand","embeddable":true,"href":"https:\/\/www.guerini.it\/index.php\/wp-json\/wp\/v2\/product_brand?post=22542"},{"taxonomy":"product_cat","embeddable":true,"href":"https:\/\/www.guerini.it\/index.php\/wp-json\/wp\/v2\/product_cat?post=22542"},{"taxonomy":"product_tag","embeddable":true,"href":"https:\/\/www.guerini.it\/index.php\/wp-json\/wp\/v2\/product_tag?post=22542"}],"curies":[{"name":"wp","href":"https:\/\/api.w.org\/{rel}","templated":true}]}}

<p style="text-align: justify;">Trenta sono gli anni di vita di LIUC – Università Cattaneo: sono tanti e al tempo stesso sono pochi; pochissimi se li si confronta con gli anni degli Atenei più antichi al mondo, ma sono anche tanti, perché nella vita di un uomo corrispondono al passaggio dalla gioventù all’età adulta.<br />
E così è stato per la LIUC, l’«Università del fare», voluta dall’Unione degli industriali varesini, perché formasse giovani capaci di affrontare le reali esigenze delle imprese.<br />
Per ricordare questo anniversario, avremmo potuto descrivere le tappe del successo della LIUC, e invece abbiamo preferito raccontare le storie dei nostri laureati, perché parlano di ciò che è accaduto nella vita reale delle persone e non solo di momenti istituzionali.<br />
Ne è nato un libro pieno di «virgolettati» perché narra fatti veri e circostanze vissute, che si compongono come tessere di un mosaico che rappresenta la comunità sociale, culturale e professionale che va sotto il nome di LIUC – Università Cattaneo.</p>

<p>Trenta sono gli anni di vita di LIUC – Università Cattaneo: sono tanti e al tempo stesso sono pochi; pochissimi se li si confronta con gli anni degli Atenei più [&hellip;]</p>

<!-- This site is optimized with the Yoast SEO plugin v25.4 - https://yoast.com/wordpress/plugins/seo/ -->
<title>Trent&#039;anni alla LIUC - Guerini e Associati</title>
<meta name="robots" content="index, follow, max-snippet:-1, max-image-preview:large, max-video-preview:-1" />
<link rel="canonical" href="https://www.guerini.it/index.php/prodotto/trentanni-alla-liuc/" />
<meta property="og:locale" content="it_IT" />
<meta property="og:type" content="article" />
<meta property="og:title" content="Trent&#039;anni alla LIUC - Guerini e Associati" />
<meta property="og:description" content="Trenta sono gli anni di vita di LIUC – Università Cattaneo: sono tanti e al tempo stesso sono pochi; pochissimi se li si confronta con gli anni degli Atenei più [&hellip;]" />
<meta property="og:url" content="https://www.guerini.it/index.php/prodotto/trentanni-alla-liuc/" />
<meta property="og:site_name" content="Guerini e Associati" />
<meta property="article:modified_time" content="2024-06-09T18:25:28+00:00" />
<meta property="og:image" content="https://www.guerini.it/wp-content/uploads/2022/03/9788868964474-e1648197969431.jpg" />
	<meta property="og:image:width" content="248" />
	<meta property="og:image:height" content="350" />
	<meta property="og:image:type" content="image/jpeg" />
<meta name="twitter:card" content="summary_large_image" />
<meta name="twitter:label1" content="Tempo di lettura stimato" />
	<meta name="twitter:data1" content="2 minuti" />
<!-- / Yoast SEO plugin. -->

Trenta sono gli anni di vita di LIUC – Università Cattaneo: sono tanti e al tempo stesso sono pochi; pochissimi se li si confronta con gli anni degli Atenei più [&hellip;]

30 anni di libri, idee e libertà
