{"id":22547,"date":"2022-03-28T10:08:51","date_gmt":"2022-03-28T08:08:51","guid":{"rendered":"https:\/\/www.guerini.it\/?post_type=product&#038;p=22547"},"modified":"2024-06-09T20:25:28","modified_gmt":"2024-06-09T18:25:28","slug":"quasi-tre-anni","status":"publish","type":"product","link":"https:\/\/www.guerini.it\/index.php\/prodotto\/quasi-tre-anni\/","title":{"rendered":"Quasi tre anni"},"content":{"rendered":"<p style=\"text-align: center;\"><em>\u00abMi sono commossa nell\u2019apprendere che in questi giorni tragici, nella citt\u00e0 assediata, sotto le bombe, \u0160ostakovi\u010d compone una sinfonia. [&#8230;] Significa che l\u2019arte non \u00e8 morta: essa continua a vivere, a risplendere e a riscaldare il cuore\u00bb.<\/em><\/p>\n<p style=\"text-align: justify;\"><em>Quasi tre anni<\/em> \u00e8 una testimonianza in presa diretta dei novecento giorni dell\u2019assedio di Leningrado.<br \/>\nVera Inber resta al centro degli avvenimenti e partecipando attivamente alle vicende della citt\u00e0 con l\u2019intento sincero di narrare e documentare, nel modo pi\u00f9 oggettivo possibile, quella pagina cruciale della storia sovietica.<br \/>\nNel diario assegna uno spazio rilevante alla sua fede ideologica, trasfigurando eroicamente la resistenza della citt\u00e0 ed esaltando lo sforzo quasi sovrumano degli abitanti di Leningrado, fino a dar forma a una vera e propria epica dell\u2019assedio. Pur utilizzando un linguaggio propagandistico tipico dell\u2019epoca, offre al lettore una descrizione fedele e dettagliata della realt\u00e0, al punto che il suo sentimento e la sua fede politica appaiono sempre sinceri.<br \/>\nNel panorama culturale e politico sovietico Vera Inber, con le liriche e le prose scritte nel periodo della guerra, fornisce un contributo determinante all\u2019elaborazione di quello che la storica Lisa Kirschenbaum definisce \u00abmito dell\u2019assedio\u00bb.<\/p>\n<p>Il volume fa parte della collana <em><a href=\"https:\/\/www.guerini.it\/index.php\/categoria-prodotto\/default-category\/lingue-e-letteratura\/narrare-la-memoria\/\">Narrare la memoria<\/a><\/em><\/p>\n<hr \/>\n<p style=\"text-align: justify;\"><strong>Vera Inber <\/strong>nasce a Odessa nel 1890 in una famiglia della borghesia ebraica. Il padre Moisej \u0160pencer, proprietario di un\u2019importante tipografia, era cugino di Lev Trockij, che visse a casa loro dal 1889 al 1895. Questo legame di parentela susciter\u00e0 la diffidenza del potere sovietico nei confronti dell\u2019autrice, considerandola sempre una potenziale oppositrice e mettendo a repentaglio la sua stessa vita.<br \/>\nA Odessa frequenta la facolt\u00e0 di Storia e Letteratura. Nei primi anni Venti si stabilisce a Mosca. Durante la Seconda guerra mondiale, nel 1941, si trasferisce a Leningrado con il terzo marito, l\u2019accademico Il\u2019ja Stra\u0161un, medico igienista nominato direttore dell\u2019Ospedale Erisman.<br \/>\nDurante l\u2019assedio lavora alla TASS e collabora con Radio Leningrado. Dai microfoni della radio, per incoraggiare e sostenere i leningradesi costretti a patire terribili privazioni e traumi quotidiani, declama le sue poesie dove celebra l\u2019eroica resistenza della citt\u00e0 sotto assedio. Appartengono a questo periodo le sue due opere pi\u00f9 rilevanti: il poema <em>Pulkovskij meridian<\/em> (Il Meridiano di Pulkovo) e il diario <em>Po\u010dti tri goda. Leningradskij dnevnik<\/em> (Quasi tre anni. Il diario di Leningrado) che nel 1946 fu insignito del Premio Stalin.<br \/>\nAl termine della guerra torna a Mosca dove continua la sua opera di scrittrice e traduttrice. Qui muore nel 1972 e viene sepolta nel cimitero di Vvedenskoe.<\/p>\n","protected":false},"excerpt":{"rendered":"<p>\u00abMi sono commossa nell\u2019apprendere che in questi giorni tragici, nella citt\u00e0 assediata, sotto le bombe, \u0160ostakovi\u010d compone una sinfonia. [&#8230;] Significa che l\u2019arte non \u00e8 morta: essa continua a vivere, [&hellip;]<\/p>\n","protected":false},"featured_media":23458,"template":"","meta":{"_editorskit_title_hidden":false,"_editorskit_reading_time":0,"_editorskit_is_block_options_detached":false,"_editorskit_block_options_position":"{}","_monsterinsights_skip_tracking":false,"_monsterinsights_sitenote_active":false,"_monsterinsights_sitenote_note":"","_monsterinsights_sitenote_category":0},"product_brand":[],"product_cat":[6608],"product_tag":[7997,7996,8698,7050,8108],"class_list":{"0":"post-22547","1":"product","2":"type-product","3":"status-publish","4":"has-post-thumbnail","6":"product_cat-narrare-la-memoria","7":"product_tag-assedio","8":"product_tag-leningrado","9":"product_tag-memorie","10":"product_tag-storia","11":"product_tag-testimonianze","12":"pa_guerini_amazon_link-https-www-amazon-it-diario-leningrado-una-voce-dallassedio-dp-8862508034","13":"pa_guerini_feltrinelli_link-https-www-lafeltrinelli-it-quasi-tre-anni-leningrado-cronaca-libro-vera-inber-e-9788862508032","14":"pa_guerini_ibs_link-https-www-ibs-it-quasi-tre-anni-leningrado-cronaca-libro-vera-inber-e-9788862508032","15":"pa_guerini_libruniver_link-https-www-libreriauniversitaria-it-quasi-tre-anni-leningrado-cronaca-libro-9788862508032","16":"pa_guerini_link_amazon-https-www-amazon-it-dp-b0b2cyp2w8","17":"pa_guerini_link_apple_ibook-https-books-apple-com-it-book-quasi-tre-anni-leningrado-cronaca-di-una-citt-sotto-id6442879468","18":"pa_guerini_link_bookrepublic-https-www-bookrepublic-it-ebook-9788881954629-quasi-tre-anni-leningrado-cronaca-di-una-citta-sotto-assedio-goware-e-edizioni-angelo-guerini-e-associati","19":"pa_guerini_link_giunti_punto-https-www-giuntialpunto-it-product-b0b2cyp2w8-libri-quasi-tre-anni-leningrado-cronaca-di-una-citt-sotto-assedio-vera-inber","20":"pa_guerini_link_google_play-https-play-google-com-store-books-details-vera_inber_quasi_tre_anni_leningrado_cronaca_di_unidhv1xeaaaqbaj","21":"pa_guerini_link_ibs-https-tidd-ly-3m0wlda","22":"pa_guerini_link_kobo-https-www-kobo-com-it-it-ebook-quasi-tre-anni-leningrado-cronaca-di-una-citta-sotto-assedio","23":"pa_guerini_link_lafeltrinelli-https-tidd-ly-3lvytfh","24":"pa_guerini_link_mondadori-https-www-mondadoristore-it-quasi-tre-anni-leningrado-vera-inber-eai978888195462","25":"pa_guerini_mondadori_link-https-www-mondadoristore-it-quasi-tre-anni-leningrado-vera-inber-eai978886250803","27":"first","28":"instock","29":"sale","30":"shipping-taxable","31":"purchasable","32":"product-type-simple"},"yoast_head":"<!-- This site is optimized with the Yoast SEO plugin v25.4 - https:\/\/yoast.com\/wordpress\/plugins\/seo\/ -->\n<title>Quasi tre anni | Guerini Editore<\/title>\n<meta name=\"description\" content=\"Quasi tre anni \u00e8 una testimonianza in presa diretta dei novecento giorni dell\u2019assedio di Leningrado. Un contributo essenziale per il \u00abmito dell\u2019assedio\u00bb.\" \/>\n<meta name=\"robots\" content=\"index, follow, max-snippet:-1, max-image-preview:large, max-video-preview:-1\" \/>\n<link rel=\"canonical\" href=\"https:\/\/www.guerini.it\/index.php\/prodotto\/quasi-tre-anni\/\" \/>\n<meta property=\"og:locale\" content=\"it_IT\" \/>\n<meta property=\"og:type\" content=\"article\" \/>\n<meta property=\"og:title\" content=\"Quasi tre anni | Guerini Editore\" \/>\n<meta property=\"og:description\" content=\"Quasi tre anni \u00e8 una testimonianza in presa diretta dei novecento giorni dell\u2019assedio di Leningrado. Un contributo essenziale per il \u00abmito dell\u2019assedio\u00bb.\" \/>\n<meta property=\"og:url\" content=\"https:\/\/www.guerini.it\/index.php\/prodotto\/quasi-tre-anni\/\" \/>\n<meta property=\"og:site_name\" content=\"Guerini e Associati\" \/>\n<meta property=\"article:modified_time\" content=\"2024-06-09T18:25:28+00:00\" \/>\n<meta property=\"og:image\" content=\"https:\/\/www.guerini.it\/wp-content\/uploads\/2022\/03\/Quasi-tre-anni.webp\" \/>\n\t<meta property=\"og:image:width\" content=\"643\" \/>\n\t<meta property=\"og:image:height\" content=\"1000\" \/>\n\t<meta property=\"og:image:type\" content=\"image\/webp\" \/>\n<meta name=\"twitter:card\" content=\"summary_large_image\" \/>\n<meta name=\"twitter:label1\" content=\"Tempo di lettura stimato\" \/>\n\t<meta name=\"twitter:data1\" content=\"3 minuti\" \/>\n<!-- \/ Yoast SEO plugin. -->","yoast_head_json":{"title":"Quasi tre anni | Guerini Editore","description":"Quasi tre anni \u00e8 una testimonianza in presa diretta dei novecento giorni dell\u2019assedio di Leningrado. Un contributo essenziale per il \u00abmito dell\u2019assedio\u00bb.","robots":{"index":"index","follow":"follow","max-snippet":"max-snippet:-1","max-image-preview":"max-image-preview:large","max-video-preview":"max-video-preview:-1"},"canonical":"https:\/\/www.guerini.it\/index.php\/prodotto\/quasi-tre-anni\/","og_locale":"it_IT","og_type":"article","og_title":"Quasi tre anni | Guerini Editore","og_description":"Quasi tre anni \u00e8 una testimonianza in presa diretta dei novecento giorni dell\u2019assedio di Leningrado. Un contributo essenziale per il \u00abmito dell\u2019assedio\u00bb.","og_url":"https:\/\/www.guerini.it\/index.php\/prodotto\/quasi-tre-anni\/","og_site_name":"Guerini e Associati","article_modified_time":"2024-06-09T18:25:28+00:00","og_image":[{"width":643,"height":1000,"url":"https:\/\/www.guerini.it\/wp-content\/uploads\/2022\/03\/Quasi-tre-anni.webp","type":"image\/webp"}],"twitter_card":"summary_large_image","twitter_misc":{"Tempo di lettura stimato":"3 minuti"},"schema":{"@context":"https:\/\/schema.org","@graph":[{"@type":"WebPage","@id":"https:\/\/www.guerini.it\/index.php\/prodotto\/quasi-tre-anni\/","url":"https:\/\/www.guerini.it\/index.php\/prodotto\/quasi-tre-anni\/","name":"Quasi tre anni | Guerini Editore","isPartOf":{"@id":"https:\/\/www.guerini.it\/#website"},"primaryImageOfPage":{"@id":"https:\/\/www.guerini.it\/index.php\/prodotto\/quasi-tre-anni\/#primaryimage"},"image":{"@id":"https:\/\/www.guerini.it\/index.php\/prodotto\/quasi-tre-anni\/#primaryimage"},"thumbnailUrl":"https:\/\/www.guerini.it\/wp-content\/uploads\/2022\/03\/Quasi-tre-anni.webp","datePublished":"2022-03-28T08:08:51+00:00","dateModified":"2024-06-09T18:25:28+00:00","description":"Quasi tre anni \u00e8 una testimonianza in presa diretta dei novecento giorni dell\u2019assedio di Leningrado. Un contributo essenziale per il \u00abmito dell\u2019assedio\u00bb.","breadcrumb":{"@id":"https:\/\/www.guerini.it\/index.php\/prodotto\/quasi-tre-anni\/#breadcrumb"},"inLanguage":"it-IT","potentialAction":[{"@type":"ReadAction","target":["https:\/\/www.guerini.it\/index.php\/prodotto\/quasi-tre-anni\/"]}]},{"@type":"ImageObject","inLanguage":"it-IT","@id":"https:\/\/www.guerini.it\/index.php\/prodotto\/quasi-tre-anni\/#primaryimage","url":"https:\/\/www.guerini.it\/wp-content\/uploads\/2022\/03\/Quasi-tre-anni.webp","contentUrl":"https:\/\/www.guerini.it\/wp-content\/uploads\/2022\/03\/Quasi-tre-anni.webp","width":643,"height":1000,"caption":"Copertina del volume Quasi tre anni, Guerini e Associati, 2022"},{"@type":"BreadcrumbList","@id":"https:\/\/www.guerini.it\/index.php\/prodotto\/quasi-tre-anni\/#breadcrumb","itemListElement":[{"@type":"ListItem","position":1,"name":"Home","item":"https:\/\/www.guerini.it\/"},{"@type":"ListItem","position":2,"name":"Catalogo","item":"https:\/\/www.guerini.it\/index.php\/negozio\/"},{"@type":"ListItem","position":3,"name":"Quasi tre anni"}]},{"@type":"WebSite","@id":"https:\/\/www.guerini.it\/#website","url":"https:\/\/www.guerini.it\/","name":"Guerini e Associati","description":"30 anni di libri, idee e libert\u00e0","publisher":{"@id":"https:\/\/www.guerini.it\/#organization"},"potentialAction":[{"@type":"SearchAction","target":{"@type":"EntryPoint","urlTemplate":"https:\/\/www.guerini.it\/?s={search_term_string}"},"query-input":{"@type":"PropertyValueSpecification","valueRequired":true,"valueName":"search_term_string"}}],"inLanguage":"it-IT"},{"@type":"Organization","@id":"https:\/\/www.guerini.it\/#organization","name":"Guerini e Associati","url":"https:\/\/www.guerini.it\/","logo":{"@type":"ImageObject","inLanguage":"it-IT","@id":"https:\/\/www.guerini.it\/#\/schema\/logo\/image\/","url":"https:\/\/www.guerini.it\/wp-content\/uploads\/2021\/03\/Logo-Guerini-OK_-e1615831292285.png","contentUrl":"https:\/\/www.guerini.it\/wp-content\/uploads\/2021\/03\/Logo-Guerini-OK_-e1615831292285.png","width":2805,"height":1870,"caption":"Guerini e Associati"},"image":{"@id":"https:\/\/www.guerini.it\/#\/schema\/logo\/image\/"}}]}},"_links":{"self":[{"href":"https:\/\/www.guerini.it\/index.php\/wp-json\/wp\/v2\/product\/22547","targetHints":{"allow":["GET"]}}],"collection":[{"href":"https:\/\/www.guerini.it\/index.php\/wp-json\/wp\/v2\/product"}],"about":[{"href":"https:\/\/www.guerini.it\/index.php\/wp-json\/wp\/v2\/types\/product"}],"wp:featuredmedia":[{"embeddable":true,"href":"https:\/\/www.guerini.it\/index.php\/wp-json\/wp\/v2\/media\/23458"}],"wp:attachment":[{"href":"https:\/\/www.guerini.it\/index.php\/wp-json\/wp\/v2\/media?parent=22547"}],"wp:term":[{"taxonomy":"product_brand","embeddable":true,"href":"https:\/\/www.guerini.it\/index.php\/wp-json\/wp\/v2\/product_brand?post=22547"},{"taxonomy":"product_cat","embeddable":true,"href":"https:\/\/www.guerini.it\/index.php\/wp-json\/wp\/v2\/product_cat?post=22547"},{"taxonomy":"product_tag","embeddable":true,"href":"https:\/\/www.guerini.it\/index.php\/wp-json\/wp\/v2\/product_tag?post=22547"}],"curies":[{"name":"wp","href":"https:\/\/api.w.org\/{rel}","templated":true}]}}

<p style="text-align: center;"><em>«Mi sono commossa nell’apprendere che in questi giorni tragici, nella città assediata, sotto le bombe, Šostakovič compone una sinfonia. [&#8230;] Significa che l’arte non è morta: essa continua a vivere, a risplendere e a riscaldare il cuore».</em></p>
<p style="text-align: justify;"><em>Quasi tre anni</em> è una testimonianza in presa diretta dei novecento giorni dell’assedio di Leningrado.<br />
Vera Inber resta al centro degli avvenimenti e partecipando attivamente alle vicende della città con l’intento sincero di narrare e documentare, nel modo più oggettivo possibile, quella pagina cruciale della storia sovietica.<br />
Nel diario assegna uno spazio rilevante alla sua fede ideologica, trasfigurando eroicamente la resistenza della città ed esaltando lo sforzo quasi sovrumano degli abitanti di Leningrado, fino a dar forma a una vera e propria epica dell’assedio. Pur utilizzando un linguaggio propagandistico tipico dell’epoca, offre al lettore una descrizione fedele e dettagliata della realtà, al punto che il suo sentimento e la sua fede politica appaiono sempre sinceri.<br />
Nel panorama culturale e politico sovietico Vera Inber, con le liriche e le prose scritte nel periodo della guerra, fornisce un contributo determinante all’elaborazione di quello che la storica Lisa Kirschenbaum definisce «mito dell’assedio».</p>
<p>Il volume fa parte della collana <em><a href="https://www.guerini.it/index.php/categoria-prodotto/default-category/lingue-e-letteratura/narrare-la-memoria/">Narrare la memoria</a></em></p>
<hr />
<p style="text-align: justify;"><strong>Vera Inber </strong>nasce a Odessa nel 1890 in una famiglia della borghesia ebraica. Il padre Moisej Špencer, proprietario di un’importante tipografia, era cugino di Lev Trockij, che visse a casa loro dal 1889 al 1895. Questo legame di parentela susciterà la diffidenza del potere sovietico nei confronti dell’autrice, considerandola sempre una potenziale oppositrice e mettendo a repentaglio la sua stessa vita.<br />
A Odessa frequenta la facoltà di Storia e Letteratura. Nei primi anni Venti si stabilisce a Mosca. Durante la Seconda guerra mondiale, nel 1941, si trasferisce a Leningrado con il terzo marito, l’accademico Il’ja Strašun, medico igienista nominato direttore dell’Ospedale Erisman.<br />
Durante l’assedio lavora alla TASS e collabora con Radio Leningrado. Dai microfoni della radio, per incoraggiare e sostenere i leningradesi costretti a patire terribili privazioni e traumi quotidiani, declama le sue poesie dove celebra l’eroica resistenza della città sotto assedio. Appartengono a questo periodo le sue due opere più rilevanti: il poema <em>Pulkovskij meridian</em> (Il Meridiano di Pulkovo) e il diario <em>Počti tri goda. Leningradskij dnevnik</em> (Quasi tre anni. Il diario di Leningrado) che nel 1946 fu insignito del Premio Stalin.<br />
Al termine della guerra torna a Mosca dove continua la sua opera di scrittrice e traduttrice. Qui muore nel 1972 e viene sepolta nel cimitero di Vvedenskoe.</p>

<p>«Mi sono commossa nell’apprendere che in questi giorni tragici, nella città assediata, sotto le bombe, Šostakovič compone una sinfonia. [&#8230;] Significa che l’arte non è morta: essa continua a vivere, [&hellip;]</p>

<!-- This site is optimized with the Yoast SEO plugin v25.4 - https://yoast.com/wordpress/plugins/seo/ -->
<title>Quasi tre anni | Guerini Editore</title>
<meta name="description" content="Quasi tre anni è una testimonianza in presa diretta dei novecento giorni dell’assedio di Leningrado. Un contributo essenziale per il «mito dell’assedio»." />
<meta name="robots" content="index, follow, max-snippet:-1, max-image-preview:large, max-video-preview:-1" />
<link rel="canonical" href="https://www.guerini.it/index.php/prodotto/quasi-tre-anni/" />
<meta property="og:locale" content="it_IT" />
<meta property="og:type" content="article" />
<meta property="og:title" content="Quasi tre anni | Guerini Editore" />
<meta property="og:description" content="Quasi tre anni è una testimonianza in presa diretta dei novecento giorni dell’assedio di Leningrado. Un contributo essenziale per il «mito dell’assedio»." />
<meta property="og:url" content="https://www.guerini.it/index.php/prodotto/quasi-tre-anni/" />
<meta property="og:site_name" content="Guerini e Associati" />
<meta property="article:modified_time" content="2024-06-09T18:25:28+00:00" />
<meta property="og:image" content="https://www.guerini.it/wp-content/uploads/2022/03/Quasi-tre-anni.webp" />
	<meta property="og:image:width" content="643" />
	<meta property="og:image:height" content="1000" />
	<meta property="og:image:type" content="image/webp" />
<meta name="twitter:card" content="summary_large_image" />
<meta name="twitter:label1" content="Tempo di lettura stimato" />
	<meta name="twitter:data1" content="3 minuti" />
<!-- / Yoast SEO plugin. -->

Quasi tre anni è una testimonianza in presa diretta dei novecento giorni dell’assedio di Leningrado. Un contributo essenziale per il «mito dell’assedio».

30 anni di libri, idee e libertà
