{"id":22555,"date":"2022-03-29T10:25:27","date_gmt":"2022-03-29T08:25:27","guid":{"rendered":"https:\/\/www.guerini.it\/?post_type=product&#038;p=22555"},"modified":"2024-06-09T20:25:29","modified_gmt":"2024-06-09T18:25:29","slug":"concorso-a-cattedra-scuola-secondaria-volume-2e","status":"publish","type":"product","link":"https:\/\/www.guerini.it\/index.php\/prodotto\/concorso-a-cattedra-scuola-secondaria-volume-2e\/","title":{"rendered":"Concorso a cattedra | Scuola secondaria | Volume 2e"},"content":{"rendered":"<p style=\"text-align: justify;\">Questo manuale, contenente unit\u00e0 di apprendimento di scienze economico-aziendali (classe di concorso A-45) destinate alla scuola secondaria di secondo grado, intende suggerire piste di lavoro, proposte argomentate e suggestioni operative a quanti, cimentandosi nelle prove concorsuali, intendano diventare gli attori, insieme alle studentesse e agli studenti, del processo di insegnamento\/apprendimento.<br \/>\nA fare da coach sono professionisti del mondo della scuola che, con i loro contributi, invitano a riflettere sui fondamenti e sulla struttura della progettazione curricolare disciplinare e interdisciplinare della classe, il cui solido possesso \u00e8 un elemento indispensabile per chi voglia insegnare. Dalla riflessione si perviene alla definizione concreta di esperienze di apprendimento significativo che tengono costantemente conto del curriculum per competenze, affinch\u00e9 gli studenti siano protagonisti del loro percorso formativo e acquisiscano piena consapevolezza di quale importante ruolo rivesta ci\u00f2 che hanno appreso, interiorizzato e agito nel contesto scolastico ai fini della conquista dell\u2019autonomia e della maturazione personale.<br \/>\nGli autori propongono scenari e modelli sostenuti da robuste conoscenze psicopedagogiche e normative, con lo scopo di rispondere sia all\u2018esigenza di innovare le pratiche didattiche, sia alla richiesta di sperimentare modalit\u00e0 diversificate per l\u2019efficace gestione degli ambienti di apprendimento.<br \/>\nLe unit\u00e0 di apprendimento nascono dall\u2019esperienza diretta di chi opera quotidianamente a contatto con gli studenti. Rappresentano la viva espressione di una pluralit\u00e0 di percorsi possibili in cui anche le tecnologie, insieme ai processi logici e comunicativi, agli aspetti metacognitivi e alla cura della relazione educativa, possono giocare un ruolo rilevante nell\u2019azione didattica e formativa quotidiana.<\/p>\n<hr \/>\n<p style=\"text-align: justify;\"><strong>Antonello Giannelli<\/strong>, Presidente dell\u2019ANP (Associazione nazionale dirigenti pubblici e alte professionalit\u00e0 della scuola), \u00e8 dirigente tecnico ed \u00e8 stato in precedenza dirigente scolastico e preside incaricato. Esperto di tematiche organizzative, gestionali e giuridiche afferenti al settore scolastico, fautore dell\u2019innovazione didattica, \u00e8 autore di numerose pubblicazioni di diritto scolastico. Per le nostre edizioni ha pubblicato <a href=\"https:\/\/www.guerini.it\/index.php\/prodotto\/guida-teorico-pratica-per-i-dirigenti-delle-scuole\/\"><em>Guida teorico-pratica per i dirigenti delle scuole<\/em><\/a> (2015), <a href=\"https:\/\/www.guerini.it\/index.php\/prodotto\/concorso-dirigenti-scolastici\/\"><em>Concorso dirigenti scolastici. Manuale per la preparazione<\/em><\/a> (2017), <a href=\"https:\/\/www.guerini.it\/index.php\/prodotto\/concorso-dirigenti-scolastici-prova-orale-prevendita\/\"><em>Concorso dirigenti scolastici. Prova Orale<\/em><\/a> (a cura, 2019), <a href=\"https:\/\/www.guerini.it\/index.php\/prodotto\/prevendita-concorso-dirigenti-scolastici-2019\/\"><em>Concorso dirigenti scolastici. Edizione aggiornata<\/em><\/a> (2019), <a href=\"https:\/\/www.guerini.it\/index.php\/prodotto\/rivoluzionare-la-scuola-con-gentilezza\/\"><em>Rivoluzionare la scuola con gentilezza. Idee e proposte didattiche per vincere una delle maggiori sfide del XXI secolo<\/em><\/a> (2019). Ha curato inoltre i manuali <em>Concorso a cattedra 2020. Scuola dell\u2019infanzia<\/em> (voll. <a href=\"https:\/\/www.guerini.it\/index.php\/prodotto\/concorso-a-cattedra-2020-br-scuola-dell-infanzia-br-webinar-ed-espansioni-online\/\">1<\/a> e 2) e <em>Concorso a cattedra 2020. Scuola primaria<\/em> (voll. <a href=\"https:\/\/www.guerini.it\/index.php\/prodotto\/concorso-a-cattedra-2020-scuola-primaria-webinar-ed-espansioni-online\/\">1<\/a> e <a href=\"https:\/\/www.guerini.it\/index.php\/prodotto\/concorso-a-cattedra-2020-scuola-dell-infanzia-webinar-ed-espansioni-online\/\">2<\/a>) (2020).<\/p>\n<p style=\"text-align: justify;\"><strong>Raffaella Briani<\/strong>, attualmente distaccata presso l\u2019ANP (Associazione nazionale dirigenti pubblici e alte professionalit\u00e0 della scuola), \u00e8 dirigente scolastico dal 2012. Abilitata all\u2019esercizio della professione forense, \u00e8 autrice di diverse pubblicazioni di diritto amministrativo e di giustizia amministrativa, tra cui la monografia <em>L\u2019istruzione probatoria nel processo amministrativo<\/em> (Milano 2013). Ha collaborato inoltre alla cura dei manuali <em>Concorso a cattedra 2020. Scuola dell\u2019infanzia<\/em> (voll. 1 e 2) e<em> Concorso a cattedra 2020. Scuola primaria<\/em> (voll. 1 e 2) (2020), pubblicati presso le nostre edizioni.<\/p>\n<p style=\"text-align: justify;\"><strong>Sandra Scicolone<\/strong>, attuale componente dello staff Nazionale dell\u2019ANP (Associazione Nazionale dirigenti pubblici e alte professionalit\u00e0 della scuola), \u00e8 dirigente scolastico dal 2013. Svolge intensa attivit\u00e0 di formazione e aggiornamento per dirigenti e docenti su tematiche organizzative e didattiche. Come autore ha contribuito, di recente, ai manuali <em>Concorso dirigenti scolastici. Prova Orale<\/em> (2019); ha collaborato inoltre alla cura dei manuali <em>Concorso a cattedra 2020. Scuola dell\u2019infanzia<\/em> (voll. 1 e 2) e <em>Concorso a cattedra 2020. Scuola primaria<\/em> (voll. 1 e 2) (2020), tutti pubblicati presso le nostre edizioni.<\/p>\n","protected":false},"excerpt":{"rendered":"<p>Questo manuale, contenente unit\u00e0 di apprendimento di scienze economico-aziendali (classe di concorso A-45) destinate alla scuola secondaria di secondo grado, intende suggerire piste di lavoro, proposte argomentate e suggestioni operative [&hellip;]<\/p>\n","protected":false},"featured_media":23378,"template":"","meta":{"_editorskit_title_hidden":false,"_editorskit_reading_time":0,"_editorskit_is_block_options_detached":false,"_editorskit_block_options_position":"{}","_monsterinsights_skip_tracking":false,"_monsterinsights_sitenote_active":false,"_monsterinsights_sitenote_note":"","_monsterinsights_sitenote_category":0},"product_brand":[],"product_cat":[6787,8379,6692],"product_tag":[8020,8018,8021],"class_list":{"0":"post-22555","1":"product","2":"type-product","3":"status-publish","4":"has-post-thumbnail","6":"product_cat-concorso-pubblico","7":"product_cat-manuali","8":"product_cat-concorso-a-cattedra","9":"product_tag-concorso-a-cattedra","10":"product_tag-manuale","11":"product_tag-scienze-economico-aziendali","12":"pa_guerini_amazon_link-https-www-amazon-it-concorso-cattedra-2020-scuola-secondaria-dp-8862509871","13":"pa_guerini_feltrinelli_link-https-www-lafeltrinelli-it-concorso-a-cattedra-2020-scuola-libro-vari-e-9788862509879","14":"pa_guerini_ibs_link-https-www-ibs-it-concorso-a-cattedra-2020-scuola-libro-vari-e-9788862509879","15":"pa_guerini_libruniver_link-https-www-libreriauniversitaria-it-concorso-cattedra-2020-scuola-secondaria-libro-9788862509879","16":"pa_guerini_link_amazon-https-www-amazon-it-concorso-cattedra-scuola-secondaria-economico-aziendali-ebook-dp-b09ycdzzbg","17":"pa_guerini_link_apple_ibook-https-books-apple-com-it-book-concorso-a-cattedra-scuola-secondaria-vol-2e-id1620013305","18":"pa_guerini_link_bookrepublic-https-www-bookrepublic-it-ebook-9788881954582-concorso-a-cattedra-scuola-secondaria-vol-2e-scienze-economico-aziendali-classe-di-concorso-a-45-con-webinar-di-approfondimento-online-goware","19":"pa_guerini_link_giunti_punto-https-www-giuntialpunto-it-product-b09ycdzzbg-libri-concorso-cattedra-scuola-secondaria-vol-2e-scienze-economico-aziendali","20":"pa_guerini_link_google_play-https-play-google-com-store-books-details-antonello_giannelli_concorso_a_cattedra_scuola_secidhlhreaaaqbaj","21":"pa_guerini_link_ibs-https-www-ibs-it-concorso-a-cattedra-scuola-secondaria-libro-vari-e-9788862509879","22":"pa_guerini_link_kobo-https-www-kobo-com-it-it-ebook-concorso-a-cattedra-scuola-secondaria-vol-2e-scienze-economico-aziendali-classe-di-concorso-a-45-con-webinar-di-approfondimento-online","23":"pa_guerini_link_lafeltrinelli-https-www-lafeltrinelli-it-concorso-a-cattedra-scuola-secondaria-ebook-vari-e-9788881954582","24":"pa_guerini_link_mondadori-https-www-mondadoristore-it-concorso-cattedra-scuola-a-cura-di-antonello-giannelli-eai978888195458","25":"pa_guerini_mondadori_link-https-www-mondadoristore-it-concorso-cattedra-scuola-na-eai978886250987","27":"first","28":"instock","29":"sale","30":"shipping-taxable","31":"purchasable","32":"product-type-simple"},"yoast_head":"<!-- This site is optimized with the Yoast SEO plugin v25.4 - https:\/\/yoast.com\/wordpress\/plugins\/seo\/ -->\n<title>Concorso a cattedra | Scuola secondaria | Volume 2e - Guerini e Associati<\/title>\n<meta name=\"robots\" content=\"index, follow, max-snippet:-1, max-image-preview:large, max-video-preview:-1\" \/>\n<link rel=\"canonical\" href=\"https:\/\/www.guerini.it\/index.php\/prodotto\/concorso-a-cattedra-scuola-secondaria-volume-2e\/\" \/>\n<meta property=\"og:locale\" content=\"it_IT\" \/>\n<meta property=\"og:type\" content=\"article\" \/>\n<meta property=\"og:title\" content=\"Concorso a cattedra | Scuola secondaria | Volume 2e - Guerini e Associati\" \/>\n<meta property=\"og:description\" content=\"Questo manuale, contenente unit\u00e0 di apprendimento di scienze economico-aziendali (classe di concorso A-45) destinate alla scuola secondaria di secondo grado, intende suggerire piste di lavoro, proposte argomentate e suggestioni operative [&hellip;]\" \/>\n<meta property=\"og:url\" content=\"https:\/\/www.guerini.it\/index.php\/prodotto\/concorso-a-cattedra-scuola-secondaria-volume-2e\/\" \/>\n<meta property=\"og:site_name\" content=\"Guerini e Associati\" \/>\n<meta property=\"article:modified_time\" content=\"2024-06-09T18:25:29+00:00\" \/>\n<meta property=\"og:image\" content=\"https:\/\/www.guerini.it\/wp-content\/uploads\/2022\/03\/Concorso-a-cattedra-scuola-secondaria-2e.webp\" \/>\n\t<meta property=\"og:image:width\" content=\"708\" \/>\n\t<meta property=\"og:image:height\" content=\"1000\" \/>\n\t<meta property=\"og:image:type\" content=\"image\/webp\" \/>\n<meta name=\"twitter:card\" content=\"summary_large_image\" \/>\n<meta name=\"twitter:label1\" content=\"Tempo di lettura stimato\" \/>\n\t<meta name=\"twitter:data1\" content=\"4 minuti\" \/>\n<!-- \/ Yoast SEO plugin. -->","yoast_head_json":{"title":"Concorso a cattedra | Scuola secondaria | Volume 2e - Guerini e Associati","robots":{"index":"index","follow":"follow","max-snippet":"max-snippet:-1","max-image-preview":"max-image-preview:large","max-video-preview":"max-video-preview:-1"},"canonical":"https:\/\/www.guerini.it\/index.php\/prodotto\/concorso-a-cattedra-scuola-secondaria-volume-2e\/","og_locale":"it_IT","og_type":"article","og_title":"Concorso a cattedra | Scuola secondaria | Volume 2e - Guerini e Associati","og_description":"Questo manuale, contenente unit\u00e0 di apprendimento di scienze economico-aziendali (classe di concorso A-45) destinate alla scuola secondaria di secondo grado, intende suggerire piste di lavoro, proposte argomentate e suggestioni operative [&hellip;]","og_url":"https:\/\/www.guerini.it\/index.php\/prodotto\/concorso-a-cattedra-scuola-secondaria-volume-2e\/","og_site_name":"Guerini e Associati","article_modified_time":"2024-06-09T18:25:29+00:00","og_image":[{"width":708,"height":1000,"url":"https:\/\/www.guerini.it\/wp-content\/uploads\/2022\/03\/Concorso-a-cattedra-scuola-secondaria-2e.webp","type":"image\/webp"}],"twitter_card":"summary_large_image","twitter_misc":{"Tempo di lettura stimato":"4 minuti"},"schema":{"@context":"https:\/\/schema.org","@graph":[{"@type":"WebPage","@id":"https:\/\/www.guerini.it\/index.php\/prodotto\/concorso-a-cattedra-scuola-secondaria-volume-2e\/","url":"https:\/\/www.guerini.it\/index.php\/prodotto\/concorso-a-cattedra-scuola-secondaria-volume-2e\/","name":"Concorso a cattedra | Scuola secondaria | Volume 2e - Guerini e Associati","isPartOf":{"@id":"https:\/\/www.guerini.it\/#website"},"primaryImageOfPage":{"@id":"https:\/\/www.guerini.it\/index.php\/prodotto\/concorso-a-cattedra-scuola-secondaria-volume-2e\/#primaryimage"},"image":{"@id":"https:\/\/www.guerini.it\/index.php\/prodotto\/concorso-a-cattedra-scuola-secondaria-volume-2e\/#primaryimage"},"thumbnailUrl":"https:\/\/www.guerini.it\/wp-content\/uploads\/2022\/03\/Concorso-a-cattedra-scuola-secondaria-2e.webp","datePublished":"2022-03-29T08:25:27+00:00","dateModified":"2024-06-09T18:25:29+00:00","breadcrumb":{"@id":"https:\/\/www.guerini.it\/index.php\/prodotto\/concorso-a-cattedra-scuola-secondaria-volume-2e\/#breadcrumb"},"inLanguage":"it-IT","potentialAction":[{"@type":"ReadAction","target":["https:\/\/www.guerini.it\/index.php\/prodotto\/concorso-a-cattedra-scuola-secondaria-volume-2e\/"]}]},{"@type":"ImageObject","inLanguage":"it-IT","@id":"https:\/\/www.guerini.it\/index.php\/prodotto\/concorso-a-cattedra-scuola-secondaria-volume-2e\/#primaryimage","url":"https:\/\/www.guerini.it\/wp-content\/uploads\/2022\/03\/Concorso-a-cattedra-scuola-secondaria-2e.webp","contentUrl":"https:\/\/www.guerini.it\/wp-content\/uploads\/2022\/03\/Concorso-a-cattedra-scuola-secondaria-2e.webp","width":708,"height":1000,"caption":"Copertina del volume Concorso a cattedra. Scuola secondaria. Volume 2e, Guerini e Associati, 2022"},{"@type":"BreadcrumbList","@id":"https:\/\/www.guerini.it\/index.php\/prodotto\/concorso-a-cattedra-scuola-secondaria-volume-2e\/#breadcrumb","itemListElement":[{"@type":"ListItem","position":1,"name":"Home","item":"https:\/\/www.guerini.it\/"},{"@type":"ListItem","position":2,"name":"Catalogo","item":"https:\/\/www.guerini.it\/index.php\/negozio\/"},{"@type":"ListItem","position":3,"name":"Concorso a cattedra | Scuola secondaria | Volume 2e"}]},{"@type":"WebSite","@id":"https:\/\/www.guerini.it\/#website","url":"https:\/\/www.guerini.it\/","name":"Guerini e Associati","description":"30 anni di libri, idee e libert\u00e0","publisher":{"@id":"https:\/\/www.guerini.it\/#organization"},"potentialAction":[{"@type":"SearchAction","target":{"@type":"EntryPoint","urlTemplate":"https:\/\/www.guerini.it\/?s={search_term_string}"},"query-input":{"@type":"PropertyValueSpecification","valueRequired":true,"valueName":"search_term_string"}}],"inLanguage":"it-IT"},{"@type":"Organization","@id":"https:\/\/www.guerini.it\/#organization","name":"Guerini e Associati","url":"https:\/\/www.guerini.it\/","logo":{"@type":"ImageObject","inLanguage":"it-IT","@id":"https:\/\/www.guerini.it\/#\/schema\/logo\/image\/","url":"https:\/\/www.guerini.it\/wp-content\/uploads\/2021\/03\/Logo-Guerini-OK_-e1615831292285.png","contentUrl":"https:\/\/www.guerini.it\/wp-content\/uploads\/2021\/03\/Logo-Guerini-OK_-e1615831292285.png","width":2805,"height":1870,"caption":"Guerini e Associati"},"image":{"@id":"https:\/\/www.guerini.it\/#\/schema\/logo\/image\/"}}]}},"_links":{"self":[{"href":"https:\/\/www.guerini.it\/index.php\/wp-json\/wp\/v2\/product\/22555","targetHints":{"allow":["GET"]}}],"collection":[{"href":"https:\/\/www.guerini.it\/index.php\/wp-json\/wp\/v2\/product"}],"about":[{"href":"https:\/\/www.guerini.it\/index.php\/wp-json\/wp\/v2\/types\/product"}],"wp:featuredmedia":[{"embeddable":true,"href":"https:\/\/www.guerini.it\/index.php\/wp-json\/wp\/v2\/media\/23378"}],"wp:attachment":[{"href":"https:\/\/www.guerini.it\/index.php\/wp-json\/wp\/v2\/media?parent=22555"}],"wp:term":[{"taxonomy":"product_brand","embeddable":true,"href":"https:\/\/www.guerini.it\/index.php\/wp-json\/wp\/v2\/product_brand?post=22555"},{"taxonomy":"product_cat","embeddable":true,"href":"https:\/\/www.guerini.it\/index.php\/wp-json\/wp\/v2\/product_cat?post=22555"},{"taxonomy":"product_tag","embeddable":true,"href":"https:\/\/www.guerini.it\/index.php\/wp-json\/wp\/v2\/product_tag?post=22555"}],"curies":[{"name":"wp","href":"https:\/\/api.w.org\/{rel}","templated":true}]}}