{"id":22557,"date":"2022-03-29T11:17:20","date_gmt":"2022-03-29T09:17:20","guid":{"rendered":"https:\/\/www.guerini.it\/?post_type=product&#038;p=22557"},"modified":"2024-07-01T14:36:51","modified_gmt":"2024-07-01T12:36:51","slug":"teatri-e-sfera-pubblica-nella-societa-globalizzata-e-digitalizzata","status":"publish","type":"product","link":"https:\/\/www.guerini.it\/index.php\/prodotto\/teatri-e-sfera-pubblica-nella-societa-globalizzata-e-digitalizzata\/","title":{"rendered":"Teatri e sfera pubblica nella societ\u00e0 globalizzata e digitalizzata"},"content":{"rendered":"<p style=\"text-align: justify;\">Qual \u00e8 il ruolo del teatro nella societ\u00e0 contemporanea? Come \u00e8 cambiata la funzione sociale della performance nell\u2019epoca della realt\u00e0 virtuale? Quali nuovi spazi ha acquisito e quali nuove funzionalit\u00e0 sono emerse? Le riflessioni disciplinari che compongono questo volume emergono da dati teorici ed empirici orientati ad ampliare la visuale sociologica estendendola alle funzioni sociali della performance e alla potenzialit\u00e0 trasformativa e politica sprigionata dalle forme artistiche, in questo caso il teatro.<br \/>\nIl senso e il valore di questo volume risiedono nel presentare una pluralit\u00e0 di riflessioni teoriche e ricerche che manifestano la potenza di coinvolgimento sociale della performance, non come mero intrattenimento, ma come forma terapeutica collettiva, come spunto per la riflessione a diversi livelli, sia scientifico che culturale e per la resistenza civile. Ulteriormente, emerge dai testi la necessit\u00e0 di riscoprire il valore delle istituzioni culturali per ripensarle alla luce di una urgenza sociale molteplice: sia per la costruzione del tessuto collettivo che per il ruolo istituzionale di mediazione, ascolto e restituzione in termini creativo-culturali delle necessit\u00e0 del contesto sociale del quale sono espressione.<\/p>\n<hr \/>\n<p style=\"text-align: justify;\"><strong>Ilaria Riccioni<\/strong> \u00e8 ricercatrice confermata\/professoressa aggregata in Sociologia generale presso la Libera Universit\u00e0 di Bolzano dal 2007. Si occupa da anni di impatto sociale dell\u2019arte e della cultura nelle dinamiche di inclusione, di creativit\u00e0 e innovazione sociale attraverso le teorie classiche e contemporanee della teoria critica e sociologica. Ha condotto molta ricerca sul campo qualitativa e studi teorici sui classici della sociologia. Tra le sue recenti pubblicazioni: <em>Teatro e societ\u00e0. Il caso dello Stabile di Bolzano<\/em>, 2020; <em>\u00c9lite e partecipazione politica. Saggio su Vilfredo Pareto<\/em>, 2016.<\/p>\n","protected":false},"excerpt":{"rendered":"<p>Qual \u00e8 il ruolo del teatro nella societ\u00e0 contemporanea? Come \u00e8 cambiata la funzione sociale della performance nell\u2019epoca della realt\u00e0 virtuale? Quali nuovi spazi ha acquisito e quali nuove funzionalit\u00e0 [&hellip;]<\/p>\n","protected":false},"featured_media":22558,"template":"","meta":{"_editorskit_title_hidden":false,"_editorskit_reading_time":0,"_editorskit_is_block_options_detached":false,"_editorskit_block_options_position":"{}","_monsterinsights_skip_tracking":false,"_monsterinsights_sitenote_active":false,"_monsterinsights_sitenote_note":"","_monsterinsights_sitenote_category":0},"product_brand":[],"product_cat":[6538],"product_tag":[8025,8024,6816,8023,7532],"class_list":{"0":"post-22557","1":"product","2":"type-product","3":"status-publish","4":"has-post-thumbnail","6":"product_cat-sociologia-e-comunicazione","7":"product_tag-cultura","8":"product_tag-performance","9":"product_tag-societa","10":"product_tag-teatro","11":"product_tag-universita","12":"pa_guerini_amazon_link-https-www-amazon-it-teatri-pubblica-societ-globalizzata-digitalizzata-dp-8881074656","13":"pa_guerini_feltrinelli_link-https-www-lafeltrinelli-it-teatri-sfera-pubblica-nella-societa-libro-vari-e-9788881074655","14":"pa_guerini_ibs_link-https-www-ibs-it-teatri-sfera-pubblica-nella-societa-libro-vari-e-9788881074655","15":"pa_guerini_libruniver_link-https-www-libreriauniversitaria-it-teatri-sfera-pubblica-societa-globalizzata-libro-9788881074655","16":"pa_guerini_mondadori_link-https-www-mondadoristore-it-teatri-sfera-pubblica-societa-na-eai978888107465","18":"first","19":"instock","20":"sale","21":"shipping-taxable","22":"purchasable","23":"product-type-simple"},"yoast_head":"<!-- This site is optimized with the Yoast SEO plugin v25.4 - https:\/\/yoast.com\/wordpress\/plugins\/seo\/ -->\n<title>Teatri e sfera pubblica nella societ\u00e0 globalizzata e digitalizzata - Guerini e Associati<\/title>\n<meta name=\"robots\" content=\"index, follow, max-snippet:-1, max-image-preview:large, max-video-preview:-1\" \/>\n<link rel=\"canonical\" href=\"https:\/\/www.guerini.it\/index.php\/prodotto\/teatri-e-sfera-pubblica-nella-societa-globalizzata-e-digitalizzata\/\" \/>\n<meta property=\"og:locale\" content=\"it_IT\" \/>\n<meta property=\"og:type\" content=\"article\" \/>\n<meta property=\"og:title\" content=\"Teatri e sfera pubblica nella societ\u00e0 globalizzata e digitalizzata - Guerini e Associati\" \/>\n<meta property=\"og:description\" content=\"Qual \u00e8 il ruolo del teatro nella societ\u00e0 contemporanea? Come \u00e8 cambiata la funzione sociale della performance nell\u2019epoca della realt\u00e0 virtuale? Quali nuovi spazi ha acquisito e quali nuove funzionalit\u00e0 [&hellip;]\" \/>\n<meta property=\"og:url\" content=\"https:\/\/www.guerini.it\/index.php\/prodotto\/teatri-e-sfera-pubblica-nella-societa-globalizzata-e-digitalizzata\/\" \/>\n<meta property=\"og:site_name\" content=\"Guerini e Associati\" \/>\n<meta property=\"article:modified_time\" content=\"2024-07-01T12:36:51+00:00\" \/>\n<meta property=\"og:image\" content=\"https:\/\/www.guerini.it\/wp-content\/uploads\/2022\/03\/9788881074655-e1648545229228.jpg\" \/>\n\t<meta property=\"og:image:width\" content=\"248\" \/>\n\t<meta property=\"og:image:height\" content=\"350\" \/>\n\t<meta property=\"og:image:type\" content=\"image\/jpeg\" \/>\n<meta name=\"twitter:card\" content=\"summary_large_image\" \/>\n<meta name=\"twitter:label1\" content=\"Tempo di lettura stimato\" \/>\n\t<meta name=\"twitter:data1\" content=\"2 minuti\" \/>\n<!-- \/ Yoast SEO plugin. -->","yoast_head_json":{"title":"Teatri e sfera pubblica nella societ\u00e0 globalizzata e digitalizzata - Guerini e Associati","robots":{"index":"index","follow":"follow","max-snippet":"max-snippet:-1","max-image-preview":"max-image-preview:large","max-video-preview":"max-video-preview:-1"},"canonical":"https:\/\/www.guerini.it\/index.php\/prodotto\/teatri-e-sfera-pubblica-nella-societa-globalizzata-e-digitalizzata\/","og_locale":"it_IT","og_type":"article","og_title":"Teatri e sfera pubblica nella societ\u00e0 globalizzata e digitalizzata - Guerini e Associati","og_description":"Qual \u00e8 il ruolo del teatro nella societ\u00e0 contemporanea? Come \u00e8 cambiata la funzione sociale della performance nell\u2019epoca della realt\u00e0 virtuale? Quali nuovi spazi ha acquisito e quali nuove funzionalit\u00e0 [&hellip;]","og_url":"https:\/\/www.guerini.it\/index.php\/prodotto\/teatri-e-sfera-pubblica-nella-societa-globalizzata-e-digitalizzata\/","og_site_name":"Guerini e Associati","article_modified_time":"2024-07-01T12:36:51+00:00","og_image":[{"width":248,"height":350,"url":"https:\/\/www.guerini.it\/wp-content\/uploads\/2022\/03\/9788881074655-e1648545229228.jpg","type":"image\/jpeg"}],"twitter_card":"summary_large_image","twitter_misc":{"Tempo di lettura stimato":"2 minuti"},"schema":{"@context":"https:\/\/schema.org","@graph":[{"@type":"WebPage","@id":"https:\/\/www.guerini.it\/index.php\/prodotto\/teatri-e-sfera-pubblica-nella-societa-globalizzata-e-digitalizzata\/","url":"https:\/\/www.guerini.it\/index.php\/prodotto\/teatri-e-sfera-pubblica-nella-societa-globalizzata-e-digitalizzata\/","name":"Teatri e sfera pubblica nella societ\u00e0 globalizzata e digitalizzata - Guerini e Associati","isPartOf":{"@id":"https:\/\/www.guerini.it\/#website"},"primaryImageOfPage":{"@id":"https:\/\/www.guerini.it\/index.php\/prodotto\/teatri-e-sfera-pubblica-nella-societa-globalizzata-e-digitalizzata\/#primaryimage"},"image":{"@id":"https:\/\/www.guerini.it\/index.php\/prodotto\/teatri-e-sfera-pubblica-nella-societa-globalizzata-e-digitalizzata\/#primaryimage"},"thumbnailUrl":"https:\/\/www.guerini.it\/wp-content\/uploads\/2022\/03\/9788881074655-e1648545229228.jpg","datePublished":"2022-03-29T09:17:20+00:00","dateModified":"2024-07-01T12:36:51+00:00","breadcrumb":{"@id":"https:\/\/www.guerini.it\/index.php\/prodotto\/teatri-e-sfera-pubblica-nella-societa-globalizzata-e-digitalizzata\/#breadcrumb"},"inLanguage":"it-IT","potentialAction":[{"@type":"ReadAction","target":["https:\/\/www.guerini.it\/index.php\/prodotto\/teatri-e-sfera-pubblica-nella-societa-globalizzata-e-digitalizzata\/"]}]},{"@type":"ImageObject","inLanguage":"it-IT","@id":"https:\/\/www.guerini.it\/index.php\/prodotto\/teatri-e-sfera-pubblica-nella-societa-globalizzata-e-digitalizzata\/#primaryimage","url":"https:\/\/www.guerini.it\/wp-content\/uploads\/2022\/03\/9788881074655-e1648545229228.jpg","contentUrl":"https:\/\/www.guerini.it\/wp-content\/uploads\/2022\/03\/9788881074655-e1648545229228.jpg","width":248,"height":350,"caption":"Copertina del volume Teatri e sfera pubblica nella societ\u00e0 globalizzata e digitalizzata"},{"@type":"BreadcrumbList","@id":"https:\/\/www.guerini.it\/index.php\/prodotto\/teatri-e-sfera-pubblica-nella-societa-globalizzata-e-digitalizzata\/#breadcrumb","itemListElement":[{"@type":"ListItem","position":1,"name":"Home","item":"https:\/\/www.guerini.it\/"},{"@type":"ListItem","position":2,"name":"Catalogo","item":"https:\/\/www.guerini.it\/index.php\/negozio\/"},{"@type":"ListItem","position":3,"name":"Teatri e sfera pubblica nella societ\u00e0 globalizzata e digitalizzata"}]},{"@type":"WebSite","@id":"https:\/\/www.guerini.it\/#website","url":"https:\/\/www.guerini.it\/","name":"Guerini e Associati","description":"30 anni di libri, idee e libert\u00e0","publisher":{"@id":"https:\/\/www.guerini.it\/#organization"},"potentialAction":[{"@type":"SearchAction","target":{"@type":"EntryPoint","urlTemplate":"https:\/\/www.guerini.it\/?s={search_term_string}"},"query-input":{"@type":"PropertyValueSpecification","valueRequired":true,"valueName":"search_term_string"}}],"inLanguage":"it-IT"},{"@type":"Organization","@id":"https:\/\/www.guerini.it\/#organization","name":"Guerini e Associati","url":"https:\/\/www.guerini.it\/","logo":{"@type":"ImageObject","inLanguage":"it-IT","@id":"https:\/\/www.guerini.it\/#\/schema\/logo\/image\/","url":"https:\/\/www.guerini.it\/wp-content\/uploads\/2021\/03\/Logo-Guerini-OK_-e1615831292285.png","contentUrl":"https:\/\/www.guerini.it\/wp-content\/uploads\/2021\/03\/Logo-Guerini-OK_-e1615831292285.png","width":2805,"height":1870,"caption":"Guerini e Associati"},"image":{"@id":"https:\/\/www.guerini.it\/#\/schema\/logo\/image\/"}}]}},"_links":{"self":[{"href":"https:\/\/www.guerini.it\/index.php\/wp-json\/wp\/v2\/product\/22557","targetHints":{"allow":["GET"]}}],"collection":[{"href":"https:\/\/www.guerini.it\/index.php\/wp-json\/wp\/v2\/product"}],"about":[{"href":"https:\/\/www.guerini.it\/index.php\/wp-json\/wp\/v2\/types\/product"}],"wp:featuredmedia":[{"embeddable":true,"href":"https:\/\/www.guerini.it\/index.php\/wp-json\/wp\/v2\/media\/22558"}],"wp:attachment":[{"href":"https:\/\/www.guerini.it\/index.php\/wp-json\/wp\/v2\/media?parent=22557"}],"wp:term":[{"taxonomy":"product_brand","embeddable":true,"href":"https:\/\/www.guerini.it\/index.php\/wp-json\/wp\/v2\/product_brand?post=22557"},{"taxonomy":"product_cat","embeddable":true,"href":"https:\/\/www.guerini.it\/index.php\/wp-json\/wp\/v2\/product_cat?post=22557"},{"taxonomy":"product_tag","embeddable":true,"href":"https:\/\/www.guerini.it\/index.php\/wp-json\/wp\/v2\/product_tag?post=22557"}],"curies":[{"name":"wp","href":"https:\/\/api.w.org\/{rel}","templated":true}]}}