{"id":22586,"date":"2022-04-07T13:45:33","date_gmt":"2022-04-07T11:45:33","guid":{"rendered":"https:\/\/www.guerini.it\/?post_type=product&#038;p=22586"},"modified":"2024-06-09T20:25:33","modified_gmt":"2024-06-09T18:25:33","slug":"sul-metaxu-in-platone","status":"publish","type":"product","link":"https:\/\/www.guerini.it\/index.php\/prodotto\/sul-metaxu-in-platone\/","title":{"rendered":"Sul metaxu in Platone"},"content":{"rendered":"<p style=\"text-align: justify;\">M\u03b5\u03c4\u03b1\u03be\u03cd, avverbio composto con valore di preposizione, articola il preverbo \u03bc\u03b5\u03c4\u03ac (fra, in mezzo) con la funzione connettiva di \u03c3\u03cd\u03bd (con, assieme, unitamente a), denotando \u00ablo spazio\u00bb che sta \u00abin mezzo e mette in relazione\u00bb: valore semantico, questo, cristallizzato nella funzione avverbiale di \u00abintervallo\u00bb spaziale (in mezzo, fra) e, per estensione, <span style=\"text-align: left;\">temporale (nel mezzo di, frattanto, mentre). Il testo affronta l\u2019uso, nei dialoghi platonici, dell\u2019avverbio \u03bc\u03b5\u03c4\u03b1\u03be\u03cd per cogliere nessi e differenze rispetto all\u2019aggettivo \u03bc\u03ad\u03c3\u03bf\u03c2 (medio, in mezzo, centrale). Sulla base dei risultati ottenuti, il lavoro propone un itinerario sul \u00abruolo\u00bb filosofico del \u03bc\u03b5\u03c4\u03b1\u03be\u03cd nel pensiero di Platone, recuperando il senso di \u00abun luogo della relazione\u00bb che ha a che fare con l\u2019origine della stessa filosofia. La dinamica relazionale, che il \u03bc\u03b5\u03c4\u03b1\u03be\u03cd lascia intravedere, \u00e8 data non gi\u00e0 dalla riduzione o dall\u2019abolizione delle differenze in quanto tali, ma dal loro effettivo sviluppo; nel \u00abtra\u00bb l\u2019infinit\u00e0 molteplicit\u00e0 del reale si articola, si incontra, si scontra, si scompone e si ricompone, e la relazione che esso annuncia, per quanto complessa, pu\u00f2 essere affrontata non ignorata.<\/span><\/p>\n<hr \/>\n<p style=\"text-align: justify;\"><strong>Marco Martino<\/strong>, \u00e8 professore stabile straordinario di Filosofia teoretica presso l\u2019Istituto Universitario Sophia. Tra le sue ultime pubblicazioni: <em>Introdu\u00e7\u00e3o \u00e0 filosofia. Cinco palavras-chave<\/em>, Brasil 2021; <em>D\u2019improvviso. La via del \u201cnon\u201d, a partire da Platone<\/em>, Roma 2020; <em>Il sistema dei bisogni in Hegel. Un possibile itinerario<\/em>, Roma 2019.<\/p>\n","protected":false},"excerpt":{"rendered":"<p>M\u03b5\u03c4\u03b1\u03be\u03cd, avverbio composto con valore di preposizione, articola il preverbo \u03bc\u03b5\u03c4\u03ac (fra, in mezzo) con la funzione connettiva di \u03c3\u03cd\u03bd (con, assieme, unitamente a), denotando \u00ablo spazio\u00bb che sta \u00abin [&hellip;]<\/p>\n","protected":false},"featured_media":22587,"template":"","meta":{"_editorskit_title_hidden":false,"_editorskit_reading_time":0,"_editorskit_is_block_options_detached":false,"_editorskit_block_options_position":"{}","_monsterinsights_skip_tracking":false,"_monsterinsights_sitenote_active":false,"_monsterinsights_sitenote_note":"","_monsterinsights_sitenote_category":0},"product_brand":[],"product_cat":[6530],"product_tag":[7526,8104,8103],"class_list":{"0":"post-22586","1":"product","2":"type-product","3":"status-publish","4":"has-post-thumbnail","6":"product_cat-filosofia","7":"product_tag-filosofia","8":"product_tag-pensiero","9":"product_tag-platone","10":"pa_guerini_amazon_link-https-www-amazon-it-metaxu-platone-itinerario-marco-martino-dp-8881074648","11":"pa_guerini_feltrinelli_link-https-www-lafeltrinelli-it-sul-metaxu-in-platone-itinerario-libro-marco-martino-e-9788881074648","12":"pa_guerini_ibs_link-https-www-ibs-it-sul-metaxu-in-platone-itinerario-libro-marco-martino-e-9788881074648","13":"pa_guerini_libruniver_link-https-www-libreriauniversitaria-it-metaxu-platone-itinerario-martino-marco-libro-9788881074648","14":"pa_guerini_mondadori_link-https-www-mondadoristore-it-sul-metaxu-platone-itinerario-marco-martino-eai978888107464","16":"first","17":"instock","18":"sale","19":"shipping-taxable","20":"purchasable","21":"product-type-simple"},"yoast_head":"<!-- This site is optimized with the Yoast SEO plugin v25.4 - https:\/\/yoast.com\/wordpress\/plugins\/seo\/ -->\n<title>Sul metaxu in Platone - Guerini e Associati<\/title>\n<meta name=\"robots\" content=\"index, follow, max-snippet:-1, max-image-preview:large, max-video-preview:-1\" \/>\n<link rel=\"canonical\" href=\"https:\/\/www.guerini.it\/index.php\/prodotto\/sul-metaxu-in-platone\/\" \/>\n<meta property=\"og:locale\" content=\"it_IT\" \/>\n<meta property=\"og:type\" content=\"article\" \/>\n<meta property=\"og:title\" content=\"Sul metaxu in Platone - Guerini e Associati\" \/>\n<meta property=\"og:description\" content=\"M\u03b5\u03c4\u03b1\u03be\u03cd, avverbio composto con valore di preposizione, articola il preverbo \u03bc\u03b5\u03c4\u03ac (fra, in mezzo) con la funzione connettiva di \u03c3\u03cd\u03bd (con, assieme, unitamente a), denotando \u00ablo spazio\u00bb che sta \u00abin [&hellip;]\" \/>\n<meta property=\"og:url\" content=\"https:\/\/www.guerini.it\/index.php\/prodotto\/sul-metaxu-in-platone\/\" \/>\n<meta property=\"og:site_name\" content=\"Guerini e Associati\" \/>\n<meta property=\"article:modified_time\" content=\"2024-06-09T18:25:33+00:00\" \/>\n<meta property=\"og:image\" content=\"https:\/\/www.guerini.it\/wp-content\/uploads\/2022\/04\/9788881074648-e1649331894602.jpg\" \/>\n\t<meta property=\"og:image:width\" content=\"226\" \/>\n\t<meta property=\"og:image:height\" content=\"350\" \/>\n\t<meta property=\"og:image:type\" content=\"image\/jpeg\" \/>\n<meta name=\"twitter:card\" content=\"summary_large_image\" \/>\n<meta name=\"twitter:label1\" content=\"Tempo di lettura stimato\" \/>\n\t<meta name=\"twitter:data1\" content=\"2 minuti\" \/>\n<!-- \/ Yoast SEO plugin. -->","yoast_head_json":{"title":"Sul metaxu in Platone - Guerini e Associati","robots":{"index":"index","follow":"follow","max-snippet":"max-snippet:-1","max-image-preview":"max-image-preview:large","max-video-preview":"max-video-preview:-1"},"canonical":"https:\/\/www.guerini.it\/index.php\/prodotto\/sul-metaxu-in-platone\/","og_locale":"it_IT","og_type":"article","og_title":"Sul metaxu in Platone - Guerini e Associati","og_description":"M\u03b5\u03c4\u03b1\u03be\u03cd, avverbio composto con valore di preposizione, articola il preverbo \u03bc\u03b5\u03c4\u03ac (fra, in mezzo) con la funzione connettiva di \u03c3\u03cd\u03bd (con, assieme, unitamente a), denotando \u00ablo spazio\u00bb che sta \u00abin [&hellip;]","og_url":"https:\/\/www.guerini.it\/index.php\/prodotto\/sul-metaxu-in-platone\/","og_site_name":"Guerini e Associati","article_modified_time":"2024-06-09T18:25:33+00:00","og_image":[{"width":226,"height":350,"url":"https:\/\/www.guerini.it\/wp-content\/uploads\/2022\/04\/9788881074648-e1649331894602.jpg","type":"image\/jpeg"}],"twitter_card":"summary_large_image","twitter_misc":{"Tempo di lettura stimato":"2 minuti"},"schema":{"@context":"https:\/\/schema.org","@graph":[{"@type":"WebPage","@id":"https:\/\/www.guerini.it\/index.php\/prodotto\/sul-metaxu-in-platone\/","url":"https:\/\/www.guerini.it\/index.php\/prodotto\/sul-metaxu-in-platone\/","name":"Sul metaxu in Platone - Guerini e Associati","isPartOf":{"@id":"https:\/\/www.guerini.it\/#website"},"primaryImageOfPage":{"@id":"https:\/\/www.guerini.it\/index.php\/prodotto\/sul-metaxu-in-platone\/#primaryimage"},"image":{"@id":"https:\/\/www.guerini.it\/index.php\/prodotto\/sul-metaxu-in-platone\/#primaryimage"},"thumbnailUrl":"https:\/\/www.guerini.it\/wp-content\/uploads\/2022\/04\/9788881074648-e1649331894602.jpg","datePublished":"2022-04-07T11:45:33+00:00","dateModified":"2024-06-09T18:25:33+00:00","breadcrumb":{"@id":"https:\/\/www.guerini.it\/index.php\/prodotto\/sul-metaxu-in-platone\/#breadcrumb"},"inLanguage":"it-IT","potentialAction":[{"@type":"ReadAction","target":["https:\/\/www.guerini.it\/index.php\/prodotto\/sul-metaxu-in-platone\/"]}]},{"@type":"ImageObject","inLanguage":"it-IT","@id":"https:\/\/www.guerini.it\/index.php\/prodotto\/sul-metaxu-in-platone\/#primaryimage","url":"https:\/\/www.guerini.it\/wp-content\/uploads\/2022\/04\/9788881074648-e1649331894602.jpg","contentUrl":"https:\/\/www.guerini.it\/wp-content\/uploads\/2022\/04\/9788881074648-e1649331894602.jpg","width":226,"height":350,"caption":"Copertina del volume Sul metaxu in Platone"},{"@type":"BreadcrumbList","@id":"https:\/\/www.guerini.it\/index.php\/prodotto\/sul-metaxu-in-platone\/#breadcrumb","itemListElement":[{"@type":"ListItem","position":1,"name":"Home","item":"https:\/\/www.guerini.it\/"},{"@type":"ListItem","position":2,"name":"Catalogo","item":"https:\/\/www.guerini.it\/index.php\/negozio\/"},{"@type":"ListItem","position":3,"name":"Sul metaxu in Platone"}]},{"@type":"WebSite","@id":"https:\/\/www.guerini.it\/#website","url":"https:\/\/www.guerini.it\/","name":"Guerini e Associati","description":"30 anni di libri, idee e libert\u00e0","publisher":{"@id":"https:\/\/www.guerini.it\/#organization"},"potentialAction":[{"@type":"SearchAction","target":{"@type":"EntryPoint","urlTemplate":"https:\/\/www.guerini.it\/?s={search_term_string}"},"query-input":{"@type":"PropertyValueSpecification","valueRequired":true,"valueName":"search_term_string"}}],"inLanguage":"it-IT"},{"@type":"Organization","@id":"https:\/\/www.guerini.it\/#organization","name":"Guerini e Associati","url":"https:\/\/www.guerini.it\/","logo":{"@type":"ImageObject","inLanguage":"it-IT","@id":"https:\/\/www.guerini.it\/#\/schema\/logo\/image\/","url":"https:\/\/www.guerini.it\/wp-content\/uploads\/2021\/03\/Logo-Guerini-OK_-e1615831292285.png","contentUrl":"https:\/\/www.guerini.it\/wp-content\/uploads\/2021\/03\/Logo-Guerini-OK_-e1615831292285.png","width":2805,"height":1870,"caption":"Guerini e Associati"},"image":{"@id":"https:\/\/www.guerini.it\/#\/schema\/logo\/image\/"}}]}},"_links":{"self":[{"href":"https:\/\/www.guerini.it\/index.php\/wp-json\/wp\/v2\/product\/22586","targetHints":{"allow":["GET"]}}],"collection":[{"href":"https:\/\/www.guerini.it\/index.php\/wp-json\/wp\/v2\/product"}],"about":[{"href":"https:\/\/www.guerini.it\/index.php\/wp-json\/wp\/v2\/types\/product"}],"wp:featuredmedia":[{"embeddable":true,"href":"https:\/\/www.guerini.it\/index.php\/wp-json\/wp\/v2\/media\/22587"}],"wp:attachment":[{"href":"https:\/\/www.guerini.it\/index.php\/wp-json\/wp\/v2\/media?parent=22586"}],"wp:term":[{"taxonomy":"product_brand","embeddable":true,"href":"https:\/\/www.guerini.it\/index.php\/wp-json\/wp\/v2\/product_brand?post=22586"},{"taxonomy":"product_cat","embeddable":true,"href":"https:\/\/www.guerini.it\/index.php\/wp-json\/wp\/v2\/product_cat?post=22586"},{"taxonomy":"product_tag","embeddable":true,"href":"https:\/\/www.guerini.it\/index.php\/wp-json\/wp\/v2\/product_tag?post=22586"}],"curies":[{"name":"wp","href":"https:\/\/api.w.org\/{rel}","templated":true}]}}

<p style="text-align: justify;">Mεταξύ, avverbio composto con valore di preposizione, articola il preverbo μετά (fra, in mezzo) con la funzione connettiva di σύν (con, assieme, unitamente a), denotando «lo spazio» che sta «in mezzo e mette in relazione»: valore semantico, questo, cristallizzato nella funzione avverbiale di «intervallo» spaziale (in mezzo, fra) e, per estensione, <span style="text-align: left;">temporale (nel mezzo di, frattanto, mentre). Il testo affronta l’uso, nei dialoghi platonici, dell’avverbio μεταξύ per cogliere nessi e differenze rispetto all’aggettivo μέσος (medio, in mezzo, centrale). Sulla base dei risultati ottenuti, il lavoro propone un itinerario sul «ruolo» filosofico del μεταξύ nel pensiero di Platone, recuperando il senso di «un luogo della relazione» che ha a che fare con l’origine della stessa filosofia. La dinamica relazionale, che il μεταξύ lascia intravedere, è data non già dalla riduzione o dall’abolizione delle differenze in quanto tali, ma dal loro effettivo sviluppo; nel «tra» l’infinità molteplicità del reale si articola, si incontra, si scontra, si scompone e si ricompone, e la relazione che esso annuncia, per quanto complessa, può essere affrontata non ignorata.</span></p>
<hr />
<p style="text-align: justify;"><strong>Marco Martino</strong>, è professore stabile straordinario di Filosofia teoretica presso l’Istituto Universitario Sophia. Tra le sue ultime pubblicazioni: <em>Introdução à filosofia. Cinco palavras-chave</em>, Brasil 2021; <em>D’improvviso. La via del “non”, a partire da Platone</em>, Roma 2020; <em>Il sistema dei bisogni in Hegel. Un possibile itinerario</em>, Roma 2019.</p>

<p>Mεταξύ, avverbio composto con valore di preposizione, articola il preverbo μετά (fra, in mezzo) con la funzione connettiva di σύν (con, assieme, unitamente a), denotando «lo spazio» che sta «in [&hellip;]</p>

<!-- This site is optimized with the Yoast SEO plugin v25.4 - https://yoast.com/wordpress/plugins/seo/ -->
<title>Sul metaxu in Platone - Guerini e Associati</title>
<meta name="robots" content="index, follow, max-snippet:-1, max-image-preview:large, max-video-preview:-1" />
<link rel="canonical" href="https://www.guerini.it/index.php/prodotto/sul-metaxu-in-platone/" />
<meta property="og:locale" content="it_IT" />
<meta property="og:type" content="article" />
<meta property="og:title" content="Sul metaxu in Platone - Guerini e Associati" />
<meta property="og:description" content="Mεταξύ, avverbio composto con valore di preposizione, articola il preverbo μετά (fra, in mezzo) con la funzione connettiva di σύν (con, assieme, unitamente a), denotando «lo spazio» che sta «in [&hellip;]" />
<meta property="og:url" content="https://www.guerini.it/index.php/prodotto/sul-metaxu-in-platone/" />
<meta property="og:site_name" content="Guerini e Associati" />
<meta property="article:modified_time" content="2024-06-09T18:25:33+00:00" />
<meta property="og:image" content="https://www.guerini.it/wp-content/uploads/2022/04/9788881074648-e1649331894602.jpg" />
	<meta property="og:image:width" content="226" />
	<meta property="og:image:height" content="350" />
	<meta property="og:image:type" content="image/jpeg" />
<meta name="twitter:card" content="summary_large_image" />
<meta name="twitter:label1" content="Tempo di lettura stimato" />
	<meta name="twitter:data1" content="2 minuti" />
<!-- / Yoast SEO plugin. -->

Mεταξύ, avverbio composto con valore di preposizione, articola il preverbo μετά (fra, in mezzo) con la funzione connettiva di σύν (con, assieme, unitamente a), denotando «lo spazio» che sta «in [&hellip;]

30 anni di libri, idee e libertà
