{"id":22606,"date":"2022-04-22T11:02:21","date_gmt":"2022-04-22T09:02:21","guid":{"rendered":"https:\/\/www.guerini.it\/?post_type=product&#038;p=22606"},"modified":"2024-06-20T12:51:03","modified_gmt":"2024-06-20T10:51:03","slug":"progettare-attivita-didattiche-inclusive","status":"publish","type":"product","link":"https:\/\/www.guerini.it\/index.php\/prodotto\/progettare-attivita-didattiche-inclusive\/","title":{"rendered":"Progettare attivit\u00e0 didattiche inclusive"},"content":{"rendered":"<p style=\"text-align: justify;\">Il volume affronta il tema della progettazione didattica inclusiva, evidenziando la trasformazione culturale di una scuola sempre pi\u00f9 accogliente nei confronti di alunni con differenti bisogni, in specie con disabilit\u00e0, sia per quanto riguarda le competenze metodologiche degli insegnanti, sia per quanto attiene la loro capacit\u00e0 di intessere relazioni educative. I modelli didattici attuali contemperano prospettive con tensioni differenti: l\u2019esigenza di tenere conto dei bisogni di formazione di alunni con particolari fragilit\u00e0 e quella di far raggiungere a tutta la classe gli obiettivi prefissi. Emerge in sintesi uno spostamento in atto del baricentro formativo della progettazione didattica da inclusiva a universale.<br \/>\nI principi inclusivi guida della didattica scolastica sono espressione di ragioni culturali e scientifiche che hanno modificato il sistema scolastico italiano, da un curricolo separato per gli alunni con disabilit\u00e0 a uno integrato nel sistema. Individuando come inclusivi modelli didattici a pi\u00f9 forte centratura sulla partecipazione attiva degli alunni, i contributi del volume declinano temi quali l\u2019allestimento di ambienti formativi universali, le metodologie e gli strumenti efficaci per l\u2019inclusione (cooperativismo, peer tutoring, narrazione, gioco, robotica educativa), con un focus particolare sulla dimensione digitale e tecnologica. Per la prospettiva e i temi trattati il volume ha come destinatari insegnanti in formazione e in servizio, sia curricolari sia di sostegno.<\/p>\n<hr \/>\n<p style=\"text-align: justify;\"><strong>TAMARA ZAPPATERRA<\/strong> \u00e8 professoressa associata di Didattica e pedagogia speciale all\u2019Universit\u00e0 degli Studi di Ferrara, dove \u00e8 Prorettrice alla diversit\u00e0, equit\u00e0 e inclusione. \u00c8 direttrice del Corso di specializzazione per il sostegno e coordinatrice del Corso di studi in Formazione, comunicazione e cittadinanza digitale. Ha collaborato con il Ministero dell\u2019Istruzione sui temi della formazione docente e ha fatto parte del Comitato scientifico dell\u2019<em>European Agency for Special Needs and Inclusive Education<\/em>.<\/p>\n","protected":false},"excerpt":{"rendered":"<p>Il volume affronta il tema della progettazione didattica inclusiva, evidenziando la trasformazione culturale di una scuola sempre pi\u00f9 accogliente nei confronti di alunni con differenti bisogni, in specie con disabilit\u00e0, [&hellip;]<\/p>\n","protected":false},"featured_media":22607,"template":"","meta":{"_editorskit_title_hidden":false,"_editorskit_reading_time":0,"_editorskit_is_block_options_detached":false,"_editorskit_block_options_position":"{}","_monsterinsights_skip_tracking":false,"_monsterinsights_sitenote_active":false,"_monsterinsights_sitenote_note":"","_monsterinsights_sitenote_category":0},"product_brand":[],"product_cat":[6686],"product_tag":[6819,8126,8127],"class_list":{"0":"post-22606","1":"product","2":"type-product","3":"status-publish","4":"has-post-thumbnail","6":"product_cat-processi-formativi-e-scienze-dell-educazione-pedagogia-speciale-e-dell-inclusione","7":"product_tag-didattica","8":"product_tag-processi-formativi","9":"product_tag-studenti","10":"pa_guerini_amazon_link-https-www-amazon-it-progettare-didattiche-inclusive-tecnologie-universali-dp-8881074621","11":"pa_guerini_feltrinelli_link-https-www-lafeltrinelli-it-progettare-attivita-didattiche-inclusive-strumenti-libro-vari-e-9788881074624","12":"pa_guerini_ibs_link-https-www-ibs-it-progettare-attivita-didattiche-inclusive-strumenti-libro-vari-e-9788881074624","13":"pa_guerini_libruniver_link-https-www-libreriauniversitaria-it-progettare-attivita-didattiche-inclusive-strumenti-libro-9788881074624","14":"pa_guerini_mondadori_link-https-www-mondadoristore-it-progettare-attivita-na-eai978888107462","16":"first","17":"instock","18":"sale","19":"shipping-taxable","20":"purchasable","21":"product-type-simple"},"yoast_head":"<!-- This site is optimized with the Yoast SEO plugin v25.4 - https:\/\/yoast.com\/wordpress\/plugins\/seo\/ -->\n<title>Progettare attivit\u00e0 didattiche inclusive - Guerini e Associati<\/title>\n<meta name=\"robots\" content=\"index, follow, max-snippet:-1, max-image-preview:large, max-video-preview:-1\" \/>\n<link rel=\"canonical\" href=\"https:\/\/www.guerini.it\/index.php\/prodotto\/progettare-attivita-didattiche-inclusive\/\" \/>\n<meta property=\"og:locale\" content=\"it_IT\" \/>\n<meta property=\"og:type\" content=\"article\" \/>\n<meta property=\"og:title\" content=\"Progettare attivit\u00e0 didattiche inclusive - Guerini e Associati\" \/>\n<meta property=\"og:description\" content=\"Il volume affronta il tema della progettazione didattica inclusiva, evidenziando la trasformazione culturale di una scuola sempre pi\u00f9 accogliente nei confronti di alunni con differenti bisogni, in specie con disabilit\u00e0, [&hellip;]\" \/>\n<meta property=\"og:url\" content=\"https:\/\/www.guerini.it\/index.php\/prodotto\/progettare-attivita-didattiche-inclusive\/\" \/>\n<meta property=\"og:site_name\" content=\"Guerini e Associati\" \/>\n<meta property=\"article:modified_time\" content=\"2024-06-20T10:51:03+00:00\" \/>\n<meta property=\"og:image\" content=\"https:\/\/www.guerini.it\/wp-content\/uploads\/2022\/04\/9788881074624-scaled-e1650617943247.jpg\" \/>\n\t<meta property=\"og:image:width\" content=\"228\" \/>\n\t<meta property=\"og:image:height\" content=\"350\" \/>\n\t<meta property=\"og:image:type\" content=\"image\/jpeg\" \/>\n<meta name=\"twitter:card\" content=\"summary_large_image\" \/>\n<meta name=\"twitter:label1\" content=\"Tempo di lettura stimato\" \/>\n\t<meta name=\"twitter:data1\" content=\"2 minuti\" \/>\n<!-- \/ Yoast SEO plugin. -->","yoast_head_json":{"title":"Progettare attivit\u00e0 didattiche inclusive - Guerini e Associati","robots":{"index":"index","follow":"follow","max-snippet":"max-snippet:-1","max-image-preview":"max-image-preview:large","max-video-preview":"max-video-preview:-1"},"canonical":"https:\/\/www.guerini.it\/index.php\/prodotto\/progettare-attivita-didattiche-inclusive\/","og_locale":"it_IT","og_type":"article","og_title":"Progettare attivit\u00e0 didattiche inclusive - Guerini e Associati","og_description":"Il volume affronta il tema della progettazione didattica inclusiva, evidenziando la trasformazione culturale di una scuola sempre pi\u00f9 accogliente nei confronti di alunni con differenti bisogni, in specie con disabilit\u00e0, [&hellip;]","og_url":"https:\/\/www.guerini.it\/index.php\/prodotto\/progettare-attivita-didattiche-inclusive\/","og_site_name":"Guerini e Associati","article_modified_time":"2024-06-20T10:51:03+00:00","og_image":[{"width":228,"height":350,"url":"https:\/\/www.guerini.it\/wp-content\/uploads\/2022\/04\/9788881074624-scaled-e1650617943247.jpg","type":"image\/jpeg"}],"twitter_card":"summary_large_image","twitter_misc":{"Tempo di lettura stimato":"2 minuti"},"schema":{"@context":"https:\/\/schema.org","@graph":[{"@type":"WebPage","@id":"https:\/\/www.guerini.it\/index.php\/prodotto\/progettare-attivita-didattiche-inclusive\/","url":"https:\/\/www.guerini.it\/index.php\/prodotto\/progettare-attivita-didattiche-inclusive\/","name":"Progettare attivit\u00e0 didattiche inclusive - Guerini e Associati","isPartOf":{"@id":"https:\/\/www.guerini.it\/#website"},"primaryImageOfPage":{"@id":"https:\/\/www.guerini.it\/index.php\/prodotto\/progettare-attivita-didattiche-inclusive\/#primaryimage"},"image":{"@id":"https:\/\/www.guerini.it\/index.php\/prodotto\/progettare-attivita-didattiche-inclusive\/#primaryimage"},"thumbnailUrl":"https:\/\/www.guerini.it\/wp-content\/uploads\/2022\/04\/9788881074624-scaled-e1650617943247.jpg","datePublished":"2022-04-22T09:02:21+00:00","dateModified":"2024-06-20T10:51:03+00:00","breadcrumb":{"@id":"https:\/\/www.guerini.it\/index.php\/prodotto\/progettare-attivita-didattiche-inclusive\/#breadcrumb"},"inLanguage":"it-IT","potentialAction":[{"@type":"ReadAction","target":["https:\/\/www.guerini.it\/index.php\/prodotto\/progettare-attivita-didattiche-inclusive\/"]}]},{"@type":"ImageObject","inLanguage":"it-IT","@id":"https:\/\/www.guerini.it\/index.php\/prodotto\/progettare-attivita-didattiche-inclusive\/#primaryimage","url":"https:\/\/www.guerini.it\/wp-content\/uploads\/2022\/04\/9788881074624-scaled-e1650617943247.jpg","contentUrl":"https:\/\/www.guerini.it\/wp-content\/uploads\/2022\/04\/9788881074624-scaled-e1650617943247.jpg","width":228,"height":350,"caption":"Copertina del volume Progettare attivit\u00e0 didattiche inclusive"},{"@type":"BreadcrumbList","@id":"https:\/\/www.guerini.it\/index.php\/prodotto\/progettare-attivita-didattiche-inclusive\/#breadcrumb","itemListElement":[{"@type":"ListItem","position":1,"name":"Home","item":"https:\/\/www.guerini.it\/"},{"@type":"ListItem","position":2,"name":"Catalogo","item":"https:\/\/www.guerini.it\/index.php\/negozio\/"},{"@type":"ListItem","position":3,"name":"Progettare attivit\u00e0 didattiche inclusive"}]},{"@type":"WebSite","@id":"https:\/\/www.guerini.it\/#website","url":"https:\/\/www.guerini.it\/","name":"Guerini e Associati","description":"30 anni di libri, idee e libert\u00e0","publisher":{"@id":"https:\/\/www.guerini.it\/#organization"},"potentialAction":[{"@type":"SearchAction","target":{"@type":"EntryPoint","urlTemplate":"https:\/\/www.guerini.it\/?s={search_term_string}"},"query-input":{"@type":"PropertyValueSpecification","valueRequired":true,"valueName":"search_term_string"}}],"inLanguage":"it-IT"},{"@type":"Organization","@id":"https:\/\/www.guerini.it\/#organization","name":"Guerini e Associati","url":"https:\/\/www.guerini.it\/","logo":{"@type":"ImageObject","inLanguage":"it-IT","@id":"https:\/\/www.guerini.it\/#\/schema\/logo\/image\/","url":"https:\/\/www.guerini.it\/wp-content\/uploads\/2021\/03\/Logo-Guerini-OK_-e1615831292285.png","contentUrl":"https:\/\/www.guerini.it\/wp-content\/uploads\/2021\/03\/Logo-Guerini-OK_-e1615831292285.png","width":2805,"height":1870,"caption":"Guerini e Associati"},"image":{"@id":"https:\/\/www.guerini.it\/#\/schema\/logo\/image\/"}}]}},"_links":{"self":[{"href":"https:\/\/www.guerini.it\/index.php\/wp-json\/wp\/v2\/product\/22606","targetHints":{"allow":["GET"]}}],"collection":[{"href":"https:\/\/www.guerini.it\/index.php\/wp-json\/wp\/v2\/product"}],"about":[{"href":"https:\/\/www.guerini.it\/index.php\/wp-json\/wp\/v2\/types\/product"}],"wp:featuredmedia":[{"embeddable":true,"href":"https:\/\/www.guerini.it\/index.php\/wp-json\/wp\/v2\/media\/22607"}],"wp:attachment":[{"href":"https:\/\/www.guerini.it\/index.php\/wp-json\/wp\/v2\/media?parent=22606"}],"wp:term":[{"taxonomy":"product_brand","embeddable":true,"href":"https:\/\/www.guerini.it\/index.php\/wp-json\/wp\/v2\/product_brand?post=22606"},{"taxonomy":"product_cat","embeddable":true,"href":"https:\/\/www.guerini.it\/index.php\/wp-json\/wp\/v2\/product_cat?post=22606"},{"taxonomy":"product_tag","embeddable":true,"href":"https:\/\/www.guerini.it\/index.php\/wp-json\/wp\/v2\/product_tag?post=22606"}],"curies":[{"name":"wp","href":"https:\/\/api.w.org\/{rel}","templated":true}]}}

Progettare attività didattiche inclusive

<p style="text-align: justify;">Il volume affronta il tema della progettazione didattica inclusiva, evidenziando la trasformazione culturale di una scuola sempre più accogliente nei confronti di alunni con differenti bisogni, in specie con disabilità, sia per quanto riguarda le competenze metodologiche degli insegnanti, sia per quanto attiene la loro capacità di intessere relazioni educative. I modelli didattici attuali contemperano prospettive con tensioni differenti: l’esigenza di tenere conto dei bisogni di formazione di alunni con particolari fragilità e quella di far raggiungere a tutta la classe gli obiettivi prefissi. Emerge in sintesi uno spostamento in atto del baricentro formativo della progettazione didattica da inclusiva a universale.<br />
I principi inclusivi guida della didattica scolastica sono espressione di ragioni culturali e scientifiche che hanno modificato il sistema scolastico italiano, da un curricolo separato per gli alunni con disabilità a uno integrato nel sistema. Individuando come inclusivi modelli didattici a più forte centratura sulla partecipazione attiva degli alunni, i contributi del volume declinano temi quali l’allestimento di ambienti formativi universali, le metodologie e gli strumenti efficaci per l’inclusione (cooperativismo, peer tutoring, narrazione, gioco, robotica educativa), con un focus particolare sulla dimensione digitale e tecnologica. Per la prospettiva e i temi trattati il volume ha come destinatari insegnanti in formazione e in servizio, sia curricolari sia di sostegno.</p>
<hr />
<p style="text-align: justify;"><strong>TAMARA ZAPPATERRA</strong> è professoressa associata di Didattica e pedagogia speciale all’Università degli Studi di Ferrara, dove è Prorettrice alla diversità, equità e inclusione. È direttrice del Corso di specializzazione per il sostegno e coordinatrice del Corso di studi in Formazione, comunicazione e cittadinanza digitale. Ha collaborato con il Ministero dell’Istruzione sui temi della formazione docente e ha fatto parte del Comitato scientifico dell’<em>European Agency for Special Needs and Inclusive Education</em>.</p>

<p>Il volume affronta il tema della progettazione didattica inclusiva, evidenziando la trasformazione culturale di una scuola sempre più accogliente nei confronti di alunni con differenti bisogni, in specie con disabilità, [&hellip;]</p>

<!-- This site is optimized with the Yoast SEO plugin v25.4 - https://yoast.com/wordpress/plugins/seo/ -->
<title>Progettare attività didattiche inclusive - Guerini e Associati</title>
<meta name="robots" content="index, follow, max-snippet:-1, max-image-preview:large, max-video-preview:-1" />
<link rel="canonical" href="https://www.guerini.it/index.php/prodotto/progettare-attivita-didattiche-inclusive/" />
<meta property="og:locale" content="it_IT" />
<meta property="og:type" content="article" />
<meta property="og:title" content="Progettare attività didattiche inclusive - Guerini e Associati" />
<meta property="og:description" content="Il volume affronta il tema della progettazione didattica inclusiva, evidenziando la trasformazione culturale di una scuola sempre più accogliente nei confronti di alunni con differenti bisogni, in specie con disabilità, [&hellip;]" />
<meta property="og:url" content="https://www.guerini.it/index.php/prodotto/progettare-attivita-didattiche-inclusive/" />
<meta property="og:site_name" content="Guerini e Associati" />
<meta property="article:modified_time" content="2024-06-20T10:51:03+00:00" />
<meta property="og:image" content="https://www.guerini.it/wp-content/uploads/2022/04/9788881074624-scaled-e1650617943247.jpg" />
	<meta property="og:image:width" content="228" />
	<meta property="og:image:height" content="350" />
	<meta property="og:image:type" content="image/jpeg" />
<meta name="twitter:card" content="summary_large_image" />
<meta name="twitter:label1" content="Tempo di lettura stimato" />
	<meta name="twitter:data1" content="2 minuti" />
<!-- / Yoast SEO plugin. -->

Progettare attività didattiche inclusive - Guerini e Associati

Il volume affronta il tema della progettazione didattica inclusiva, evidenziando la trasformazione culturale di una scuola sempre più accogliente nei confronti di alunni con differenti bisogni, in specie con disabilità, [&hellip;]

Copertina del volume Progettare attività didattiche inclusive

30 anni di libri, idee e libertà
