{"id":22615,"date":"2022-04-28T10:38:18","date_gmt":"2022-04-28T08:38:18","guid":{"rendered":"https:\/\/www.guerini.it\/?post_type=product&#038;p=22615"},"modified":"2024-06-09T20:25:34","modified_gmt":"2024-06-09T18:25:34","slug":"gestire-la-salute","status":"publish","type":"product","link":"https:\/\/www.guerini.it\/index.php\/prodotto\/gestire-la-salute\/","title":{"rendered":"Gestire la salute"},"content":{"rendered":"<p style=\"text-align: justify;\">Il volume nasce da e per i corsi di formazione manageriale per dirigenti di struttura complessa e per direttori di azienda sanitaria. Il suo obiettivo \u00e8 sostenere i professionisti che si impegnano a imparare. Chi si assume tale onere ha infatti il dovere e il diritto di conoscere oggetti nuovi, memorizzarli, impararli, farli diventare strumenti della propria cassetta degli attrezzi. Un volume di materiali per la formazione \u00e8 uno strumento utile per raggiungere tali obiettivi.<br \/>\nQueste considerazioni valgono ancor pi\u00f9 nell\u2019attuale fase storica, in cui gli effetti della pandemia sui sistemi sanitari e sociosanitari comportano la necessit\u00e0 di offrire ai professionisti percorsi e strumenti di formazione e aggiornamento solidi, utili a conoscere quanto necessario e al contempo capaci di essere declinati in modo innovativo. E la formazione si \u00e8 da tempo confermata non solo come l\u2019ambito di trasmissione di competenze gestionali, ma anche come una dimensione privilegiata di programmazione in cui il sistema sociosanitario si conosce, costruisce e innova.<br \/>\nIn questo contesto, il volume raccoglie le lezioni meglio strutturate di edizioni precedenti dei corsi e le offre come testi corredati da una sezione di sintesi e alcune domande di verifica dell\u2019apprendimento.<br \/>\nCome ogni testo nato dalla sistematizzazione dell\u2019attivit\u00e0 didattica potr\u00e0 essere integrato e aggiornato; anche per questo costituir\u00e0 uno strumento di supporto nell\u2019impegnativo ed entusiasmante compito di <em>Gestire la salute<\/em>.<\/p>\n<hr \/>\n<p style=\"text-align: justify;\"><strong>Alessandro Colombo<\/strong> \u00e8 direttore dell\u2019Accademia di formazione per il servizio sociosanitario di PoliS-Lombardia. Ha una laurea in Filosofia all\u2019Universit\u00e0 Cattolica del Sacro Cuore, un PhD in Storia economica a Verona, un MPhil in European Studies a Cambridge, un MSc in Policy Research a Bristol e un certificato di Formazione manageriale in Sanit\u00e0 alla Scuola Superiore Sant\u2019Anna di Pisa. \u00c8 stato direttore scientifico di \u00c9upolis Lombardia, visiting scholar al Sydney Sussex College, University of Cambridge, reviewer di riviste internazionali, membro dell\u2019editorial board del <em>Journal of Comparative Policy Analysis<\/em> e dell\u2019esecutivo dell\u2019Associazione mondiale di Politiche pubbliche.<\/p>\n<p style=\"text-align: justify;\"><strong>PoliS-Lombardia<\/strong> \u00e8 ente pubblico strumentale di Regione Lombardia, nasce il 1\u00b0 gennaio 2018 dalla fusione di precedenti enti e agenzie, con la mission di supportare progettazione, realizzazione e valutazione delle politiche regionali. Ha ottenuto la certificazione di qualit\u00e0 per le attivit\u00e0 che svolge.<br \/>\nIn ambito sanitario, attraverso l\u2019Accademia di formazione per il servizio sociosanitario lombardo, si occupa di integrare le funzioni di didattica, assistenza e ricerca del Sistema Sanitario Lombardo, garantendo in modo particolare \u2013 tra le numerose attivit\u00e0 di promozione, riflessione e controllo \u2013 la formazione specialistica obbligatoria non universitaria prevista dalla normativa nazionale per i Medici di Medicina Generale e la formazione manageriale per direttori di azienda sanitaria e dirigenti di struttura complessa.<br \/>\nDirettore generale: Fulvio Matone<br \/>\nDirettore scientifico: Raffaello Vignali<br \/>\nDirettore Accademia di formazione per il servizio sociosanitario lombardo: Alessandro Colombo<br \/>\nCoordinatrice Comitato di indirizzo: Giovanna Beretta<\/p>\n","protected":false},"excerpt":{"rendered":"<p>Il volume nasce da e per i corsi di formazione manageriale per dirigenti di struttura complessa e per direttori di azienda sanitaria. Il suo obiettivo \u00e8 sostenere i professionisti che [&hellip;]<\/p>\n","protected":false},"featured_media":22613,"template":"","meta":{"_editorskit_title_hidden":false,"_editorskit_reading_time":0,"_editorskit_is_block_options_detached":false,"_editorskit_block_options_position":"{}","_monsterinsights_skip_tracking":false,"_monsterinsights_sitenote_active":false,"_monsterinsights_sitenote_note":"","_monsterinsights_sitenote_category":0},"product_brand":[],"product_cat":[6938],"product_tag":[7020,7537,7337],"class_list":{"0":"post-22615","1":"product","2":"type-product","3":"status-publish","4":"has-post-thumbnail","6":"product_cat-serie-polis-lombardia","7":"product_tag-formazione","8":"product_tag-lombardia","9":"product_tag-sanita","10":"pa_guerini_amazon_link-https-www-amazon-it-gestire-salute-polis-lombardia-dp-8862508557","11":"pa_guerini_feltrinelli_link-https-www-lafeltrinelli-it-gestire-salute-materiali-per-formazione-libro-vari-e-9788862508551","12":"pa_guerini_ibs_link-https-www-ibs-it-gestire-salute-materiali-per-formazione-libro-vari-e-9788862508551","13":"pa_guerini_libruniver_link-https-www-libreriauniversitaria-it-gestire-salute-materiali-formazione-manageriale-libro-9788862508551","14":"pa_guerini_mondadori_link-https-www-mondadoristore-it-gestire-salute-materiali-na-eai978886250855","16":"first","17":"instock","18":"sale","19":"shipping-taxable","20":"purchasable","21":"product-type-simple"},"yoast_head":"<!-- This site is optimized with the Yoast SEO plugin v25.4 - https:\/\/yoast.com\/wordpress\/plugins\/seo\/ -->\n<title>Gestire la salute - Guerini e Associati<\/title>\n<meta name=\"robots\" content=\"index, follow, max-snippet:-1, max-image-preview:large, max-video-preview:-1\" \/>\n<link rel=\"canonical\" href=\"https:\/\/www.guerini.it\/index.php\/prodotto\/gestire-la-salute\/\" \/>\n<meta property=\"og:locale\" content=\"it_IT\" \/>\n<meta property=\"og:type\" content=\"article\" \/>\n<meta property=\"og:title\" content=\"Gestire la salute - Guerini e Associati\" \/>\n<meta property=\"og:description\" content=\"Il volume nasce da e per i corsi di formazione manageriale per dirigenti di struttura complessa e per direttori di azienda sanitaria. Il suo obiettivo \u00e8 sostenere i professionisti che [&hellip;]\" \/>\n<meta property=\"og:url\" content=\"https:\/\/www.guerini.it\/index.php\/prodotto\/gestire-la-salute\/\" \/>\n<meta property=\"og:site_name\" content=\"Guerini e Associati\" \/>\n<meta property=\"article:modified_time\" content=\"2024-06-09T18:25:34+00:00\" \/>\n<meta property=\"og:image\" content=\"https:\/\/www.guerini.it\/wp-content\/uploads\/2022\/04\/9788862508551-e1651059432262.jpg\" \/>\n\t<meta property=\"og:image:width\" content=\"248\" \/>\n\t<meta property=\"og:image:height\" content=\"350\" \/>\n\t<meta property=\"og:image:type\" content=\"image\/jpeg\" \/>\n<meta name=\"twitter:card\" content=\"summary_large_image\" \/>\n<meta name=\"twitter:label1\" content=\"Tempo di lettura stimato\" \/>\n\t<meta name=\"twitter:data1\" content=\"3 minuti\" \/>\n<!-- \/ Yoast SEO plugin. -->","yoast_head_json":{"title":"Gestire la salute - Guerini e Associati","robots":{"index":"index","follow":"follow","max-snippet":"max-snippet:-1","max-image-preview":"max-image-preview:large","max-video-preview":"max-video-preview:-1"},"canonical":"https:\/\/www.guerini.it\/index.php\/prodotto\/gestire-la-salute\/","og_locale":"it_IT","og_type":"article","og_title":"Gestire la salute - Guerini e Associati","og_description":"Il volume nasce da e per i corsi di formazione manageriale per dirigenti di struttura complessa e per direttori di azienda sanitaria. Il suo obiettivo \u00e8 sostenere i professionisti che [&hellip;]","og_url":"https:\/\/www.guerini.it\/index.php\/prodotto\/gestire-la-salute\/","og_site_name":"Guerini e Associati","article_modified_time":"2024-06-09T18:25:34+00:00","og_image":[{"width":248,"height":350,"url":"https:\/\/www.guerini.it\/wp-content\/uploads\/2022\/04\/9788862508551-e1651059432262.jpg","type":"image\/jpeg"}],"twitter_card":"summary_large_image","twitter_misc":{"Tempo di lettura stimato":"3 minuti"},"schema":{"@context":"https:\/\/schema.org","@graph":[{"@type":"WebPage","@id":"https:\/\/www.guerini.it\/index.php\/prodotto\/gestire-la-salute\/","url":"https:\/\/www.guerini.it\/index.php\/prodotto\/gestire-la-salute\/","name":"Gestire la salute - Guerini e Associati","isPartOf":{"@id":"https:\/\/www.guerini.it\/#website"},"primaryImageOfPage":{"@id":"https:\/\/www.guerini.it\/index.php\/prodotto\/gestire-la-salute\/#primaryimage"},"image":{"@id":"https:\/\/www.guerini.it\/index.php\/prodotto\/gestire-la-salute\/#primaryimage"},"thumbnailUrl":"https:\/\/www.guerini.it\/wp-content\/uploads\/2022\/04\/9788862508551-e1651059432262.jpg","datePublished":"2022-04-28T08:38:18+00:00","dateModified":"2024-06-09T18:25:34+00:00","breadcrumb":{"@id":"https:\/\/www.guerini.it\/index.php\/prodotto\/gestire-la-salute\/#breadcrumb"},"inLanguage":"it-IT","potentialAction":[{"@type":"ReadAction","target":["https:\/\/www.guerini.it\/index.php\/prodotto\/gestire-la-salute\/"]}]},{"@type":"ImageObject","inLanguage":"it-IT","@id":"https:\/\/www.guerini.it\/index.php\/prodotto\/gestire-la-salute\/#primaryimage","url":"https:\/\/www.guerini.it\/wp-content\/uploads\/2022\/04\/9788862508551-e1651059432262.jpg","contentUrl":"https:\/\/www.guerini.it\/wp-content\/uploads\/2022\/04\/9788862508551-e1651059432262.jpg","width":248,"height":350,"caption":"Copertina del volume Gestire la salute"},{"@type":"BreadcrumbList","@id":"https:\/\/www.guerini.it\/index.php\/prodotto\/gestire-la-salute\/#breadcrumb","itemListElement":[{"@type":"ListItem","position":1,"name":"Home","item":"https:\/\/www.guerini.it\/"},{"@type":"ListItem","position":2,"name":"Catalogo","item":"https:\/\/www.guerini.it\/index.php\/negozio\/"},{"@type":"ListItem","position":3,"name":"Gestire la salute"}]},{"@type":"WebSite","@id":"https:\/\/www.guerini.it\/#website","url":"https:\/\/www.guerini.it\/","name":"Guerini e Associati","description":"30 anni di libri, idee e libert\u00e0","publisher":{"@id":"https:\/\/www.guerini.it\/#organization"},"potentialAction":[{"@type":"SearchAction","target":{"@type":"EntryPoint","urlTemplate":"https:\/\/www.guerini.it\/?s={search_term_string}"},"query-input":{"@type":"PropertyValueSpecification","valueRequired":true,"valueName":"search_term_string"}}],"inLanguage":"it-IT"},{"@type":"Organization","@id":"https:\/\/www.guerini.it\/#organization","name":"Guerini e Associati","url":"https:\/\/www.guerini.it\/","logo":{"@type":"ImageObject","inLanguage":"it-IT","@id":"https:\/\/www.guerini.it\/#\/schema\/logo\/image\/","url":"https:\/\/www.guerini.it\/wp-content\/uploads\/2021\/03\/Logo-Guerini-OK_-e1615831292285.png","contentUrl":"https:\/\/www.guerini.it\/wp-content\/uploads\/2021\/03\/Logo-Guerini-OK_-e1615831292285.png","width":2805,"height":1870,"caption":"Guerini e Associati"},"image":{"@id":"https:\/\/www.guerini.it\/#\/schema\/logo\/image\/"}}]}},"_links":{"self":[{"href":"https:\/\/www.guerini.it\/index.php\/wp-json\/wp\/v2\/product\/22615","targetHints":{"allow":["GET"]}}],"collection":[{"href":"https:\/\/www.guerini.it\/index.php\/wp-json\/wp\/v2\/product"}],"about":[{"href":"https:\/\/www.guerini.it\/index.php\/wp-json\/wp\/v2\/types\/product"}],"wp:featuredmedia":[{"embeddable":true,"href":"https:\/\/www.guerini.it\/index.php\/wp-json\/wp\/v2\/media\/22613"}],"wp:attachment":[{"href":"https:\/\/www.guerini.it\/index.php\/wp-json\/wp\/v2\/media?parent=22615"}],"wp:term":[{"taxonomy":"product_brand","embeddable":true,"href":"https:\/\/www.guerini.it\/index.php\/wp-json\/wp\/v2\/product_brand?post=22615"},{"taxonomy":"product_cat","embeddable":true,"href":"https:\/\/www.guerini.it\/index.php\/wp-json\/wp\/v2\/product_cat?post=22615"},{"taxonomy":"product_tag","embeddable":true,"href":"https:\/\/www.guerini.it\/index.php\/wp-json\/wp\/v2\/product_tag?post=22615"}],"curies":[{"name":"wp","href":"https:\/\/api.w.org\/{rel}","templated":true}]}}