{"id":22647,"date":"2022-05-12T11:13:07","date_gmt":"2022-05-12T09:13:07","guid":{"rendered":"https:\/\/www.guerini.it\/?post_type=product&#038;p=22647"},"modified":"2024-06-09T20:25:35","modified_gmt":"2024-06-09T18:25:35","slug":"nucleare-ritorno-al-futuro","status":"publish","type":"product","link":"https:\/\/www.guerini.it\/index.php\/prodotto\/nucleare-ritorno-al-futuro\/","title":{"rendered":"Nucleare. Ritorno al futuro"},"content":{"rendered":"<p style=\"text-align: justify;\"><em>\u00abIl nostro Paese \u00e8 davvero un caso a s\u00e9 nel panorama energetico del continente. Da che detenevamo un primato nel mondo nel campo del nucleare, siamo diventati ultimi, per incapacit\u00e0 politica, paure esagerate, interessi occulti e ipocrisie ambientali\u00bb.<\/em><\/p>\n<p style=\"text-align: justify;\">Compriamo energia nucleare fatta a pochi chilometri dal confine anzich\u00e9 produrla noi. Confondiamo tossicit\u00e0 con radioattivit\u00e0, i rischi di una centrale atomica con quelli di una bomba atomica. Crediamo che i rifiuti e le scorie siano due cose diverse (gli uni non pericolosi, le altre s\u00ec), che la ricerca sia sempre ferma ai tempi di \u010cernobyl, che la scelta di chiudere i nostri impianti sia stata dettata dalla volont\u00e0 popolare e non dalla corsa agli idrocarburi. In tutto il mondo si continuano ad aprire centrali nucleari, si costruiscono nuovi reattori, si progettano strutture di sicurezza a prova di errori umani o catastrofi naturali: al contrario, l\u2019Italia, che era la terza potenza nucleare del pianeta, ha fermato tutto e ha cominciato a comprare da altri l\u2019energia necessaria. Solo una percentuale minima del suo fabbisogno \u00e8 coperta dalle fonti rinnovabili, per il resto il gas viene dalla Russia, il petrolio dagli arabi, il nucleare dai francesi e dagli svizzeri.<br \/>\nL\u2019aumento dei prezzi del gas e la guerra ci obbligano a rivedere il nostro mix energetico e i pregiudizi sul nucleare. E anche a batterci perch\u00e9 questa fonte, priva di emissioni nocive, inserita nella tassonomia europea, sia utilizzata per i finanziamenti sostenibili: il fabbisogno di energia del pianeta non va soddisfatto a scapito dell\u2019ambiente, n\u00e9 della ricchezza energetica.<\/p>\n<hr \/>\n<p style=\"text-align: justify;\"><strong>UMBERTO MINOPOLI<\/strong>, presidente dell\u2019Associazione Italiana Nucleare <span style=\"font-variant: small-caps;\">(ain)<\/span>, gi\u00e0 presidente del Consiglio di Amministrazione di Ansaldo Nucleare Spa. Negli anni Novanta ha occupato posizioni di responsabilit\u00e0 nel Dipartimento Studi del Gruppo Finmeccanica, poi capo della Segreteria Tecnica del Ministro delle Attivit\u00e0 Produttive e dei Trasporti. \u00c8 stato membro dei CdA di Piaggio Aeronautics, di Sviluppo Campania e del Centro Italiano di Ricerche Aerospaziali <span style=\"font-variant: small-caps;\">(cira)<\/span>.<\/p>\n","protected":false},"excerpt":{"rendered":"<p>\u00abIl nostro Paese \u00e8 davvero un caso a s\u00e9 nel panorama energetico del continente. Da che detenevamo un primato nel mondo nel campo del nucleare, siamo diventati ultimi, per incapacit\u00e0 [&hellip;]<\/p>\n","protected":false},"featured_media":22648,"template":"","meta":{"_editorskit_title_hidden":false,"_editorskit_reading_time":0,"_editorskit_is_block_options_detached":false,"_editorskit_block_options_position":"{}","_monsterinsights_skip_tracking":false,"_monsterinsights_sitenote_active":false,"_monsterinsights_sitenote_note":"","_monsterinsights_sitenote_category":0},"product_brand":[],"product_cat":[6585],"product_tag":[8219,8218,8220],"class_list":{"0":"post-22647","1":"product","2":"type-product","3":"status-publish","4":"has-post-thumbnail","6":"product_cat-sma","7":"product_tag-energia","8":"product_tag-nucleare","9":"product_tag-pianeta","10":"pa_guerini_amazon_link-https-www-amazon-it-nucleare-ritorno-futuro-umberto-minopoli-dp-8862508581","11":"pa_guerini_feltrinelli_link-https-www-lafeltrinelli-it-nucleare-ritorno-al-futuro-energia-libro-umberto-minopoli-e-9788862508582","12":"pa_guerini_ibs_link-https-www-ibs-it-nucleare-ritorno-al-futuro-energia-libro-umberto-minopoli-e-9788862508582","13":"pa_guerini_libruniver_link-https-www-libreriauniversitaria-it-nucleare-ritorno-futuro-energia-cui-libro-9788862508582","14":"pa_guerini_link_amazon-https-www-amazon-it-nucleare-ritorno-futuro-lenergia-rinunciare-ebook-dp-b0b3snqknm","15":"pa_guerini_link_apple_ibook-https-books-apple-com-it-book-nucleare-ritorno-al-futuro-lenergia-a-cui-litalia-id6442974264","16":"pa_guerini_link_bookrepublic-https-www-bookrepublic-it-ebook-9788881954612-nucleare-ritorno-al-futuro-lenergia-a-cui-litalia-non-puo-rinunciare-goware-e-edizioni-angelo-guerini-e-associati","17":"pa_guerini_link_giunti_punto-https-www-giuntialpunto-it-product-b0b3snqknm-libri-nucleare-ritorno-al-futuro-l-energia-cui-l-italia-non-pu-rinunciare-umberto","18":"pa_guerini_link_google_play-https-play-google-com-store-books-details-umberto_minopoli_nucleare_ritorno_al_futuro_l_eneridcyd0eaaaqbaj","19":"pa_guerini_link_ibs-https-www-ibs-it-nucleare-ritorno-al-futuro-energia-ebook-umberto-minopoli-e-9788881954612","20":"pa_guerini_link_kobo-https-www-kobo-com-it-it-ebook-nucleare-ritorno-al-futuro-l-energia-a-cui-l-italia-non-puo-rinunciare","21":"pa_guerini_link_lafeltrinelli-https-www-lafeltrinelli-it-nucleare-ritorno-al-futuro-energia-ebook-umberto-minopoli-e-9788881954612","22":"pa_guerini_link_mondadori-https-www-mondadoristore-it-nucleare-ritorno-futuro-umberto-minopoli-eai978888195461","23":"pa_guerini_mondadori_link-https-www-mondadoristore-it-nucleare-ritorno-futuro-umberto-minopoli-eai978886250858","25":"first","26":"instock","27":"sale","28":"shipping-taxable","29":"purchasable","30":"product-type-simple"},"yoast_head":"<!-- This site is optimized with the Yoast SEO plugin v25.4 - https:\/\/yoast.com\/wordpress\/plugins\/seo\/ -->\n<title>Nucleare. Ritorno al futuro - Guerini e Associati<\/title>\n<meta name=\"robots\" content=\"index, follow, max-snippet:-1, max-image-preview:large, max-video-preview:-1\" \/>\n<link rel=\"canonical\" href=\"https:\/\/www.guerini.it\/index.php\/prodotto\/nucleare-ritorno-al-futuro\/\" \/>\n<meta property=\"og:locale\" content=\"it_IT\" \/>\n<meta property=\"og:type\" content=\"article\" \/>\n<meta property=\"og:title\" content=\"Nucleare. Ritorno al futuro - Guerini e Associati\" \/>\n<meta property=\"og:description\" content=\"\u00abIl nostro Paese \u00e8 davvero un caso a s\u00e9 nel panorama energetico del continente. Da che detenevamo un primato nel mondo nel campo del nucleare, siamo diventati ultimi, per incapacit\u00e0 [&hellip;]\" \/>\n<meta property=\"og:url\" content=\"https:\/\/www.guerini.it\/index.php\/prodotto\/nucleare-ritorno-al-futuro\/\" \/>\n<meta property=\"og:site_name\" content=\"Guerini e Associati\" \/>\n<meta property=\"article:modified_time\" content=\"2024-06-09T18:25:35+00:00\" \/>\n<meta property=\"og:image\" content=\"https:\/\/www.guerini.it\/wp-content\/uploads\/2022\/05\/0788862508582-e1652346347590.jpg\" \/>\n\t<meta property=\"og:image:width\" content=\"233\" \/>\n\t<meta property=\"og:image:height\" content=\"350\" \/>\n\t<meta property=\"og:image:type\" content=\"image\/jpeg\" \/>\n<meta name=\"twitter:card\" content=\"summary_large_image\" \/>\n<meta name=\"twitter:label1\" content=\"Tempo di lettura stimato\" \/>\n\t<meta name=\"twitter:data1\" content=\"2 minuti\" \/>\n<!-- \/ Yoast SEO plugin. -->","yoast_head_json":{"title":"Nucleare. Ritorno al futuro - Guerini e Associati","robots":{"index":"index","follow":"follow","max-snippet":"max-snippet:-1","max-image-preview":"max-image-preview:large","max-video-preview":"max-video-preview:-1"},"canonical":"https:\/\/www.guerini.it\/index.php\/prodotto\/nucleare-ritorno-al-futuro\/","og_locale":"it_IT","og_type":"article","og_title":"Nucleare. Ritorno al futuro - Guerini e Associati","og_description":"\u00abIl nostro Paese \u00e8 davvero un caso a s\u00e9 nel panorama energetico del continente. Da che detenevamo un primato nel mondo nel campo del nucleare, siamo diventati ultimi, per incapacit\u00e0 [&hellip;]","og_url":"https:\/\/www.guerini.it\/index.php\/prodotto\/nucleare-ritorno-al-futuro\/","og_site_name":"Guerini e Associati","article_modified_time":"2024-06-09T18:25:35+00:00","og_image":[{"width":233,"height":350,"url":"https:\/\/www.guerini.it\/wp-content\/uploads\/2022\/05\/0788862508582-e1652346347590.jpg","type":"image\/jpeg"}],"twitter_card":"summary_large_image","twitter_misc":{"Tempo di lettura stimato":"2 minuti"},"schema":{"@context":"https:\/\/schema.org","@graph":[{"@type":"WebPage","@id":"https:\/\/www.guerini.it\/index.php\/prodotto\/nucleare-ritorno-al-futuro\/","url":"https:\/\/www.guerini.it\/index.php\/prodotto\/nucleare-ritorno-al-futuro\/","name":"Nucleare. Ritorno al futuro - Guerini e Associati","isPartOf":{"@id":"https:\/\/www.guerini.it\/#website"},"primaryImageOfPage":{"@id":"https:\/\/www.guerini.it\/index.php\/prodotto\/nucleare-ritorno-al-futuro\/#primaryimage"},"image":{"@id":"https:\/\/www.guerini.it\/index.php\/prodotto\/nucleare-ritorno-al-futuro\/#primaryimage"},"thumbnailUrl":"https:\/\/www.guerini.it\/wp-content\/uploads\/2022\/05\/0788862508582-e1652346347590.jpg","datePublished":"2022-05-12T09:13:07+00:00","dateModified":"2024-06-09T18:25:35+00:00","breadcrumb":{"@id":"https:\/\/www.guerini.it\/index.php\/prodotto\/nucleare-ritorno-al-futuro\/#breadcrumb"},"inLanguage":"it-IT","potentialAction":[{"@type":"ReadAction","target":["https:\/\/www.guerini.it\/index.php\/prodotto\/nucleare-ritorno-al-futuro\/"]}]},{"@type":"ImageObject","inLanguage":"it-IT","@id":"https:\/\/www.guerini.it\/index.php\/prodotto\/nucleare-ritorno-al-futuro\/#primaryimage","url":"https:\/\/www.guerini.it\/wp-content\/uploads\/2022\/05\/0788862508582-e1652346347590.jpg","contentUrl":"https:\/\/www.guerini.it\/wp-content\/uploads\/2022\/05\/0788862508582-e1652346347590.jpg","width":233,"height":350,"caption":"Copertina del volume Nucleare. Ritorno al futuro"},{"@type":"BreadcrumbList","@id":"https:\/\/www.guerini.it\/index.php\/prodotto\/nucleare-ritorno-al-futuro\/#breadcrumb","itemListElement":[{"@type":"ListItem","position":1,"name":"Home","item":"https:\/\/www.guerini.it\/"},{"@type":"ListItem","position":2,"name":"Catalogo","item":"https:\/\/www.guerini.it\/index.php\/negozio\/"},{"@type":"ListItem","position":3,"name":"Nucleare. Ritorno al futuro"}]},{"@type":"WebSite","@id":"https:\/\/www.guerini.it\/#website","url":"https:\/\/www.guerini.it\/","name":"Guerini e Associati","description":"30 anni di libri, idee e libert\u00e0","publisher":{"@id":"https:\/\/www.guerini.it\/#organization"},"potentialAction":[{"@type":"SearchAction","target":{"@type":"EntryPoint","urlTemplate":"https:\/\/www.guerini.it\/?s={search_term_string}"},"query-input":{"@type":"PropertyValueSpecification","valueRequired":true,"valueName":"search_term_string"}}],"inLanguage":"it-IT"},{"@type":"Organization","@id":"https:\/\/www.guerini.it\/#organization","name":"Guerini e Associati","url":"https:\/\/www.guerini.it\/","logo":{"@type":"ImageObject","inLanguage":"it-IT","@id":"https:\/\/www.guerini.it\/#\/schema\/logo\/image\/","url":"https:\/\/www.guerini.it\/wp-content\/uploads\/2021\/03\/Logo-Guerini-OK_-e1615831292285.png","contentUrl":"https:\/\/www.guerini.it\/wp-content\/uploads\/2021\/03\/Logo-Guerini-OK_-e1615831292285.png","width":2805,"height":1870,"caption":"Guerini e Associati"},"image":{"@id":"https:\/\/www.guerini.it\/#\/schema\/logo\/image\/"}}]}},"_links":{"self":[{"href":"https:\/\/www.guerini.it\/index.php\/wp-json\/wp\/v2\/product\/22647","targetHints":{"allow":["GET"]}}],"collection":[{"href":"https:\/\/www.guerini.it\/index.php\/wp-json\/wp\/v2\/product"}],"about":[{"href":"https:\/\/www.guerini.it\/index.php\/wp-json\/wp\/v2\/types\/product"}],"wp:featuredmedia":[{"embeddable":true,"href":"https:\/\/www.guerini.it\/index.php\/wp-json\/wp\/v2\/media\/22648"}],"wp:attachment":[{"href":"https:\/\/www.guerini.it\/index.php\/wp-json\/wp\/v2\/media?parent=22647"}],"wp:term":[{"taxonomy":"product_brand","embeddable":true,"href":"https:\/\/www.guerini.it\/index.php\/wp-json\/wp\/v2\/product_brand?post=22647"},{"taxonomy":"product_cat","embeddable":true,"href":"https:\/\/www.guerini.it\/index.php\/wp-json\/wp\/v2\/product_cat?post=22647"},{"taxonomy":"product_tag","embeddable":true,"href":"https:\/\/www.guerini.it\/index.php\/wp-json\/wp\/v2\/product_tag?post=22647"}],"curies":[{"name":"wp","href":"https:\/\/api.w.org\/{rel}","templated":true}]}}

<p style="text-align: justify;"><em>«Il nostro Paese è davvero un caso a sé nel panorama energetico del continente. Da che detenevamo un primato nel mondo nel campo del nucleare, siamo diventati ultimi, per incapacità politica, paure esagerate, interessi occulti e ipocrisie ambientali».</em></p>
<p style="text-align: justify;">Compriamo energia nucleare fatta a pochi chilometri dal confine anziché produrla noi. Confondiamo tossicità con radioattività, i rischi di una centrale atomica con quelli di una bomba atomica. Crediamo che i rifiuti e le scorie siano due cose diverse (gli uni non pericolosi, le altre sì), che la ricerca sia sempre ferma ai tempi di Černobyl, che la scelta di chiudere i nostri impianti sia stata dettata dalla volontà popolare e non dalla corsa agli idrocarburi. In tutto il mondo si continuano ad aprire centrali nucleari, si costruiscono nuovi reattori, si progettano strutture di sicurezza a prova di errori umani o catastrofi naturali: al contrario, l’Italia, che era la terza potenza nucleare del pianeta, ha fermato tutto e ha cominciato a comprare da altri l’energia necessaria. Solo una percentuale minima del suo fabbisogno è coperta dalle fonti rinnovabili, per il resto il gas viene dalla Russia, il petrolio dagli arabi, il nucleare dai francesi e dagli svizzeri.<br />
L’aumento dei prezzi del gas e la guerra ci obbligano a rivedere il nostro mix energetico e i pregiudizi sul nucleare. E anche a batterci perché questa fonte, priva di emissioni nocive, inserita nella tassonomia europea, sia utilizzata per i finanziamenti sostenibili: il fabbisogno di energia del pianeta non va soddisfatto a scapito dell’ambiente, né della ricchezza energetica.</p>
<hr />
<p style="text-align: justify;"><strong>UMBERTO MINOPOLI</strong>, presidente dell’Associazione Italiana Nucleare <span style="font-variant: small-caps;">(ain)</span>, già presidente del Consiglio di Amministrazione di Ansaldo Nucleare Spa. Negli anni Novanta ha occupato posizioni di responsabilità nel Dipartimento Studi del Gruppo Finmeccanica, poi capo della Segreteria Tecnica del Ministro delle Attività Produttive e dei Trasporti. È stato membro dei CdA di Piaggio Aeronautics, di Sviluppo Campania e del Centro Italiano di Ricerche Aerospaziali <span style="font-variant: small-caps;">(cira)</span>.</p>

<p>«Il nostro Paese è davvero un caso a sé nel panorama energetico del continente. Da che detenevamo un primato nel mondo nel campo del nucleare, siamo diventati ultimi, per incapacità [&hellip;]</p>

<!-- This site is optimized with the Yoast SEO plugin v25.4 - https://yoast.com/wordpress/plugins/seo/ -->
<title>Nucleare. Ritorno al futuro - Guerini e Associati</title>
<meta name="robots" content="index, follow, max-snippet:-1, max-image-preview:large, max-video-preview:-1" />
<link rel="canonical" href="https://www.guerini.it/index.php/prodotto/nucleare-ritorno-al-futuro/" />
<meta property="og:locale" content="it_IT" />
<meta property="og:type" content="article" />
<meta property="og:title" content="Nucleare. Ritorno al futuro - Guerini e Associati" />
<meta property="og:description" content="«Il nostro Paese è davvero un caso a sé nel panorama energetico del continente. Da che detenevamo un primato nel mondo nel campo del nucleare, siamo diventati ultimi, per incapacità [&hellip;]" />
<meta property="og:url" content="https://www.guerini.it/index.php/prodotto/nucleare-ritorno-al-futuro/" />
<meta property="og:site_name" content="Guerini e Associati" />
<meta property="article:modified_time" content="2024-06-09T18:25:35+00:00" />
<meta property="og:image" content="https://www.guerini.it/wp-content/uploads/2022/05/0788862508582-e1652346347590.jpg" />
	<meta property="og:image:width" content="233" />
	<meta property="og:image:height" content="350" />
	<meta property="og:image:type" content="image/jpeg" />
<meta name="twitter:card" content="summary_large_image" />
<meta name="twitter:label1" content="Tempo di lettura stimato" />
	<meta name="twitter:data1" content="2 minuti" />
<!-- / Yoast SEO plugin. -->

«Il nostro Paese è davvero un caso a sé nel panorama energetico del continente. Da che detenevamo un primato nel mondo nel campo del nucleare, siamo diventati ultimi, per incapacità [&hellip;]

30 anni di libri, idee e libertà
