{"id":22819,"date":"2022-06-17T11:36:21","date_gmt":"2022-06-17T09:36:21","guid":{"rendered":"https:\/\/www.guerini.it\/?post_type=product&#038;p=22819"},"modified":"2024-06-09T20:25:37","modified_gmt":"2024-06-09T18:25:37","slug":"scritto-sotto-covid","status":"publish","type":"product","link":"https:\/\/www.guerini.it\/index.php\/prodotto\/scritto-sotto-covid\/","title":{"rendered":"Scritto sotto Covid"},"content":{"rendered":"<p style=\"text-align: justify;\">Lavoro, scuola, rapporti sociali e familiari, progetti di vita futura. Sono molte le cose della vita che l\u2019autorit\u00e0 ha imposto di sacrificare pur di evitare il contagio, facendo leva sul nostro bisogno dell\u2019Altro: uno stato simile a quello dell\u2019ipnosi. La verit\u00e0 del soggetto \u00e8 stata cos\u00ec messa a tacere, ma permane attiva e parlante nei modi che Freud e Lacan hanno chiamato \u00abinconscio\u00bb o \u00absintomo\u00bb: modi individuali e collettivi insieme. In azione di contrasto all\u2019ipnosi collettiva, gli psicoanalisti ridanno parola e voce alla verit\u00e0 inconscia: sanno che il soggetto \u00e8 reale poich\u00e9 lo mettono quotidianamente alla prova.<br \/>\n\u00c8 possibile allora fare una diagnosi adeguata della soggettivit\u00e0 della nostra epoca e capire dove essa ci trascina? Quale incidenza pu\u00f2 avere l\u2019esperienza psicoanalitica nel regno dell\u2019ipnosi e delle fake news? Come gli psicoanalisti possono lavorare con i responsabili degli altri discorsi per rendere presente ed efficace la loro esperienza del soggetto?<br \/>\nIn questi testi di conferenza e interventi pubblici, tenuti fra il 2018 e il 2021, Colette Soler riprende la lezione del maestro Lacan offrendo un\u2019originale e audace chiave di lettura per comprendere la soggettivit\u00e0 della nostra epoca.<\/p>\n<hr \/>\n<p style=\"text-align: justify;\"><strong>Colette Soler<\/strong> \u00e8 stata docente di filosofia all\u2019\u00c9cole Normale Sup\u00e9rieure e presso le Universit\u00e0 di Parigi VIII e Parigi VII. L\u2019incontro con l\u2019insegnamento e la persona di Jacques Lacan l\u2019ha poi portata a scegliere la psicoanalisi. \u00c8 stata membro della Scuola freudiana di Parigi, in seguito direttrice dell\u2019\u00c9cole de la Cause freudienne e iniziatrice dell\u2019Internazionale dei Forum del Campo Lacaniano (IFCL) e della sua Scuola di Psicoanalisi (EPFCL). Insegna in ambito lacaniano in Francia e all\u2019estero, tenendo seminari periodici e ricoprendo fin dall\u2019inizio responsabilit\u00e0 direttive. Tra i suoi libri, tradotti in diverse lingue, ricordiamo <em>L\u2019epoca dei traumi<\/em> (2004), <em>Quel che Lacan diceva delle donne<\/em> (2005), <em>Lacan, l\u2019inconscio reinventato<\/em> (2010), <em>L\u2019inconscio a cielo aperto della psicosi<\/em> (2014), <em>Gli affetti lacaniani<\/em> (2016) e <em>Avventi del reale. Dall\u2019angoscia al sintomo<\/em> (2018).<\/p>\n","protected":false},"excerpt":{"rendered":"<p>Lavoro, scuola, rapporti sociali e familiari, progetti di vita futura. Sono molte le cose della vita che l\u2019autorit\u00e0 ha imposto di sacrificare pur di evitare il contagio, facendo leva sul [&hellip;]<\/p>\n","protected":false},"featured_media":22822,"template":"","meta":{"_editorskit_title_hidden":false,"_editorskit_reading_time":0,"_editorskit_is_block_options_detached":false,"_editorskit_block_options_position":"{}","_monsterinsights_skip_tracking":false,"_monsterinsights_sitenote_active":false,"_monsterinsights_sitenote_note":"","_monsterinsights_sitenote_category":0},"product_brand":[],"product_cat":[6617],"product_tag":[8319,7053,6816],"class_list":{"0":"post-22819","1":"product","2":"type-product","3":"status-publish","4":"has-post-thumbnail","6":"product_cat-bc","7":"product_tag-lacan","8":"product_tag-pandemia","9":"product_tag-societa","10":"pa_guerini_amazon_link-https-www-amazon-it-scritto-sotto-covid-colette-soler-dp-8862508530","11":"pa_guerini_feltrinelli_link-https-www-lafeltrinelli-it-scritto-sotto-covid-che-fare-libro-colette-soler-e-9788862508537","12":"pa_guerini_ibs_link-https-www-ibs-it-scritto-sotto-covid-che-fare-libro-colette-soler-e-9788862508537","13":"pa_guerini_libruniver_link-https-www-libreriauniversitaria-it-scritto-sotto-covid-fare-ipnosi-libro-9788862508537","14":"pa_guerini_link_amazon-https-www-amazon-it-scritto-sotto-covid-nellipnosi-massa-ebook-dp-b0b6q44gt8","15":"pa_guerini_link_apple_ibook-https-books-apple-com-it-book-scritto-sotto-covid-che-fare-nellipnosi-di-massa-id6443185691","16":"pa_guerini_link_bookrepublic-https-www-bookrepublic-it-ebook-9788881954704-scritto-sotto-covid-che-fare-nellipnosi-di-massa-goware-e-edizioni-angelo-guerini-e-associati","17":"pa_guerini_link_giunti_punto-https-www-giuntialpunto-it-product-b0b6q44gt8-libri-scritto-sotto-covid-che-fare-nell-ipnosi-di-massa-soler-colette","18":"pa_guerini_link_google_play-https-play-google-com-store-books-details-colette_soler_scritto_sotto_covid_che_fare_nell_ipidxan8eaaaqbaj","19":"pa_guerini_link_ibs-https-www-ibs-it-scritto-sotto-covid-che-fare-ebook-colette-soler-e-9788881954704","20":"pa_guerini_link_kobo-https-www-kobo-com-it-en-ebook-scritto-sotto-covid-che-fare-nell-ipnosi-di-massa","21":"pa_guerini_link_lafeltrinelli-https-www-lafeltrinelli-it-scritto-sotto-covid-che-fare-ebook-colette-soler-e-9788881954704","22":"pa_guerini_link_mondadori-https-www-mondadoristore-it-scritto-sotto-covid-che-fare-colette-soler-eai978888195470","23":"pa_guerini_mondadori_link-https-www-mondadoristore-it-scritto-sotto-covid-che-fare-colette-soler-eai978886250853","25":"first","26":"instock","27":"sale","28":"shipping-taxable","29":"purchasable","30":"product-type-simple"},"yoast_head":"<!-- This site is optimized with the Yoast SEO plugin v25.4 - https:\/\/yoast.com\/wordpress\/plugins\/seo\/ -->\n<title>Scritto sotto Covid - Guerini e Associati<\/title>\n<meta name=\"robots\" content=\"index, follow, max-snippet:-1, max-image-preview:large, max-video-preview:-1\" \/>\n<link rel=\"canonical\" href=\"https:\/\/www.guerini.it\/index.php\/prodotto\/scritto-sotto-covid\/\" \/>\n<meta property=\"og:locale\" content=\"it_IT\" \/>\n<meta property=\"og:type\" content=\"article\" \/>\n<meta property=\"og:title\" content=\"Scritto sotto Covid - Guerini e Associati\" \/>\n<meta property=\"og:description\" content=\"Lavoro, scuola, rapporti sociali e familiari, progetti di vita futura. Sono molte le cose della vita che l\u2019autorit\u00e0 ha imposto di sacrificare pur di evitare il contagio, facendo leva sul [&hellip;]\" \/>\n<meta property=\"og:url\" content=\"https:\/\/www.guerini.it\/index.php\/prodotto\/scritto-sotto-covid\/\" \/>\n<meta property=\"og:site_name\" content=\"Guerini e Associati\" \/>\n<meta property=\"article:modified_time\" content=\"2024-06-09T18:25:37+00:00\" \/>\n<meta property=\"og:image\" content=\"https:\/\/www.guerini.it\/wp-content\/uploads\/2022\/06\/9788862508537-e1655458571153.jpg\" \/>\n\t<meta property=\"og:image:width\" content=\"233\" \/>\n\t<meta property=\"og:image:height\" content=\"350\" \/>\n\t<meta property=\"og:image:type\" content=\"image\/jpeg\" \/>\n<meta name=\"twitter:card\" content=\"summary_large_image\" \/>\n<meta name=\"twitter:label1\" content=\"Tempo di lettura stimato\" \/>\n\t<meta name=\"twitter:data1\" content=\"2 minuti\" \/>\n<!-- \/ Yoast SEO plugin. -->","yoast_head_json":{"title":"Scritto sotto Covid - Guerini e Associati","robots":{"index":"index","follow":"follow","max-snippet":"max-snippet:-1","max-image-preview":"max-image-preview:large","max-video-preview":"max-video-preview:-1"},"canonical":"https:\/\/www.guerini.it\/index.php\/prodotto\/scritto-sotto-covid\/","og_locale":"it_IT","og_type":"article","og_title":"Scritto sotto Covid - Guerini e Associati","og_description":"Lavoro, scuola, rapporti sociali e familiari, progetti di vita futura. Sono molte le cose della vita che l\u2019autorit\u00e0 ha imposto di sacrificare pur di evitare il contagio, facendo leva sul [&hellip;]","og_url":"https:\/\/www.guerini.it\/index.php\/prodotto\/scritto-sotto-covid\/","og_site_name":"Guerini e Associati","article_modified_time":"2024-06-09T18:25:37+00:00","og_image":[{"width":233,"height":350,"url":"https:\/\/www.guerini.it\/wp-content\/uploads\/2022\/06\/9788862508537-e1655458571153.jpg","type":"image\/jpeg"}],"twitter_card":"summary_large_image","twitter_misc":{"Tempo di lettura stimato":"2 minuti"},"schema":{"@context":"https:\/\/schema.org","@graph":[{"@type":"WebPage","@id":"https:\/\/www.guerini.it\/index.php\/prodotto\/scritto-sotto-covid\/","url":"https:\/\/www.guerini.it\/index.php\/prodotto\/scritto-sotto-covid\/","name":"Scritto sotto Covid - Guerini e Associati","isPartOf":{"@id":"https:\/\/www.guerini.it\/#website"},"primaryImageOfPage":{"@id":"https:\/\/www.guerini.it\/index.php\/prodotto\/scritto-sotto-covid\/#primaryimage"},"image":{"@id":"https:\/\/www.guerini.it\/index.php\/prodotto\/scritto-sotto-covid\/#primaryimage"},"thumbnailUrl":"https:\/\/www.guerini.it\/wp-content\/uploads\/2022\/06\/9788862508537-e1655458571153.jpg","datePublished":"2022-06-17T09:36:21+00:00","dateModified":"2024-06-09T18:25:37+00:00","breadcrumb":{"@id":"https:\/\/www.guerini.it\/index.php\/prodotto\/scritto-sotto-covid\/#breadcrumb"},"inLanguage":"it-IT","potentialAction":[{"@type":"ReadAction","target":["https:\/\/www.guerini.it\/index.php\/prodotto\/scritto-sotto-covid\/"]}]},{"@type":"ImageObject","inLanguage":"it-IT","@id":"https:\/\/www.guerini.it\/index.php\/prodotto\/scritto-sotto-covid\/#primaryimage","url":"https:\/\/www.guerini.it\/wp-content\/uploads\/2022\/06\/9788862508537-e1655458571153.jpg","contentUrl":"https:\/\/www.guerini.it\/wp-content\/uploads\/2022\/06\/9788862508537-e1655458571153.jpg","width":233,"height":350,"caption":"Copertina del volume Scritto sotto Covid"},{"@type":"BreadcrumbList","@id":"https:\/\/www.guerini.it\/index.php\/prodotto\/scritto-sotto-covid\/#breadcrumb","itemListElement":[{"@type":"ListItem","position":1,"name":"Home","item":"https:\/\/www.guerini.it\/"},{"@type":"ListItem","position":2,"name":"Catalogo","item":"https:\/\/www.guerini.it\/index.php\/negozio\/"},{"@type":"ListItem","position":3,"name":"Scritto sotto Covid"}]},{"@type":"WebSite","@id":"https:\/\/www.guerini.it\/#website","url":"https:\/\/www.guerini.it\/","name":"Guerini e Associati","description":"30 anni di libri, idee e libert\u00e0","publisher":{"@id":"https:\/\/www.guerini.it\/#organization"},"potentialAction":[{"@type":"SearchAction","target":{"@type":"EntryPoint","urlTemplate":"https:\/\/www.guerini.it\/?s={search_term_string}"},"query-input":{"@type":"PropertyValueSpecification","valueRequired":true,"valueName":"search_term_string"}}],"inLanguage":"it-IT"},{"@type":"Organization","@id":"https:\/\/www.guerini.it\/#organization","name":"Guerini e Associati","url":"https:\/\/www.guerini.it\/","logo":{"@type":"ImageObject","inLanguage":"it-IT","@id":"https:\/\/www.guerini.it\/#\/schema\/logo\/image\/","url":"https:\/\/www.guerini.it\/wp-content\/uploads\/2021\/03\/Logo-Guerini-OK_-e1615831292285.png","contentUrl":"https:\/\/www.guerini.it\/wp-content\/uploads\/2021\/03\/Logo-Guerini-OK_-e1615831292285.png","width":2805,"height":1870,"caption":"Guerini e Associati"},"image":{"@id":"https:\/\/www.guerini.it\/#\/schema\/logo\/image\/"}}]}},"_links":{"self":[{"href":"https:\/\/www.guerini.it\/index.php\/wp-json\/wp\/v2\/product\/22819","targetHints":{"allow":["GET"]}}],"collection":[{"href":"https:\/\/www.guerini.it\/index.php\/wp-json\/wp\/v2\/product"}],"about":[{"href":"https:\/\/www.guerini.it\/index.php\/wp-json\/wp\/v2\/types\/product"}],"wp:featuredmedia":[{"embeddable":true,"href":"https:\/\/www.guerini.it\/index.php\/wp-json\/wp\/v2\/media\/22822"}],"wp:attachment":[{"href":"https:\/\/www.guerini.it\/index.php\/wp-json\/wp\/v2\/media?parent=22819"}],"wp:term":[{"taxonomy":"product_brand","embeddable":true,"href":"https:\/\/www.guerini.it\/index.php\/wp-json\/wp\/v2\/product_brand?post=22819"},{"taxonomy":"product_cat","embeddable":true,"href":"https:\/\/www.guerini.it\/index.php\/wp-json\/wp\/v2\/product_cat?post=22819"},{"taxonomy":"product_tag","embeddable":true,"href":"https:\/\/www.guerini.it\/index.php\/wp-json\/wp\/v2\/product_tag?post=22819"}],"curies":[{"name":"wp","href":"https:\/\/api.w.org\/{rel}","templated":true}]}}

<p style="text-align: justify;">Lavoro, scuola, rapporti sociali e familiari, progetti di vita futura. Sono molte le cose della vita che l’autorità ha imposto di sacrificare pur di evitare il contagio, facendo leva sul nostro bisogno dell’Altro: uno stato simile a quello dell’ipnosi. La verità del soggetto è stata così messa a tacere, ma permane attiva e parlante nei modi che Freud e Lacan hanno chiamato «inconscio» o «sintomo»: modi individuali e collettivi insieme. In azione di contrasto all’ipnosi collettiva, gli psicoanalisti ridanno parola e voce alla verità inconscia: sanno che il soggetto è reale poiché lo mettono quotidianamente alla prova.<br />
È possibile allora fare una diagnosi adeguata della soggettività della nostra epoca e capire dove essa ci trascina? Quale incidenza può avere l’esperienza psicoanalitica nel regno dell’ipnosi e delle fake news? Come gli psicoanalisti possono lavorare con i responsabili degli altri discorsi per rendere presente ed efficace la loro esperienza del soggetto?<br />
In questi testi di conferenza e interventi pubblici, tenuti fra il 2018 e il 2021, Colette Soler riprende la lezione del maestro Lacan offrendo un’originale e audace chiave di lettura per comprendere la soggettività della nostra epoca.</p>
<hr />
<p style="text-align: justify;"><strong>Colette Soler</strong> è stata docente di filosofia all’École Normale Supérieure e presso le Università di Parigi VIII e Parigi VII. L’incontro con l’insegnamento e la persona di Jacques Lacan l’ha poi portata a scegliere la psicoanalisi. È stata membro della Scuola freudiana di Parigi, in seguito direttrice dell’École de la Cause freudienne e iniziatrice dell’Internazionale dei Forum del Campo Lacaniano (IFCL) e della sua Scuola di Psicoanalisi (EPFCL). Insegna in ambito lacaniano in Francia e all’estero, tenendo seminari periodici e ricoprendo fin dall’inizio responsabilità direttive. Tra i suoi libri, tradotti in diverse lingue, ricordiamo <em>L’epoca dei traumi</em> (2004), <em>Quel che Lacan diceva delle donne</em> (2005), <em>Lacan, l’inconscio reinventato</em> (2010), <em>L’inconscio a cielo aperto della psicosi</em> (2014), <em>Gli affetti lacaniani</em> (2016) e <em>Avventi del reale. Dall’angoscia al sintomo</em> (2018).</p>

<p>Lavoro, scuola, rapporti sociali e familiari, progetti di vita futura. Sono molte le cose della vita che l’autorità ha imposto di sacrificare pur di evitare il contagio, facendo leva sul [&hellip;]</p>

<!-- This site is optimized with the Yoast SEO plugin v25.4 - https://yoast.com/wordpress/plugins/seo/ -->
<title>Scritto sotto Covid - Guerini e Associati</title>
<meta name="robots" content="index, follow, max-snippet:-1, max-image-preview:large, max-video-preview:-1" />
<link rel="canonical" href="https://www.guerini.it/index.php/prodotto/scritto-sotto-covid/" />
<meta property="og:locale" content="it_IT" />
<meta property="og:type" content="article" />
<meta property="og:title" content="Scritto sotto Covid - Guerini e Associati" />
<meta property="og:description" content="Lavoro, scuola, rapporti sociali e familiari, progetti di vita futura. Sono molte le cose della vita che l’autorità ha imposto di sacrificare pur di evitare il contagio, facendo leva sul [&hellip;]" />
<meta property="og:url" content="https://www.guerini.it/index.php/prodotto/scritto-sotto-covid/" />
<meta property="og:site_name" content="Guerini e Associati" />
<meta property="article:modified_time" content="2024-06-09T18:25:37+00:00" />
<meta property="og:image" content="https://www.guerini.it/wp-content/uploads/2022/06/9788862508537-e1655458571153.jpg" />
	<meta property="og:image:width" content="233" />
	<meta property="og:image:height" content="350" />
	<meta property="og:image:type" content="image/jpeg" />
<meta name="twitter:card" content="summary_large_image" />
<meta name="twitter:label1" content="Tempo di lettura stimato" />
	<meta name="twitter:data1" content="2 minuti" />
<!-- / Yoast SEO plugin. -->

Lavoro, scuola, rapporti sociali e familiari, progetti di vita futura. Sono molte le cose della vita che l’autorità ha imposto di sacrificare pur di evitare il contagio, facendo leva sul [&hellip;]

30 anni di libri, idee e libertà
