{"id":22842,"date":"2022-07-28T13:50:30","date_gmt":"2022-07-28T11:50:30","guid":{"rendered":"https:\/\/www.guerini.it\/?post_type=product&#038;p=22842"},"modified":"2024-06-09T20:25:37","modified_gmt":"2024-06-09T18:25:37","slug":"punto-hr-2022","status":"publish","type":"product","link":"https:\/\/www.guerini.it\/index.php\/prodotto\/punto-hr-2022\/","title":{"rendered":"Punto HR 2022!"},"content":{"rendered":"<p style=\"text-align: justify;\"><em>Punto HR!<\/em> nasce come occasione per riflettere su tematiche inerenti al mondo delle Risorse Umane e vuole essere uno spazio di confronto e condivisione di idee ed esperienze. Quest\u2019anno torniamo a occuparci dei risvolti della Quarta rivoluzione industriale sul mondo del lavoro, incoraggiando il dibattito sul ruolo centrale delle persone nella crescita e nell\u2019innovazione delle organizzazioni. I contributi dei nostri autori, infatti, promuovono modelli di impresa in cui tecnologie e persone cooperano e si integrano, non solo per favorire la produzione, ma anche e soprattutto per lo sviluppo sociale. I tre principi cui si ispira <em>Punto HR 2022!<\/em> sono infatti la centralit\u00e0 della persona, la capacit\u00e0 di rispondere ai cambiamenti e la sostenibilit\u00e0 ambientale e sociale.<br \/>\nTale scelta deriva dalla convinzione che le persone siano il vero fattore abilitante della Digital Transformation, motivo per cui siamo convinti che nei prossimi anni sar\u00e0 fondamentale promuovere tra i lavoratori e le lavoratrici una cultura digitale, sviluppando un mindset e delle competenze idonee alla rapida trasformazione che stiamo vivendo.<\/p>\n<hr \/>\n<p style=\"text-align: justify;\"><strong>Sergio Carbone<\/strong> \u00e8 Amministratore Delegato di Projectland e opera da molti anni nella consulenza per compagnie di assicurazioni e banche nell\u2019Area dei Fondi Interprofessionali, del Project Management, dell\u2019analisi e dello sviluppo organizzativo. \u00c8 autore di <em>Vendo capre su Internet<\/em> e di numerosi saggi su varie edizioni di Global Business. Per le nostre edizioni ha curato <a href=\"https:\/\/www.guerini.it\/index.php\/prodotto\/finanziare-la-crescita-del-capitale-umano-978-88-6250-394-5\/\"><em>Finanziare la crescita del capitale umano<\/em><\/a> (2012) e ha pubblicato <a href=\"https:\/\/www.guerini.it\/index.php\/prodotto\/la-formazione-concreta\/\"><em>La formazione concreta<\/em><\/a> (con A. Pasquarella, 2016), nonch\u00e9 curato le precedenti edizioni di <em>Punto HR<\/em>.<\/p>\n<p style=\"text-align: justify;\"><strong>Angelo Pasquarella<\/strong> \u00e8 Presidente di Projectland. Da molti anni opera nella formazione e nello sviluppo di progetti innovativi per il settore assicurativo. Per le nostre edizioni ha pubblicato <a href=\"https:\/\/www.guerini.it\/index.php\/prodotto\/il-quinto-stato\/\"><em>Il quinto stato<\/em><\/a> (2011), <a href=\"https:\/\/www.guerini.it\/index.php\/prodotto\/9788862504898-giovani-al-lavoro\/\"><em>Giovani al lavoro<\/em><\/a> (con G. Cazzola e A. Servidori, 2013), <a href=\"https:\/\/www.guerini.it\/index.php\/prodotto\/la-formazione-concreta\/\"><em>La formazione concreta<\/em><\/a> (con S. Carbone, 2016), <a href=\"https:\/\/www.guerini.it\/index.php\/prodotto\/punto-hr-2020\/\"><em>Punto HR 2020<\/em>!<\/a> (con S. Carbone, 2019) e <a href=\"https:\/\/www.guerini.it\/index.php\/prodotto\/competenze-e-formazione-4-0\/\"><em>Competenze e formazione 4.0<\/em><\/a> (con L. Garozzo, 2021).<\/p>\n","protected":false},"excerpt":{"rendered":"<p>Punto HR! nasce come occasione per riflettere su tematiche inerenti al mondo delle Risorse Umane e vuole essere uno spazio di confronto e condivisione di idee ed esperienze. Quest\u2019anno torniamo [&hellip;]<\/p>\n","protected":false},"featured_media":22847,"template":"","meta":{"_editorskit_title_hidden":false,"_editorskit_reading_time":0,"_editorskit_is_block_options_detached":false,"_editorskit_block_options_position":"{}","_monsterinsights_skip_tracking":false,"_monsterinsights_sitenote_active":false,"_monsterinsights_sitenote_note":"","_monsterinsights_sitenote_category":0},"product_brand":[],"product_cat":[6805,6529],"product_tag":[7579,7341,6802],"class_list":{"0":"post-22842","1":"product","2":"type-product","3":"status-publish","4":"has-post-thumbnail","6":"product_cat-guerini-next","7":"product_cat-economia-e-management","8":"product_tag-imprese","9":"product_tag-lavoro","10":"product_tag-risorse-umane","11":"pa_guerini_amazon_link-https-www-amazon-it-punto-hr-2022-sergio-carbone-dp-8868964252","12":"pa_guerini_feltrinelli_link-https-www-lafeltrinelli-it-punto-hr-2022-sostenibilita-resilienza-libro-vari-e-9788868964252","13":"pa_guerini_ibs_link-https-www-ibs-it-punto-hr-2022-sostenibilita-resilienza-libro-vari-e-9788868964252","14":"pa_guerini_libruniver_link-https-www-libreriauniversitaria-it-punto-hr-2022-sostenibilita-resilienza-libro-9788868964252","15":"pa_guerini_link_amazon-https-www-amazon-it-punto-2022-sostenibilit-resilienza-centralit-ebook-dp-b0bfk5qr16","16":"pa_guerini_link_apple_ibook-https-books-apple-com-it-book-punto-hr-2022-id6443437659","17":"pa_guerini_link_bookrepublic-https-www-bookrepublic-it-ebook-9788868964252-punto-hr-2022-goware-guerini-next","18":"pa_guerini_link_giunti_punto-https-www-giuntialpunto-it-product-b0bfk5qr16-libri-punto-hr-2022-sostenibilit-resilienza-e-centralit-della-persona-sergio","19":"pa_guerini_link_google_play-https-play-google-com-store-books-details-sergio_carbone_punto_hr_2022_sostenibilit_resilieidspqjeaaaqbaj","20":"pa_guerini_link_kobo-https-www-kobo-com-it-en-ebook-punto-hr-2022","21":"pa_guerini_link_lafeltrinelli-https-www-lafeltrinelli-it-punto-hr-2022-sostenibilita-resilienza-libro-vari-e-9788868964252","22":"pa_guerini_mondadori_link-https-www-mondadoristore-it-punto-hr-2022-sostenibilita-na-eai978886896425","24":"first","25":"instock","26":"sale","27":"shipping-taxable","28":"purchasable","29":"product-type-simple"},"yoast_head":"<!-- This site is optimized with the Yoast SEO plugin v25.4 - https:\/\/yoast.com\/wordpress\/plugins\/seo\/ -->\n<title>Punto HR 2022! - Guerini e Associati<\/title>\n<meta name=\"robots\" content=\"index, follow, max-snippet:-1, max-image-preview:large, max-video-preview:-1\" \/>\n<link rel=\"canonical\" href=\"https:\/\/www.guerini.it\/index.php\/prodotto\/punto-hr-2022\/\" \/>\n<meta property=\"og:locale\" content=\"it_IT\" \/>\n<meta property=\"og:type\" content=\"article\" \/>\n<meta property=\"og:title\" content=\"Punto HR 2022! - Guerini e Associati\" \/>\n<meta property=\"og:description\" content=\"Punto HR! nasce come occasione per riflettere su tematiche inerenti al mondo delle Risorse Umane e vuole essere uno spazio di confronto e condivisione di idee ed esperienze. Quest\u2019anno torniamo [&hellip;]\" \/>\n<meta property=\"og:url\" content=\"https:\/\/www.guerini.it\/index.php\/prodotto\/punto-hr-2022\/\" \/>\n<meta property=\"og:site_name\" content=\"Guerini e Associati\" \/>\n<meta property=\"article:modified_time\" content=\"2024-06-09T18:25:37+00:00\" \/>\n<meta property=\"og:image\" content=\"https:\/\/www.guerini.it\/wp-content\/uploads\/2022\/07\/9788868964252-1-scaled-e1659009360144.jpg\" \/>\n\t<meta property=\"og:image:width\" content=\"226\" \/>\n\t<meta property=\"og:image:height\" content=\"350\" \/>\n\t<meta property=\"og:image:type\" content=\"image\/jpeg\" \/>\n<meta name=\"twitter:card\" content=\"summary_large_image\" \/>\n<meta name=\"twitter:label1\" content=\"Tempo di lettura stimato\" \/>\n\t<meta name=\"twitter:data1\" content=\"2 minuti\" \/>\n<!-- \/ Yoast SEO plugin. -->","yoast_head_json":{"title":"Punto HR 2022! - Guerini e Associati","robots":{"index":"index","follow":"follow","max-snippet":"max-snippet:-1","max-image-preview":"max-image-preview:large","max-video-preview":"max-video-preview:-1"},"canonical":"https:\/\/www.guerini.it\/index.php\/prodotto\/punto-hr-2022\/","og_locale":"it_IT","og_type":"article","og_title":"Punto HR 2022! - Guerini e Associati","og_description":"Punto HR! nasce come occasione per riflettere su tematiche inerenti al mondo delle Risorse Umane e vuole essere uno spazio di confronto e condivisione di idee ed esperienze. Quest\u2019anno torniamo [&hellip;]","og_url":"https:\/\/www.guerini.it\/index.php\/prodotto\/punto-hr-2022\/","og_site_name":"Guerini e Associati","article_modified_time":"2024-06-09T18:25:37+00:00","og_image":[{"width":226,"height":350,"url":"https:\/\/www.guerini.it\/wp-content\/uploads\/2022\/07\/9788868964252-1-scaled-e1659009360144.jpg","type":"image\/jpeg"}],"twitter_card":"summary_large_image","twitter_misc":{"Tempo di lettura stimato":"2 minuti"},"schema":{"@context":"https:\/\/schema.org","@graph":[{"@type":"WebPage","@id":"https:\/\/www.guerini.it\/index.php\/prodotto\/punto-hr-2022\/","url":"https:\/\/www.guerini.it\/index.php\/prodotto\/punto-hr-2022\/","name":"Punto HR 2022! - Guerini e Associati","isPartOf":{"@id":"https:\/\/www.guerini.it\/#website"},"primaryImageOfPage":{"@id":"https:\/\/www.guerini.it\/index.php\/prodotto\/punto-hr-2022\/#primaryimage"},"image":{"@id":"https:\/\/www.guerini.it\/index.php\/prodotto\/punto-hr-2022\/#primaryimage"},"thumbnailUrl":"https:\/\/www.guerini.it\/wp-content\/uploads\/2022\/07\/9788868964252-1-scaled-e1659009360144.jpg","datePublished":"2022-07-28T11:50:30+00:00","dateModified":"2024-06-09T18:25:37+00:00","breadcrumb":{"@id":"https:\/\/www.guerini.it\/index.php\/prodotto\/punto-hr-2022\/#breadcrumb"},"inLanguage":"it-IT","potentialAction":[{"@type":"ReadAction","target":["https:\/\/www.guerini.it\/index.php\/prodotto\/punto-hr-2022\/"]}]},{"@type":"ImageObject","inLanguage":"it-IT","@id":"https:\/\/www.guerini.it\/index.php\/prodotto\/punto-hr-2022\/#primaryimage","url":"https:\/\/www.guerini.it\/wp-content\/uploads\/2022\/07\/9788868964252-1-scaled-e1659009360144.jpg","contentUrl":"https:\/\/www.guerini.it\/wp-content\/uploads\/2022\/07\/9788868964252-1-scaled-e1659009360144.jpg","width":226,"height":350,"caption":"Copertina del volume Punto HR 2022!"},{"@type":"BreadcrumbList","@id":"https:\/\/www.guerini.it\/index.php\/prodotto\/punto-hr-2022\/#breadcrumb","itemListElement":[{"@type":"ListItem","position":1,"name":"Home","item":"https:\/\/www.guerini.it\/"},{"@type":"ListItem","position":2,"name":"Catalogo","item":"https:\/\/www.guerini.it\/index.php\/negozio\/"},{"@type":"ListItem","position":3,"name":"Punto HR 2022!"}]},{"@type":"WebSite","@id":"https:\/\/www.guerini.it\/#website","url":"https:\/\/www.guerini.it\/","name":"Guerini e Associati","description":"30 anni di libri, idee e libert\u00e0","publisher":{"@id":"https:\/\/www.guerini.it\/#organization"},"potentialAction":[{"@type":"SearchAction","target":{"@type":"EntryPoint","urlTemplate":"https:\/\/www.guerini.it\/?s={search_term_string}"},"query-input":{"@type":"PropertyValueSpecification","valueRequired":true,"valueName":"search_term_string"}}],"inLanguage":"it-IT"},{"@type":"Organization","@id":"https:\/\/www.guerini.it\/#organization","name":"Guerini e Associati","url":"https:\/\/www.guerini.it\/","logo":{"@type":"ImageObject","inLanguage":"it-IT","@id":"https:\/\/www.guerini.it\/#\/schema\/logo\/image\/","url":"https:\/\/www.guerini.it\/wp-content\/uploads\/2021\/03\/Logo-Guerini-OK_-e1615831292285.png","contentUrl":"https:\/\/www.guerini.it\/wp-content\/uploads\/2021\/03\/Logo-Guerini-OK_-e1615831292285.png","width":2805,"height":1870,"caption":"Guerini e Associati"},"image":{"@id":"https:\/\/www.guerini.it\/#\/schema\/logo\/image\/"}}]}},"_links":{"self":[{"href":"https:\/\/www.guerini.it\/index.php\/wp-json\/wp\/v2\/product\/22842","targetHints":{"allow":["GET"]}}],"collection":[{"href":"https:\/\/www.guerini.it\/index.php\/wp-json\/wp\/v2\/product"}],"about":[{"href":"https:\/\/www.guerini.it\/index.php\/wp-json\/wp\/v2\/types\/product"}],"wp:featuredmedia":[{"embeddable":true,"href":"https:\/\/www.guerini.it\/index.php\/wp-json\/wp\/v2\/media\/22847"}],"wp:attachment":[{"href":"https:\/\/www.guerini.it\/index.php\/wp-json\/wp\/v2\/media?parent=22842"}],"wp:term":[{"taxonomy":"product_brand","embeddable":true,"href":"https:\/\/www.guerini.it\/index.php\/wp-json\/wp\/v2\/product_brand?post=22842"},{"taxonomy":"product_cat","embeddable":true,"href":"https:\/\/www.guerini.it\/index.php\/wp-json\/wp\/v2\/product_cat?post=22842"},{"taxonomy":"product_tag","embeddable":true,"href":"https:\/\/www.guerini.it\/index.php\/wp-json\/wp\/v2\/product_tag?post=22842"}],"curies":[{"name":"wp","href":"https:\/\/api.w.org\/{rel}","templated":true}]}}

<p style="text-align: justify;"><em>Punto HR!</em> nasce come occasione per riflettere su tematiche inerenti al mondo delle Risorse Umane e vuole essere uno spazio di confronto e condivisione di idee ed esperienze. Quest’anno torniamo a occuparci dei risvolti della Quarta rivoluzione industriale sul mondo del lavoro, incoraggiando il dibattito sul ruolo centrale delle persone nella crescita e nell’innovazione delle organizzazioni. I contributi dei nostri autori, infatti, promuovono modelli di impresa in cui tecnologie e persone cooperano e si integrano, non solo per favorire la produzione, ma anche e soprattutto per lo sviluppo sociale. I tre principi cui si ispira <em>Punto HR 2022!</em> sono infatti la centralità della persona, la capacità di rispondere ai cambiamenti e la sostenibilità ambientale e sociale.<br />
Tale scelta deriva dalla convinzione che le persone siano il vero fattore abilitante della Digital Transformation, motivo per cui siamo convinti che nei prossimi anni sarà fondamentale promuovere tra i lavoratori e le lavoratrici una cultura digitale, sviluppando un mindset e delle competenze idonee alla rapida trasformazione che stiamo vivendo.</p>
<hr />
<p style="text-align: justify;"><strong>Sergio Carbone</strong> è Amministratore Delegato di Projectland e opera da molti anni nella consulenza per compagnie di assicurazioni e banche nell’Area dei Fondi Interprofessionali, del Project Management, dell’analisi e dello sviluppo organizzativo. È autore di <em>Vendo capre su Internet</em> e di numerosi saggi su varie edizioni di Global Business. Per le nostre edizioni ha curato <a href="https://www.guerini.it/index.php/prodotto/finanziare-la-crescita-del-capitale-umano-978-88-6250-394-5/"><em>Finanziare la crescita del capitale umano</em></a> (2012) e ha pubblicato <a href="https://www.guerini.it/index.php/prodotto/la-formazione-concreta/"><em>La formazione concreta</em></a> (con A. Pasquarella, 2016), nonché curato le precedenti edizioni di <em>Punto HR</em>.</p>
<p style="text-align: justify;"><strong>Angelo Pasquarella</strong> è Presidente di Projectland. Da molti anni opera nella formazione e nello sviluppo di progetti innovativi per il settore assicurativo. Per le nostre edizioni ha pubblicato <a href="https://www.guerini.it/index.php/prodotto/il-quinto-stato/"><em>Il quinto stato</em></a> (2011), <a href="https://www.guerini.it/index.php/prodotto/9788862504898-giovani-al-lavoro/"><em>Giovani al lavoro</em></a> (con G. Cazzola e A. Servidori, 2013), <a href="https://www.guerini.it/index.php/prodotto/la-formazione-concreta/"><em>La formazione concreta</em></a> (con S. Carbone, 2016), <a href="https://www.guerini.it/index.php/prodotto/punto-hr-2020/"><em>Punto HR 2020</em>!</a> (con S. Carbone, 2019) e <a href="https://www.guerini.it/index.php/prodotto/competenze-e-formazione-4-0/"><em>Competenze e formazione 4.0</em></a> (con L. Garozzo, 2021).</p>

30 anni di libri, idee e libertà
