{"id":22871,"date":"2022-08-26T09:54:44","date_gmt":"2022-08-26T07:54:44","guid":{"rendered":"https:\/\/www.guerini.it\/?post_type=product&#038;p=22871"},"modified":"2026-04-29T00:03:33","modified_gmt":"2026-04-28T22:03:33","slug":"la-nave-e-laliante","status":"publish","type":"product","link":"https:\/\/www.guerini.it\/index.php\/prodotto\/la-nave-e-laliante\/","title":{"rendered":"La nave e l&#8217;aliante"},"content":{"rendered":"<p style=\"text-align: justify;\">Gestire progetti complessi richiede a project manager e componenti dei team di comportarsi come un pilota di aliante: leggere i venti, azionare i comandi, apprendere e adattarsi.<br \/>\nLa tesi di fondo sostenuta nel libro \u00e8 che la risposta sistemica alla complessit\u00e0 dei progetti \u00e8 l\u2019apprendimento organizzativo e la condivisione della conoscenza mediante comunit\u00e0 di pratica trasversali. Il testo \u00e8 il risultato di un ampio studio di letteratura e di un\u2019indagine empirica svolta presso la Fincantieri, grande impresa internazionale di costruzioni navali. Alla ricerca di soluzioni esperienziali e sistemiche per la gestione dei progetti complessi, il libro abbraccia tre ambiti disciplinari: scienze della complessit\u00e0, project management e apprendimento organizzativo. Si analizzano le dimensioni della complessit\u00e0 dei progetti, i vincoli di gestione e i processi di apprendimento delle organizzazioni che operano per progetti.<br \/>\nI team imparano a co-evolvere con le dinamiche organizzative e con i processi emergenti di apprendimento, condividendo la conoscenza creata e trasformandola in memoria collettiva, ovvero in cultura di gestione dei progetti complessi. Con la meraviglia e la consapevolezza di sentirsi trasformati da ogni nave che salpa verso i mari aperti. Una \u00abmagia\u00bb che costruisce navi e trasforma persone e organizzazioni.<\/p>\n<p style=\"text-align: justify;\"><a href=\"http:\/\/creativecommons.org\/licenses\/by-nc-nd\/4.0\/\" rel=\"license\"><img decoding=\"async\" style=\"border-width: 0;\" src=\"https:\/\/i.creativecommons.org\/l\/by-nc-nd\/4.0\/88x31.png\" alt=\"Licenza Creative Commons\" \/><\/a><br \/>\nQuest&#8217;opera \u00e8 distribuita con Licenza <a href=\"http:\/\/creativecommons.org\/licenses\/by-nc-nd\/4.0\/\" rel=\"license\">Creative Commons Attribuzione &#8211; Non commerciale &#8211; Non opere derivate 4.0 Internazionale<\/a>.<\/p>\n<p><strong>Scarica in formato <a href=\"https:\/\/www.mediafire.com\/file\/gzx0l6cse0trxp4\/Nave_e_aliante_def.pdf\/file\">Open access<\/a><\/strong><\/p>\n<hr \/>\n<p style=\"text-align: justify;\"><strong>Alberto F. De Toni<\/strong> \u00e8 professore ordinario di Ingegneria Economico-Gestionale presso l\u2019Universit\u00e0 degli Studi di Udine, dove insegna Organizzazione della Produzione e Gestione dei Sistemi Complessi. \u00c8 anche direttore scientifico di CUOA Business School. \u00c8 stato Magnifico Rettore, Presidente della Fondazione CRUI (Conferenza dei Rettori delle Universit\u00e0 Italiane) e Presidente dell\u2019Associazione Italiana di Ingegneria Gestionale.<\/p>\n<p style=\"text-align: justify;\"><strong>Elena Pessot<\/strong> \u00e8 ricercatrice in Ingegneria Economico-Gestionale e docente di <em>Manufacturing Strategies and Operations<\/em> e Laboratorio e Gestione d\u2019impresa presso l\u2019Universit\u00e0 degli Studi di Siena. Ha conseguito il dottorato in Ingegneria Industriale e dell\u2019Informazione presso l\u2019Universit\u00e0 degli Studi di Udine ed \u00e8 stata ricercatrice presso l\u2019Istituto di Sistemi e Tecnologie Industriali Intelligenti per il Manifatturiero Avanzato del Consiglio Nazionale delle Ricerche di Milano.<\/p>\n<p><strong>Permalink: <a href=\"http:\/\/digital.casalini.it\/9788868964511\">http:\/\/digital.casalini.it\/9788868964511<\/a><\/strong><\/p>\n","protected":false},"excerpt":{"rendered":"<p>Gestire progetti complessi richiede a project manager e componenti dei team di comportarsi come un pilota di aliante: leggere i venti, azionare i comandi, apprendere e adattarsi. La tesi di [&hellip;]<\/p>\n","protected":false},"featured_media":22872,"template":"","meta":{"_editorskit_title_hidden":false,"_editorskit_reading_time":0,"_editorskit_is_block_options_detached":false,"_editorskit_block_options_position":"{}","_monsterinsights_skip_tracking":false,"_monsterinsights_sitenote_active":false,"_monsterinsights_sitenote_note":"","_monsterinsights_sitenote_category":0},"product_brand":[],"product_cat":[6805,6529],"product_tag":[7317,8214,8445],"class_list":{"0":"post-22871","1":"product","2":"type-product","3":"status-publish","4":"has-post-thumbnail","6":"product_cat-guerini-next","7":"product_cat-economia-e-management","8":"product_tag-business","9":"product_tag-industria","10":"product_tag-project-manager","11":"pa_guerini_amazon_link-https-www-amazon-it-laliante-apprendimento-organizzativo-sistemica-complessit-dp-8868964503","12":"pa_guerini_feltrinelli_link-https-www-lafeltrinelli-it-nave-aliante-apprendimento-organizzativo-come-libro-alberto-f-de-toni-elena-pessot-e-9788868964504","13":"pa_guerini_ibs_link-https-www-ibs-it-nave-aliante-apprendimento-organizzativo-come-libro-alberto-f-de-toni-elena-pessot-e-9788868964504","14":"pa_guerini_libruniver_link-https-www-libreriauniversitaria-it-nave-aliante-apprendimento-organizzativo-risposta-libro-9788868964504","15":"pa_guerini_link_amazon-https-www-amazon-it-nave-laliante-apprendimento-organizzativo-complessit-ebook-dp-b0bg8yhx1l","16":"pa_guerini_link_apple_ibook-https-books-apple-com-it-book-la-nave-e-laliante-id6443547739","17":"pa_guerini_link_bookrepublic-https-www-bookrepublic-it-ebook-9788868964511-la-nave-e-laliante-goware-guerini-next","18":"pa_guerini_link_giunti_punto-https-www-giuntialpunto-it-product-b0bg8yhx1l-libri-la-nave-e-l-aliante-apprendimento-organizzativo-come-risposta-sistemica","19":"pa_guerini_link_google_play-https-play-google-com-store-books-details-alberto_felice_de_toni_la_nave_e_l_aliante_apprendiduasleaaaqbaj","20":"pa_guerini_link_ibs-https-www-ibs-it-nave-aliante-ebook-alberto-felice-de-toni-elena-pessot-e-9788868964511","21":"pa_guerini_link_kobo-https-www-kobo-com-it-it-ebook-la-nave-e-l-aliante","22":"pa_guerini_link_lafeltrinelli-https-www-lafeltrinelli-it-nave-aliante-ebook-alberto-felice-de-toni-elena-pessot-e-9788868964511","23":"pa_guerini_link_mondadori-https-www-mondadoristore-it-la-nave-e-laliante-alberto-felice-de-toni-elena-pessot-eai978886896451","24":"pa_guerini_mondadori_link-https-www-mondadoristore-it-nave-aliante-apprendimento-alberto-f-de-toni-elena-pessot-eai978886896450","26":"first","27":"instock","28":"sale","29":"shipping-taxable","30":"purchasable","31":"product-type-simple"},"yoast_head":"<!-- This site is optimized with the Yoast SEO plugin v25.4 - https:\/\/yoast.com\/wordpress\/plugins\/seo\/ -->\n<title>A. F. De Toni, E. Pessot, La nave e l&#039;aliante | Guerini Editore<\/title>\n<meta name=\"description\" content=\"I project manager e i componenti dei team si comportano come un pilota di aliante: leggono i venti, azionano i comandi, apprendono e si adattano.\" \/>\n<meta name=\"robots\" content=\"index, follow, max-snippet:-1, max-image-preview:large, max-video-preview:-1\" \/>\n<link rel=\"canonical\" href=\"https:\/\/www.guerini.it\/index.php\/prodotto\/la-nave-e-laliante\/\" \/>\n<meta property=\"og:locale\" content=\"it_IT\" \/>\n<meta property=\"og:type\" content=\"article\" \/>\n<meta property=\"og:title\" content=\"A. F. De Toni, E. Pessot, La nave e l&#039;aliante | Guerini Editore\" \/>\n<meta property=\"og:description\" content=\"I project manager e i componenti dei team si comportano come un pilota di aliante: leggono i venti, azionano i comandi, apprendono e si adattano.\" \/>\n<meta property=\"og:url\" content=\"https:\/\/www.guerini.it\/index.php\/prodotto\/la-nave-e-laliante\/\" \/>\n<meta property=\"og:site_name\" content=\"Guerini e Associati\" \/>\n<meta property=\"article:modified_time\" content=\"2026-04-28T22:03:33+00:00\" \/>\n<meta property=\"og:image\" content=\"https:\/\/www.guerini.it\/wp-content\/uploads\/2022\/08\/9788868964504-e1661500308211.jpg\" \/>\n\t<meta property=\"og:image:width\" content=\"225\" \/>\n\t<meta property=\"og:image:height\" content=\"350\" \/>\n\t<meta property=\"og:image:type\" content=\"image\/jpeg\" \/>\n<meta name=\"twitter:card\" content=\"summary_large_image\" \/>\n<meta name=\"twitter:label1\" content=\"Tempo di lettura stimato\" \/>\n\t<meta name=\"twitter:data1\" content=\"3 minuti\" \/>\n<!-- \/ Yoast SEO plugin. -->","yoast_head_json":{"title":"A. F. De Toni, E. Pessot, La nave e l'aliante | Guerini Editore","description":"I project manager e i componenti dei team si comportano come un pilota di aliante: leggono i venti, azionano i comandi, apprendono e si adattano.","robots":{"index":"index","follow":"follow","max-snippet":"max-snippet:-1","max-image-preview":"max-image-preview:large","max-video-preview":"max-video-preview:-1"},"canonical":"https:\/\/www.guerini.it\/index.php\/prodotto\/la-nave-e-laliante\/","og_locale":"it_IT","og_type":"article","og_title":"A. F. De Toni, E. Pessot, La nave e l'aliante | Guerini Editore","og_description":"I project manager e i componenti dei team si comportano come un pilota di aliante: leggono i venti, azionano i comandi, apprendono e si adattano.","og_url":"https:\/\/www.guerini.it\/index.php\/prodotto\/la-nave-e-laliante\/","og_site_name":"Guerini e Associati","article_modified_time":"2026-04-28T22:03:33+00:00","og_image":[{"width":225,"height":350,"url":"https:\/\/www.guerini.it\/wp-content\/uploads\/2022\/08\/9788868964504-e1661500308211.jpg","type":"image\/jpeg"}],"twitter_card":"summary_large_image","twitter_misc":{"Tempo di lettura stimato":"3 minuti"},"schema":{"@context":"https:\/\/schema.org","@graph":[{"@type":"WebPage","@id":"https:\/\/www.guerini.it\/index.php\/prodotto\/la-nave-e-laliante\/","url":"https:\/\/www.guerini.it\/index.php\/prodotto\/la-nave-e-laliante\/","name":"A. F. De Toni, E. Pessot, La nave e l'aliante | Guerini Editore","isPartOf":{"@id":"https:\/\/www.guerini.it\/#website"},"primaryImageOfPage":{"@id":"https:\/\/www.guerini.it\/index.php\/prodotto\/la-nave-e-laliante\/#primaryimage"},"image":{"@id":"https:\/\/www.guerini.it\/index.php\/prodotto\/la-nave-e-laliante\/#primaryimage"},"thumbnailUrl":"https:\/\/www.guerini.it\/wp-content\/uploads\/2022\/08\/9788868964504-e1661500308211.jpg","datePublished":"2022-08-26T07:54:44+00:00","dateModified":"2026-04-28T22:03:33+00:00","description":"I project manager e i componenti dei team si comportano come un pilota di aliante: leggono i venti, azionano i comandi, apprendono e si adattano.","breadcrumb":{"@id":"https:\/\/www.guerini.it\/index.php\/prodotto\/la-nave-e-laliante\/#breadcrumb"},"inLanguage":"it-IT","potentialAction":[{"@type":"ReadAction","target":["https:\/\/www.guerini.it\/index.php\/prodotto\/la-nave-e-laliante\/"]}]},{"@type":"ImageObject","inLanguage":"it-IT","@id":"https:\/\/www.guerini.it\/index.php\/prodotto\/la-nave-e-laliante\/#primaryimage","url":"https:\/\/www.guerini.it\/wp-content\/uploads\/2022\/08\/9788868964504-e1661500308211.jpg","contentUrl":"https:\/\/www.guerini.it\/wp-content\/uploads\/2022\/08\/9788868964504-e1661500308211.jpg","width":225,"height":350,"caption":"Copertina del volume La nave e l'aliante"},{"@type":"BreadcrumbList","@id":"https:\/\/www.guerini.it\/index.php\/prodotto\/la-nave-e-laliante\/#breadcrumb","itemListElement":[{"@type":"ListItem","position":1,"name":"Home","item":"https:\/\/www.guerini.it\/"},{"@type":"ListItem","position":2,"name":"Catalogo","item":"https:\/\/www.guerini.it\/index.php\/negozio\/"},{"@type":"ListItem","position":3,"name":"La nave e l&#8217;aliante"}]},{"@type":"WebSite","@id":"https:\/\/www.guerini.it\/#website","url":"https:\/\/www.guerini.it\/","name":"Guerini e Associati","description":"30 anni di libri, idee e libert\u00e0","publisher":{"@id":"https:\/\/www.guerini.it\/#organization"},"potentialAction":[{"@type":"SearchAction","target":{"@type":"EntryPoint","urlTemplate":"https:\/\/www.guerini.it\/?s={search_term_string}"},"query-input":{"@type":"PropertyValueSpecification","valueRequired":true,"valueName":"search_term_string"}}],"inLanguage":"it-IT"},{"@type":"Organization","@id":"https:\/\/www.guerini.it\/#organization","name":"Guerini e Associati","url":"https:\/\/www.guerini.it\/","logo":{"@type":"ImageObject","inLanguage":"it-IT","@id":"https:\/\/www.guerini.it\/#\/schema\/logo\/image\/","url":"https:\/\/www.guerini.it\/wp-content\/uploads\/2021\/03\/Logo-Guerini-OK_-e1615831292285.png","contentUrl":"https:\/\/www.guerini.it\/wp-content\/uploads\/2021\/03\/Logo-Guerini-OK_-e1615831292285.png","width":2805,"height":1870,"caption":"Guerini e Associati"},"image":{"@id":"https:\/\/www.guerini.it\/#\/schema\/logo\/image\/"}}]}},"_links":{"self":[{"href":"https:\/\/www.guerini.it\/index.php\/wp-json\/wp\/v2\/product\/22871","targetHints":{"allow":["GET"]}}],"collection":[{"href":"https:\/\/www.guerini.it\/index.php\/wp-json\/wp\/v2\/product"}],"about":[{"href":"https:\/\/www.guerini.it\/index.php\/wp-json\/wp\/v2\/types\/product"}],"wp:featuredmedia":[{"embeddable":true,"href":"https:\/\/www.guerini.it\/index.php\/wp-json\/wp\/v2\/media\/22872"}],"wp:attachment":[{"href":"https:\/\/www.guerini.it\/index.php\/wp-json\/wp\/v2\/media?parent=22871"}],"wp:term":[{"taxonomy":"product_brand","embeddable":true,"href":"https:\/\/www.guerini.it\/index.php\/wp-json\/wp\/v2\/product_brand?post=22871"},{"taxonomy":"product_cat","embeddable":true,"href":"https:\/\/www.guerini.it\/index.php\/wp-json\/wp\/v2\/product_cat?post=22871"},{"taxonomy":"product_tag","embeddable":true,"href":"https:\/\/www.guerini.it\/index.php\/wp-json\/wp\/v2\/product_tag?post=22871"}],"curies":[{"name":"wp","href":"https:\/\/api.w.org\/{rel}","templated":true}]}}

<p style="text-align: justify;">Gestire progetti complessi richiede a project manager e componenti dei team di comportarsi come un pilota di aliante: leggere i venti, azionare i comandi, apprendere e adattarsi.<br />
La tesi di fondo sostenuta nel libro è che la risposta sistemica alla complessità dei progetti è l’apprendimento organizzativo e la condivisione della conoscenza mediante comunità di pratica trasversali. Il testo è il risultato di un ampio studio di letteratura e di un’indagine empirica svolta presso la Fincantieri, grande impresa internazionale di costruzioni navali. Alla ricerca di soluzioni esperienziali e sistemiche per la gestione dei progetti complessi, il libro abbraccia tre ambiti disciplinari: scienze della complessità, project management e apprendimento organizzativo. Si analizzano le dimensioni della complessità dei progetti, i vincoli di gestione e i processi di apprendimento delle organizzazioni che operano per progetti.<br />
I team imparano a co-evolvere con le dinamiche organizzative e con i processi emergenti di apprendimento, condividendo la conoscenza creata e trasformandola in memoria collettiva, ovvero in cultura di gestione dei progetti complessi. Con la meraviglia e la consapevolezza di sentirsi trasformati da ogni nave che salpa verso i mari aperti. Una «magia» che costruisce navi e trasforma persone e organizzazioni.</p>
<p style="text-align: justify;"><a href="http://creativecommons.org/licenses/by-nc-nd/4.0/" rel="license"><img decoding="async" style="border-width: 0;" src="https://i.creativecommons.org/l/by-nc-nd/4.0/88x31.png" alt="Licenza Creative Commons" /></a><br />
Quest&#8217;opera è distribuita con Licenza <a href="http://creativecommons.org/licenses/by-nc-nd/4.0/" rel="license">Creative Commons Attribuzione &#8211; Non commerciale &#8211; Non opere derivate 4.0 Internazionale</a>.</p>
<p><strong>Scarica in formato <a href="https://www.mediafire.com/file/gzx0l6cse0trxp4/Nave_e_aliante_def.pdf/file">Open access</a></strong></p>
<hr />
<p style="text-align: justify;"><strong>Alberto F. De Toni</strong> è professore ordinario di Ingegneria Economico-Gestionale presso l’Università degli Studi di Udine, dove insegna Organizzazione della Produzione e Gestione dei Sistemi Complessi. È anche direttore scientifico di CUOA Business School. È stato Magnifico Rettore, Presidente della Fondazione CRUI (Conferenza dei Rettori delle Università Italiane) e Presidente dell’Associazione Italiana di Ingegneria Gestionale.</p>
<p style="text-align: justify;"><strong>Elena Pessot</strong> è ricercatrice in Ingegneria Economico-Gestionale e docente di <em>Manufacturing Strategies and Operations</em> e Laboratorio e Gestione d’impresa presso l’Università degli Studi di Siena. Ha conseguito il dottorato in Ingegneria Industriale e dell’Informazione presso l’Università degli Studi di Udine ed è stata ricercatrice presso l’Istituto di Sistemi e Tecnologie Industriali Intelligenti per il Manifatturiero Avanzato del Consiglio Nazionale delle Ricerche di Milano.</p>
<p><strong>Permalink: <a href="http://digital.casalini.it/9788868964511">http://digital.casalini.it/9788868964511</a></strong></p>

30 anni di libri, idee e libertà
