{"id":22933,"date":"2022-09-16T12:42:06","date_gmt":"2022-09-16T10:42:06","guid":{"rendered":"https:\/\/www.guerini.it\/?post_type=product&#038;p=22933"},"modified":"2024-06-09T20:25:40","modified_gmt":"2024-06-09T18:25:40","slug":"il-sistema-invisibile","status":"publish","type":"product","link":"https:\/\/www.guerini.it\/index.php\/prodotto\/il-sistema-invisibile\/","title":{"rendered":"Il Sistema (in)visibile"},"content":{"rendered":"<p style=\"text-align: justify;\"><em><strong>\u00abPensavamo di essere padroni del nostro destino, mentre altri, in luoghi che nemmeno immaginavamo e che non necessariamente coincidevano con governi e parlamenti, decidevano per noi\u00bb.<\/strong><\/em><\/p>\n<p style=\"text-align: justify;\">Non riconosciamo pi\u00f9 il mondo in cui viviamo. Continuiamo a eleggere parlamenti e governi ma le decisioni che contano vengono prese altrove. Assistiamo attoniti alla distruzione della classe media, mentre le frequenti crisi della nostra epoca \u2013 dal Covid-19 a quella energetica, passando per fenomeni disgreganti come la <em>cancel culture<\/em> \u2013 scuotono le nostre certezze, accentuando il nostro smarrimento. Ci sentiamo impotenti ma non capiamo perch\u00e9.<br \/>\nMarcello Foa spiega le logiche e i condizionamenti che scolpiscono la nostra societ\u00e0, descrivendo un sistema che \u00e8 visibile e al contempo volutamente invisibile, e che pu\u00f2 essere compreso solo uscendo dai classici schemi interpretativi. Con autorevolezza e la consueta chiarezza, analizza il ruolo delle \u00e9lite, dimostra come sia possibile modellare le masse, cambiare i valori, orientare la politica, l\u2019economia e i media avvalendosi anche delle tecniche di influenza psicologica, incluse quelle elaborate dalla Cia e dal Kgb. Tutto avviene davanti a noi ma non abbiamo occhi per vederlo: \u00e8 cos\u00ec che si governano le societ\u00e0 nell\u2019era moderna.<\/p>\n<hr \/>\n<p style=\"text-align: justify;\"><strong>MARCELLO FOA<\/strong> \u00e8 giornalista e docente di comunicazione all\u2019Universit\u00e0 Cattolica di Milano e all\u2019Universit\u00e0 della Svizzera italiana di Lugano. Formatosi alla scuola di Indro Montanelli a i<em>l Giornale<\/em>, \u00e8 stato Presidente della Rai dal 2018 al 2021 dopo aver diretto in Svizzera il Gruppo Corriere del Ticino. Torna alla saggistica dopo il grande successo di due saggi sulla manipolazione mediatica, <a href=\"https:\/\/www.guerini.it\/index.php\/prodotto\/gli-stregoni-della-notizia\/\"><em>Gli stregoni della notizia<\/em><\/a> (2006) e <a href=\"https:\/\/www.guerini.it\/index.php\/prodotto\/gli-stregoni-della-notizia-br-atto-secondo\/\"><em>Gli stregoni della notizia. Atto secondo<\/em><\/a> (2018), pubblicati per le nostre edizioni. Ha scritto anche due romanzi <em>Il ragazzo del lago<\/em> (2010) e <em>Il bambino invisibile<\/em> (2012), con Manuel Antonio Bragonzi. Ha vinto sette premi di giornalismo e comunicazione.<\/p>\n","protected":false},"excerpt":{"rendered":"<p>\u00abPensavamo di essere padroni del nostro destino, mentre altri, in luoghi che nemmeno immaginavamo e che non necessariamente coincidevano con governi e parlamenti, decidevano per noi\u00bb. Non riconosciamo pi\u00f9 il [&hellip;]<\/p>\n","protected":false},"featured_media":22934,"template":"","meta":{"_editorskit_title_hidden":false,"_editorskit_reading_time":0,"_editorskit_is_block_options_detached":false,"_editorskit_block_options_position":"{}","_monsterinsights_skip_tracking":false,"_monsterinsights_sitenote_active":false,"_monsterinsights_sitenote_note":"","_monsterinsights_sitenote_category":0},"product_brand":[],"product_cat":[6585],"product_tag":[8475,6814,6816],"class_list":{"0":"post-22933","1":"product","2":"type-product","3":"status-publish","4":"has-post-thumbnail","6":"product_cat-sma","7":"product_tag-attualita","8":"product_tag-comunicazione","9":"product_tag-societa","10":"pa_guerini_amazon_link-https-www-amazon-it-sistema-visibile-perch-padroni-destino-dp-8862508670","11":"pa_guerini_feltrinelli_link-https-www-lafeltrinelli-it-sistema-invisibile-perche-non-siamo-libro-marcello-foa-e-9788862508674","12":"pa_guerini_ibs_link-https-www-ibs-it-sistema-invisibile-perche-non-siamo-libro-marcello-foa-e-9788862508674","13":"pa_guerini_libruniver_link-https-www-libreriauniversitaria-it-sistema-visibile-perche-non-siamo-libro-9788862508674","14":"pa_guerini_link_amazon-https-www-amazon-it-dp-b0bjjld3mm","15":"pa_guerini_link_apple_ibook-https-books-apple-com-it-book-il-sistema-in-visibile-perch-non-siamo-pi-padroni-id6443920637","16":"pa_guerini_link_bookrepublic-https-www-bookrepublic-it-ebook-9788881954742-il-sistema-invisibile-goware-e-edizioni-angelo-guerini-e-associati","17":"pa_guerini_link_giunti_punto-https-www-giuntialpunto-it-product-b0bjjld3mm-libri-il-sistema-invisibile-perch-non-siamo-pi-padroni-del-nostro-destino","18":"pa_guerini_link_google_play-https-play-google-com-store-books-details-marcello_foa_il_sistema_in_visibileidvngveaaaqbaj","19":"pa_guerini_link_ibs-https-www-ibs-it-sistema-invisibile-ebook-marcello-foa-e-9788881954742","20":"pa_guerini_link_kobo-https-www-kobo-com-it-it-ebook-il-sistema-in-visibile","21":"pa_guerini_link_lafeltrinelli-https-www-lafeltrinelli-it-sistema-invisibile-ebook-marcello-foa-e-9788881954742","22":"pa_guerini_link_mondadori-https-www-mondadoristore-it-il-sistema-invisibile-marcello-foa-eai978888195474","23":"pa_guerini_mondadori_link-https-www-mondadoristore-it-sistema-invisibile-perche-marcello-foa-eai978886250867","25":"first","26":"instock","27":"sale","28":"shipping-taxable","29":"purchasable","30":"product-type-simple"},"yoast_head":"<!-- This site is optimized with the Yoast SEO plugin v25.4 - https:\/\/yoast.com\/wordpress\/plugins\/seo\/ -->\n<title>Il Sistema (in)visibile - Guerini e Associati<\/title>\n<meta name=\"robots\" content=\"index, follow, max-snippet:-1, max-image-preview:large, max-video-preview:-1\" \/>\n<link rel=\"canonical\" href=\"https:\/\/www.guerini.it\/index.php\/prodotto\/il-sistema-invisibile\/\" \/>\n<meta property=\"og:locale\" content=\"it_IT\" \/>\n<meta property=\"og:type\" content=\"article\" \/>\n<meta property=\"og:title\" content=\"Il Sistema (in)visibile - Guerini e Associati\" \/>\n<meta property=\"og:description\" content=\"\u00abPensavamo di essere padroni del nostro destino, mentre altri, in luoghi che nemmeno immaginavamo e che non necessariamente coincidevano con governi e parlamenti, decidevano per noi\u00bb. Non riconosciamo pi\u00f9 il [&hellip;]\" \/>\n<meta property=\"og:url\" content=\"https:\/\/www.guerini.it\/index.php\/prodotto\/il-sistema-invisibile\/\" \/>\n<meta property=\"og:site_name\" content=\"Guerini e Associati\" \/>\n<meta property=\"article:modified_time\" content=\"2024-06-09T18:25:40+00:00\" \/>\n<meta property=\"og:image\" content=\"https:\/\/www.guerini.it\/wp-content\/uploads\/2022\/09\/9788862508674-e1663324790774.jpg\" \/>\n\t<meta property=\"og:image:width\" content=\"233\" \/>\n\t<meta property=\"og:image:height\" content=\"350\" \/>\n\t<meta property=\"og:image:type\" content=\"image\/jpeg\" \/>\n<meta name=\"twitter:card\" content=\"summary_large_image\" \/>\n<meta name=\"twitter:label1\" content=\"Tempo di lettura stimato\" \/>\n\t<meta name=\"twitter:data1\" content=\"2 minuti\" \/>\n<!-- \/ Yoast SEO plugin. -->","yoast_head_json":{"title":"Il Sistema (in)visibile - Guerini e Associati","robots":{"index":"index","follow":"follow","max-snippet":"max-snippet:-1","max-image-preview":"max-image-preview:large","max-video-preview":"max-video-preview:-1"},"canonical":"https:\/\/www.guerini.it\/index.php\/prodotto\/il-sistema-invisibile\/","og_locale":"it_IT","og_type":"article","og_title":"Il Sistema (in)visibile - Guerini e Associati","og_description":"\u00abPensavamo di essere padroni del nostro destino, mentre altri, in luoghi che nemmeno immaginavamo e che non necessariamente coincidevano con governi e parlamenti, decidevano per noi\u00bb. Non riconosciamo pi\u00f9 il [&hellip;]","og_url":"https:\/\/www.guerini.it\/index.php\/prodotto\/il-sistema-invisibile\/","og_site_name":"Guerini e Associati","article_modified_time":"2024-06-09T18:25:40+00:00","og_image":[{"width":233,"height":350,"url":"https:\/\/www.guerini.it\/wp-content\/uploads\/2022\/09\/9788862508674-e1663324790774.jpg","type":"image\/jpeg"}],"twitter_card":"summary_large_image","twitter_misc":{"Tempo di lettura stimato":"2 minuti"},"schema":{"@context":"https:\/\/schema.org","@graph":[{"@type":"WebPage","@id":"https:\/\/www.guerini.it\/index.php\/prodotto\/il-sistema-invisibile\/","url":"https:\/\/www.guerini.it\/index.php\/prodotto\/il-sistema-invisibile\/","name":"Il Sistema (in)visibile - Guerini e Associati","isPartOf":{"@id":"https:\/\/www.guerini.it\/#website"},"primaryImageOfPage":{"@id":"https:\/\/www.guerini.it\/index.php\/prodotto\/il-sistema-invisibile\/#primaryimage"},"image":{"@id":"https:\/\/www.guerini.it\/index.php\/prodotto\/il-sistema-invisibile\/#primaryimage"},"thumbnailUrl":"https:\/\/www.guerini.it\/wp-content\/uploads\/2022\/09\/9788862508674-e1663324790774.jpg","datePublished":"2022-09-16T10:42:06+00:00","dateModified":"2024-06-09T18:25:40+00:00","breadcrumb":{"@id":"https:\/\/www.guerini.it\/index.php\/prodotto\/il-sistema-invisibile\/#breadcrumb"},"inLanguage":"it-IT","potentialAction":[{"@type":"ReadAction","target":["https:\/\/www.guerini.it\/index.php\/prodotto\/il-sistema-invisibile\/"]}]},{"@type":"ImageObject","inLanguage":"it-IT","@id":"https:\/\/www.guerini.it\/index.php\/prodotto\/il-sistema-invisibile\/#primaryimage","url":"https:\/\/www.guerini.it\/wp-content\/uploads\/2022\/09\/9788862508674-e1663324790774.jpg","contentUrl":"https:\/\/www.guerini.it\/wp-content\/uploads\/2022\/09\/9788862508674-e1663324790774.jpg","width":233,"height":350,"caption":"Copertina del volume Il Sistema (in)visibile"},{"@type":"BreadcrumbList","@id":"https:\/\/www.guerini.it\/index.php\/prodotto\/il-sistema-invisibile\/#breadcrumb","itemListElement":[{"@type":"ListItem","position":1,"name":"Home","item":"https:\/\/www.guerini.it\/"},{"@type":"ListItem","position":2,"name":"Catalogo","item":"https:\/\/www.guerini.it\/index.php\/negozio\/"},{"@type":"ListItem","position":3,"name":"Il Sistema (in)visibile"}]},{"@type":"WebSite","@id":"https:\/\/www.guerini.it\/#website","url":"https:\/\/www.guerini.it\/","name":"Guerini e Associati","description":"30 anni di libri, idee e libert\u00e0","publisher":{"@id":"https:\/\/www.guerini.it\/#organization"},"potentialAction":[{"@type":"SearchAction","target":{"@type":"EntryPoint","urlTemplate":"https:\/\/www.guerini.it\/?s={search_term_string}"},"query-input":{"@type":"PropertyValueSpecification","valueRequired":true,"valueName":"search_term_string"}}],"inLanguage":"it-IT"},{"@type":"Organization","@id":"https:\/\/www.guerini.it\/#organization","name":"Guerini e Associati","url":"https:\/\/www.guerini.it\/","logo":{"@type":"ImageObject","inLanguage":"it-IT","@id":"https:\/\/www.guerini.it\/#\/schema\/logo\/image\/","url":"https:\/\/www.guerini.it\/wp-content\/uploads\/2021\/03\/Logo-Guerini-OK_-e1615831292285.png","contentUrl":"https:\/\/www.guerini.it\/wp-content\/uploads\/2021\/03\/Logo-Guerini-OK_-e1615831292285.png","width":2805,"height":1870,"caption":"Guerini e Associati"},"image":{"@id":"https:\/\/www.guerini.it\/#\/schema\/logo\/image\/"}}]}},"_links":{"self":[{"href":"https:\/\/www.guerini.it\/index.php\/wp-json\/wp\/v2\/product\/22933","targetHints":{"allow":["GET"]}}],"collection":[{"href":"https:\/\/www.guerini.it\/index.php\/wp-json\/wp\/v2\/product"}],"about":[{"href":"https:\/\/www.guerini.it\/index.php\/wp-json\/wp\/v2\/types\/product"}],"wp:featuredmedia":[{"embeddable":true,"href":"https:\/\/www.guerini.it\/index.php\/wp-json\/wp\/v2\/media\/22934"}],"wp:attachment":[{"href":"https:\/\/www.guerini.it\/index.php\/wp-json\/wp\/v2\/media?parent=22933"}],"wp:term":[{"taxonomy":"product_brand","embeddable":true,"href":"https:\/\/www.guerini.it\/index.php\/wp-json\/wp\/v2\/product_brand?post=22933"},{"taxonomy":"product_cat","embeddable":true,"href":"https:\/\/www.guerini.it\/index.php\/wp-json\/wp\/v2\/product_cat?post=22933"},{"taxonomy":"product_tag","embeddable":true,"href":"https:\/\/www.guerini.it\/index.php\/wp-json\/wp\/v2\/product_tag?post=22933"}],"curies":[{"name":"wp","href":"https:\/\/api.w.org\/{rel}","templated":true}]}}

<p style="text-align: justify;"><em><strong>«Pensavamo di essere padroni del nostro destino, mentre altri, in luoghi che nemmeno immaginavamo e che non necessariamente coincidevano con governi e parlamenti, decidevano per noi».</strong></em></p>
<p style="text-align: justify;">Non riconosciamo più il mondo in cui viviamo. Continuiamo a eleggere parlamenti e governi ma le decisioni che contano vengono prese altrove. Assistiamo attoniti alla distruzione della classe media, mentre le frequenti crisi della nostra epoca – dal Covid-19 a quella energetica, passando per fenomeni disgreganti come la <em>cancel culture</em> – scuotono le nostre certezze, accentuando il nostro smarrimento. Ci sentiamo impotenti ma non capiamo perché.<br />
Marcello Foa spiega le logiche e i condizionamenti che scolpiscono la nostra società, descrivendo un sistema che è visibile e al contempo volutamente invisibile, e che può essere compreso solo uscendo dai classici schemi interpretativi. Con autorevolezza e la consueta chiarezza, analizza il ruolo delle élite, dimostra come sia possibile modellare le masse, cambiare i valori, orientare la politica, l’economia e i media avvalendosi anche delle tecniche di influenza psicologica, incluse quelle elaborate dalla Cia e dal Kgb. Tutto avviene davanti a noi ma non abbiamo occhi per vederlo: è così che si governano le società nell’era moderna.</p>
<hr />
<p style="text-align: justify;"><strong>MARCELLO FOA</strong> è giornalista e docente di comunicazione all’Università Cattolica di Milano e all’Università della Svizzera italiana di Lugano. Formatosi alla scuola di Indro Montanelli a i<em>l Giornale</em>, è stato Presidente della Rai dal 2018 al 2021 dopo aver diretto in Svizzera il Gruppo Corriere del Ticino. Torna alla saggistica dopo il grande successo di due saggi sulla manipolazione mediatica, <a href="https://www.guerini.it/index.php/prodotto/gli-stregoni-della-notizia/"><em>Gli stregoni della notizia</em></a> (2006) e <a href="https://www.guerini.it/index.php/prodotto/gli-stregoni-della-notizia-br-atto-secondo/"><em>Gli stregoni della notizia. Atto secondo</em></a> (2018), pubblicati per le nostre edizioni. Ha scritto anche due romanzi <em>Il ragazzo del lago</em> (2010) e <em>Il bambino invisibile</em> (2012), con Manuel Antonio Bragonzi. Ha vinto sette premi di giornalismo e comunicazione.</p>

<p>«Pensavamo di essere padroni del nostro destino, mentre altri, in luoghi che nemmeno immaginavamo e che non necessariamente coincidevano con governi e parlamenti, decidevano per noi». Non riconosciamo più il [&hellip;]</p>

<!-- This site is optimized with the Yoast SEO plugin v25.4 - https://yoast.com/wordpress/plugins/seo/ -->
<title>Il Sistema (in)visibile - Guerini e Associati</title>
<meta name="robots" content="index, follow, max-snippet:-1, max-image-preview:large, max-video-preview:-1" />
<link rel="canonical" href="https://www.guerini.it/index.php/prodotto/il-sistema-invisibile/" />
<meta property="og:locale" content="it_IT" />
<meta property="og:type" content="article" />
<meta property="og:title" content="Il Sistema (in)visibile - Guerini e Associati" />
<meta property="og:description" content="«Pensavamo di essere padroni del nostro destino, mentre altri, in luoghi che nemmeno immaginavamo e che non necessariamente coincidevano con governi e parlamenti, decidevano per noi». Non riconosciamo più il [&hellip;]" />
<meta property="og:url" content="https://www.guerini.it/index.php/prodotto/il-sistema-invisibile/" />
<meta property="og:site_name" content="Guerini e Associati" />
<meta property="article:modified_time" content="2024-06-09T18:25:40+00:00" />
<meta property="og:image" content="https://www.guerini.it/wp-content/uploads/2022/09/9788862508674-e1663324790774.jpg" />
	<meta property="og:image:width" content="233" />
	<meta property="og:image:height" content="350" />
	<meta property="og:image:type" content="image/jpeg" />
<meta name="twitter:card" content="summary_large_image" />
<meta name="twitter:label1" content="Tempo di lettura stimato" />
	<meta name="twitter:data1" content="2 minuti" />
<!-- / Yoast SEO plugin. -->

«Pensavamo di essere padroni del nostro destino, mentre altri, in luoghi che nemmeno immaginavamo e che non necessariamente coincidevano con governi e parlamenti, decidevano per noi». Non riconosciamo più il [&hellip;]

30 anni di libri, idee e libertà
