{"id":23042,"date":"2022-09-22T16:37:39","date_gmt":"2022-09-22T14:37:39","guid":{"rendered":"https:\/\/www.guerini.it\/?post_type=product&#038;p=23042"},"modified":"2024-06-09T20:25:40","modified_gmt":"2024-06-09T18:25:40","slug":"alle-radici-romane-della-costituzione","status":"publish","type":"product","link":"https:\/\/www.guerini.it\/index.php\/prodotto\/alle-radici-romane-della-costituzione\/","title":{"rendered":"Alle radici romane della Costituzione"},"content":{"rendered":"<p style=\"text-align: center;\"><em>\u00abRicostruire alcuni aspetti del dibattito culturale<\/em><br \/>\n<em>che si \u00e8 svolto in Costituente \u00e8 l\u2019obiettivo di questo lavoro,<\/em><br \/>\n<em>ci\u00f2 al fine di sempre meglio comprendere i principi, i valori,<\/em><br \/>\n<em>e dunque il modello costituzionale a cui i deputati si ispirarono, <\/em><br \/>\n<em>ben consapevoli che la nostra Carta costituzionale fu il frutto<\/em><br \/>\n<em>di compromessi e di mediazioni\u00bb.<\/em><\/p>\n<p style=\"text-align: justify;\">Sempre al centro del dibattito pubblico, la Costituzione italiana non smette mai di presentarsi come un testo imprescindibile a cui riferirsi, frutto di convergenza di culture politiche differenti. Per poterne comprendere appieno la straordinaria longevit\u00e0 \u00e8 per\u00f2 importante partire dallo studio dei suoi principi ispiratori. In particolare, sull\u2019impianto della Carta costituzionale e su alcuni suoi snodi fondamentali (i concetti di persona, famiglia, Stato, propriet\u00e0 e libert\u00e0), bisogna riconoscere l\u2019influenza, sia per adesione sia per opposizione, del diritto e della cultura romana. Un\u2019operazione culturale che ci illumina su come i Padri fondatori della Repubblica italiana vedevano il loro presente e immaginavano il nostro futuro.<\/p>\n<hr \/>\n<p style=\"text-align: justify;\"><strong>Giuseppe Valditara<\/strong> \u00e8 professore ordinario di Diritto romano all\u2019Universit\u00e0 degli Studi di Torino. Ha tenuto lezioni e seminari in diverse universit\u00e0 italiane e straniere. Fa parte del comitato scientifico di prestigiose riviste nazionali e internazionali. \u00c8 autore di numerosi libri in materie giuridiche. Nel 1992 ha vinto il Premio internazionale per la storia delle istituzioni politiche e giuridiche messo in palio dal Presidente della Corte Costituzionale. Nel 2020 fonda \u00abLettera 150\u00bb, <em>think tank<\/em> che coinvolge centinaia di professori e intellettuali nel dibattito politico, economico e culturale nazionale. Nell\u2019ottobre 2022 \u00e8 stato nominato Ministro dell\u2019Istruzione e del Merito.<\/p>\n","protected":false},"excerpt":{"rendered":"<p>\u00abRicostruire alcuni aspetti del dibattito culturale che si \u00e8 svolto in Costituente \u00e8 l\u2019obiettivo di questo lavoro, ci\u00f2 al fine di sempre meglio comprendere i principi, i valori, e dunque [&hellip;]<\/p>\n","protected":false},"featured_media":23043,"template":"","meta":{"_editorskit_title_hidden":false,"_editorskit_reading_time":0,"_editorskit_is_block_options_detached":false,"_editorskit_block_options_position":"{}","_monsterinsights_skip_tracking":false,"_monsterinsights_sitenote_active":false,"_monsterinsights_sitenote_note":"","_monsterinsights_sitenote_category":0},"product_brand":[],"product_cat":[6636,6539],"product_tag":[8562,8025,8563],"class_list":{"0":"post-23042","1":"product","2":"type-product","3":"status-publish","4":"has-post-thumbnail","6":"product_cat-di-storie-in-storia","7":"product_cat-storia-e-geografia","8":"product_tag-costituzione","9":"product_tag-cultura","10":"product_tag-diritto","11":"pa_guerini_amazon_link-https-www-amazon-it-costituzione-persona-famiglia-propriet-libert-dp-8862508700","12":"pa_guerini_feltrinelli_link-https-www-lafeltrinelli-it-alle-radici-romane-della-costituzione-libro-giuseppe-valditara-e-9788862508704","13":"pa_guerini_ibs_link-https-www-ibs-it-alle-radici-romane-della-costituzione-libro-giuseppe-valditara-e-9788862508704","14":"pa_guerini_libruniver_link-https-www-libreriauniversitaria-it-radici-romane-costituzione-persona-famiglia-libro-9788862508704","15":"pa_guerini_link_amazon-https-www-amazon-it-alle-radici-romane-della-costituzione-ebook-dp-b0bljd6t47","16":"pa_guerini_link_apple_ibook-https-books-apple-com-it-book-alle-radici-romane-della-costituzione-persona-famiglia-id6444214630","17":"pa_guerini_link_bookrepublic-https-www-bookrepublic-it-ebook-9788881954773-alle-radici-romane-della-costituzione-goware-e-edizioni-angelo-guerini-e-associati","18":"pa_guerini_link_giunti_punto-https-www-giuntialpunto-it-product-b0bljd6t47-libri-alle-radici-romane-della-costituzione-persona-famiglia-stato-propriet","19":"pa_guerini_link_google_play-https-play-google-com-store-books-details-giuseppe_valditara_alle_radici_romane_della_costitid5pczeaaaqbaj","20":"pa_guerini_link_ibs-https-www-ibs-it-alle-radici-romane-della-costituzione-ebook-giuseppe-valditara-e-9788881954773","21":"pa_guerini_link_kobo-https-www-kobo-com-it-it-ebook-alle-radici-romane-della-costituzione","22":"pa_guerini_link_lafeltrinelli-https-www-lafeltrinelli-it-alle-radici-romane-della-costituzione-ebook-giuseppe-valditara-e-9788881954773","23":"pa_guerini_link_mondadori-https-www-mondadoristore-it-radici-romane-costituzione-giuseppe-valditara-eai978888195477","24":"pa_guerini_mondadori_link-https-www-mondadoristore-it-radici-romane-costituzione-giuseppe-valditara-eai978886250870","26":"first","27":"instock","28":"sale","29":"shipping-taxable","30":"purchasable","31":"product-type-simple"},"yoast_head":"<!-- This site is optimized with the Yoast SEO plugin v25.4 - https:\/\/yoast.com\/wordpress\/plugins\/seo\/ -->\n<title>Alle radici romane della Costituzione - Guerini e Associati<\/title>\n<meta name=\"robots\" content=\"index, follow, max-snippet:-1, max-image-preview:large, max-video-preview:-1\" \/>\n<link rel=\"canonical\" href=\"https:\/\/www.guerini.it\/index.php\/prodotto\/alle-radici-romane-della-costituzione\/\" \/>\n<meta property=\"og:locale\" content=\"it_IT\" \/>\n<meta property=\"og:type\" content=\"article\" \/>\n<meta property=\"og:title\" content=\"Alle radici romane della Costituzione - Guerini e Associati\" \/>\n<meta property=\"og:description\" content=\"\u00abRicostruire alcuni aspetti del dibattito culturale che si \u00e8 svolto in Costituente \u00e8 l\u2019obiettivo di questo lavoro, ci\u00f2 al fine di sempre meglio comprendere i principi, i valori, e dunque [&hellip;]\" \/>\n<meta property=\"og:url\" content=\"https:\/\/www.guerini.it\/index.php\/prodotto\/alle-radici-romane-della-costituzione\/\" \/>\n<meta property=\"og:site_name\" content=\"Guerini e Associati\" \/>\n<meta property=\"article:modified_time\" content=\"2024-06-09T18:25:40+00:00\" \/>\n<meta property=\"og:image\" content=\"https:\/\/www.guerini.it\/wp-content\/uploads\/2022\/09\/9788862508704-e1663852923330.jpg\" \/>\n\t<meta property=\"og:image:width\" content=\"225\" \/>\n\t<meta property=\"og:image:height\" content=\"350\" \/>\n\t<meta property=\"og:image:type\" content=\"image\/jpeg\" \/>\n<meta name=\"twitter:card\" content=\"summary_large_image\" \/>\n<meta name=\"twitter:label1\" content=\"Tempo di lettura stimato\" \/>\n\t<meta name=\"twitter:data1\" content=\"2 minuti\" \/>\n<!-- \/ Yoast SEO plugin. -->","yoast_head_json":{"title":"Alle radici romane della Costituzione - Guerini e Associati","robots":{"index":"index","follow":"follow","max-snippet":"max-snippet:-1","max-image-preview":"max-image-preview:large","max-video-preview":"max-video-preview:-1"},"canonical":"https:\/\/www.guerini.it\/index.php\/prodotto\/alle-radici-romane-della-costituzione\/","og_locale":"it_IT","og_type":"article","og_title":"Alle radici romane della Costituzione - Guerini e Associati","og_description":"\u00abRicostruire alcuni aspetti del dibattito culturale che si \u00e8 svolto in Costituente \u00e8 l\u2019obiettivo di questo lavoro, ci\u00f2 al fine di sempre meglio comprendere i principi, i valori, e dunque [&hellip;]","og_url":"https:\/\/www.guerini.it\/index.php\/prodotto\/alle-radici-romane-della-costituzione\/","og_site_name":"Guerini e Associati","article_modified_time":"2024-06-09T18:25:40+00:00","og_image":[{"width":225,"height":350,"url":"https:\/\/www.guerini.it\/wp-content\/uploads\/2022\/09\/9788862508704-e1663852923330.jpg","type":"image\/jpeg"}],"twitter_card":"summary_large_image","twitter_misc":{"Tempo di lettura stimato":"2 minuti"},"schema":{"@context":"https:\/\/schema.org","@graph":[{"@type":"WebPage","@id":"https:\/\/www.guerini.it\/index.php\/prodotto\/alle-radici-romane-della-costituzione\/","url":"https:\/\/www.guerini.it\/index.php\/prodotto\/alle-radici-romane-della-costituzione\/","name":"Alle radici romane della Costituzione - Guerini e Associati","isPartOf":{"@id":"https:\/\/www.guerini.it\/#website"},"primaryImageOfPage":{"@id":"https:\/\/www.guerini.it\/index.php\/prodotto\/alle-radici-romane-della-costituzione\/#primaryimage"},"image":{"@id":"https:\/\/www.guerini.it\/index.php\/prodotto\/alle-radici-romane-della-costituzione\/#primaryimage"},"thumbnailUrl":"https:\/\/www.guerini.it\/wp-content\/uploads\/2022\/09\/9788862508704-e1663852923330.jpg","datePublished":"2022-09-22T14:37:39+00:00","dateModified":"2024-06-09T18:25:40+00:00","breadcrumb":{"@id":"https:\/\/www.guerini.it\/index.php\/prodotto\/alle-radici-romane-della-costituzione\/#breadcrumb"},"inLanguage":"it-IT","potentialAction":[{"@type":"ReadAction","target":["https:\/\/www.guerini.it\/index.php\/prodotto\/alle-radici-romane-della-costituzione\/"]}]},{"@type":"ImageObject","inLanguage":"it-IT","@id":"https:\/\/www.guerini.it\/index.php\/prodotto\/alle-radici-romane-della-costituzione\/#primaryimage","url":"https:\/\/www.guerini.it\/wp-content\/uploads\/2022\/09\/9788862508704-e1663852923330.jpg","contentUrl":"https:\/\/www.guerini.it\/wp-content\/uploads\/2022\/09\/9788862508704-e1663852923330.jpg","width":225,"height":350,"caption":"Copertina del volume Alle radici romane della Costituzione"},{"@type":"BreadcrumbList","@id":"https:\/\/www.guerini.it\/index.php\/prodotto\/alle-radici-romane-della-costituzione\/#breadcrumb","itemListElement":[{"@type":"ListItem","position":1,"name":"Home","item":"https:\/\/www.guerini.it\/"},{"@type":"ListItem","position":2,"name":"Catalogo","item":"https:\/\/www.guerini.it\/index.php\/negozio\/"},{"@type":"ListItem","position":3,"name":"Alle radici romane della Costituzione"}]},{"@type":"WebSite","@id":"https:\/\/www.guerini.it\/#website","url":"https:\/\/www.guerini.it\/","name":"Guerini e Associati","description":"30 anni di libri, idee e libert\u00e0","publisher":{"@id":"https:\/\/www.guerini.it\/#organization"},"potentialAction":[{"@type":"SearchAction","target":{"@type":"EntryPoint","urlTemplate":"https:\/\/www.guerini.it\/?s={search_term_string}"},"query-input":{"@type":"PropertyValueSpecification","valueRequired":true,"valueName":"search_term_string"}}],"inLanguage":"it-IT"},{"@type":"Organization","@id":"https:\/\/www.guerini.it\/#organization","name":"Guerini e Associati","url":"https:\/\/www.guerini.it\/","logo":{"@type":"ImageObject","inLanguage":"it-IT","@id":"https:\/\/www.guerini.it\/#\/schema\/logo\/image\/","url":"https:\/\/www.guerini.it\/wp-content\/uploads\/2021\/03\/Logo-Guerini-OK_-e1615831292285.png","contentUrl":"https:\/\/www.guerini.it\/wp-content\/uploads\/2021\/03\/Logo-Guerini-OK_-e1615831292285.png","width":2805,"height":1870,"caption":"Guerini e Associati"},"image":{"@id":"https:\/\/www.guerini.it\/#\/schema\/logo\/image\/"}}]}},"_links":{"self":[{"href":"https:\/\/www.guerini.it\/index.php\/wp-json\/wp\/v2\/product\/23042","targetHints":{"allow":["GET"]}}],"collection":[{"href":"https:\/\/www.guerini.it\/index.php\/wp-json\/wp\/v2\/product"}],"about":[{"href":"https:\/\/www.guerini.it\/index.php\/wp-json\/wp\/v2\/types\/product"}],"wp:featuredmedia":[{"embeddable":true,"href":"https:\/\/www.guerini.it\/index.php\/wp-json\/wp\/v2\/media\/23043"}],"wp:attachment":[{"href":"https:\/\/www.guerini.it\/index.php\/wp-json\/wp\/v2\/media?parent=23042"}],"wp:term":[{"taxonomy":"product_brand","embeddable":true,"href":"https:\/\/www.guerini.it\/index.php\/wp-json\/wp\/v2\/product_brand?post=23042"},{"taxonomy":"product_cat","embeddable":true,"href":"https:\/\/www.guerini.it\/index.php\/wp-json\/wp\/v2\/product_cat?post=23042"},{"taxonomy":"product_tag","embeddable":true,"href":"https:\/\/www.guerini.it\/index.php\/wp-json\/wp\/v2\/product_tag?post=23042"}],"curies":[{"name":"wp","href":"https:\/\/api.w.org\/{rel}","templated":true}]}}

<p style="text-align: center;"><em>«Ricostruire alcuni aspetti del dibattito culturale</em><br />
<em>che si è svolto in Costituente è l’obiettivo di questo lavoro,</em><br />
<em>ciò al fine di sempre meglio comprendere i principi, i valori,</em><br />
<em>e dunque il modello costituzionale a cui i deputati si ispirarono, </em><br />
<em>ben consapevoli che la nostra Carta costituzionale fu il frutto</em><br />
<em>di compromessi e di mediazioni».</em></p>
<p style="text-align: justify;">Sempre al centro del dibattito pubblico, la Costituzione italiana non smette mai di presentarsi come un testo imprescindibile a cui riferirsi, frutto di convergenza di culture politiche differenti. Per poterne comprendere appieno la straordinaria longevità è però importante partire dallo studio dei suoi principi ispiratori. In particolare, sull’impianto della Carta costituzionale e su alcuni suoi snodi fondamentali (i concetti di persona, famiglia, Stato, proprietà e libertà), bisogna riconoscere l’influenza, sia per adesione sia per opposizione, del diritto e della cultura romana. Un’operazione culturale che ci illumina su come i Padri fondatori della Repubblica italiana vedevano il loro presente e immaginavano il nostro futuro.</p>
<hr />
<p style="text-align: justify;"><strong>Giuseppe Valditara</strong> è professore ordinario di Diritto romano all’Università degli Studi di Torino. Ha tenuto lezioni e seminari in diverse università italiane e straniere. Fa parte del comitato scientifico di prestigiose riviste nazionali e internazionali. È autore di numerosi libri in materie giuridiche. Nel 1992 ha vinto il Premio internazionale per la storia delle istituzioni politiche e giuridiche messo in palio dal Presidente della Corte Costituzionale. Nel 2020 fonda «Lettera 150», <em>think tank</em> che coinvolge centinaia di professori e intellettuali nel dibattito politico, economico e culturale nazionale. Nell’ottobre 2022 è stato nominato Ministro dell’Istruzione e del Merito.</p>

<p>«Ricostruire alcuni aspetti del dibattito culturale che si è svolto in Costituente è l’obiettivo di questo lavoro, ciò al fine di sempre meglio comprendere i principi, i valori, e dunque [&hellip;]</p>

<!-- This site is optimized with the Yoast SEO plugin v25.4 - https://yoast.com/wordpress/plugins/seo/ -->
<title>Alle radici romane della Costituzione - Guerini e Associati</title>
<meta name="robots" content="index, follow, max-snippet:-1, max-image-preview:large, max-video-preview:-1" />
<link rel="canonical" href="https://www.guerini.it/index.php/prodotto/alle-radici-romane-della-costituzione/" />
<meta property="og:locale" content="it_IT" />
<meta property="og:type" content="article" />
<meta property="og:title" content="Alle radici romane della Costituzione - Guerini e Associati" />
<meta property="og:description" content="«Ricostruire alcuni aspetti del dibattito culturale che si è svolto in Costituente è l’obiettivo di questo lavoro, ciò al fine di sempre meglio comprendere i principi, i valori, e dunque [&hellip;]" />
<meta property="og:url" content="https://www.guerini.it/index.php/prodotto/alle-radici-romane-della-costituzione/" />
<meta property="og:site_name" content="Guerini e Associati" />
<meta property="article:modified_time" content="2024-06-09T18:25:40+00:00" />
<meta property="og:image" content="https://www.guerini.it/wp-content/uploads/2022/09/9788862508704-e1663852923330.jpg" />
	<meta property="og:image:width" content="225" />
	<meta property="og:image:height" content="350" />
	<meta property="og:image:type" content="image/jpeg" />
<meta name="twitter:card" content="summary_large_image" />
<meta name="twitter:label1" content="Tempo di lettura stimato" />
	<meta name="twitter:data1" content="2 minuti" />
<!-- / Yoast SEO plugin. -->

«Ricostruire alcuni aspetti del dibattito culturale che si è svolto in Costituente è l’obiettivo di questo lavoro, ciò al fine di sempre meglio comprendere i principi, i valori, e dunque [&hellip;]

30 anni di libri, idee e libertà
