{"id":23122,"date":"2022-09-29T14:55:43","date_gmt":"2022-09-29T12:55:43","guid":{"rendered":"https:\/\/www.guerini.it\/?post_type=product&#038;p=23122"},"modified":"2024-06-09T20:25:45","modified_gmt":"2024-06-09T18:25:45","slug":"la-cultura-dellincertezza","status":"publish","type":"product","link":"https:\/\/www.guerini.it\/index.php\/prodotto\/la-cultura-dellincertezza\/","title":{"rendered":"La cultura dell\u2019incertezza"},"content":{"rendered":"<p style=\"text-align: justify;\">Avere systems leadership significa innanzitutto avere la consapevolezza della necessit\u00e0 di nuovi strumenti per affrontare le complessit\u00e0, le ambiguit\u00e0 e le incertezze della propria organizzazione e del mondo circostante. La chiave \u00e8 pensare diversamente alle questioni e lavorare insieme in modo pi\u00f9 efficace (co-design), per agire nel quotidiano e reagire alle emergenze, in modo pi\u00f9 veloce e controllato.<br \/>\n<a href=\"https:\/\/www.guerini.it\/index.php\/prodotto\/la-cultura-dellincertezza\/\"><em>La cultura dell\u2019incertezza<\/em><\/a> offre un approccio nuovo alla comprensione dei temi cardine del nostro presente, con le indicazioni dei possibili modi per affrontarli.<\/p>\n<p style=\"text-align: center;\"><strong><em>Perch\u00e9 la maggioranza dei progetti di trasformazione digitale fallisce?<\/em><\/strong><br \/>\n<strong><em>Come \u00e8 possibile prendere una decisione rapida e corretta senza<\/em><\/strong><br \/>\n<strong><em>avere tutte le informazioni necessarie?<\/em><\/strong><br \/>\n<strong><em>Che caratteristiche deve avere la leadership per governare<\/em><\/strong><br \/>\n<strong><em>un sistema complesso?<\/em><\/strong><\/p>\n<hr \/>\n<p style=\"text-align: justify;\"><strong>Andrea Guida<\/strong> \u00e8 esperto designer di attivit\u00e0 collaborative e facilitatore con la metodologia MGT. Ha lavorato in tutti i continenti, con leader del mondo dell\u2019economia, dell\u2019industria e della politica, istituzioni finanziarie, aziende farmaceutiche e diverse societ\u00e0 di consulenza internazionali. Speaker, autore, docente di Innovazione e Intrapreneurship, ha disegnato e gestisce un percorso in systems leadership e co-design, collabora con la Scuola universitaria professionale della Svizzera italiana (SUPSI), ed \u00e8 advisor di diverse organizzazioni per gli stessi temi. Founding Curator dell\u2019Hub dei Global Shapers di Lugano per il <a href=\"https:\/\/www.weforum.org\/\">World Economic Forum<\/a>, dal 2022 \u00e8 parte del programma Elis Fellow.<\/p>\n","protected":false},"excerpt":{"rendered":"<p>Avere systems leadership significa innanzitutto avere la consapevolezza della necessit\u00e0 di nuovi strumenti per affrontare le complessit\u00e0, le ambiguit\u00e0 e le incertezze della propria organizzazione e del mondo circostante. La [&hellip;]<\/p>\n","protected":false},"featured_media":23123,"template":"","meta":{"_editorskit_title_hidden":false,"_editorskit_reading_time":0,"_editorskit_is_block_options_detached":false,"_editorskit_block_options_position":"{}","_monsterinsights_skip_tracking":false,"_monsterinsights_sitenote_active":false,"_monsterinsights_sitenote_note":"","_monsterinsights_sitenote_category":0},"product_brand":[],"product_cat":[6805,8828,6529],"product_tag":[8025,8827,6815],"class_list":{"0":"post-23122","1":"product","2":"type-product","3":"status-publish","4":"has-post-thumbnail","6":"product_cat-guerini-next","7":"product_cat-persone-strumenti-e-organizzazioni","8":"product_cat-economia-e-management","9":"product_tag-cultura","10":"product_tag-design","11":"product_tag-economia","12":"pa_guerini_amazon_link-https-www-amazon-it-dellincertezza-governare-organizzazioni-attraverso-leadership-dp-8868964554","13":"pa_guerini_feltrinelli_link-https-www-lafeltrinelli-it-cultura-dell-incertezza-come-governare-libro-andrea-guida-e-9788868964559","14":"pa_guerini_ibs_link-https-www-ibs-it-cultura-dell-incertezza-come-governare-libro-andrea-guida-e-9788868964559","15":"pa_guerini_libruniver_link-https-www-libreriauniversitaria-it-cultura-incertezza-governare-organizzazioni-mondo-libro-9788868964559","16":"pa_guerini_link_amazon-https-www-amazon-it-cultura-dellincertezza-organizzazioni-attraverso-leadership-ebook-dp-b0bskrd2j5","17":"pa_guerini_link_apple_ibook-https-books-apple-com-it-book-la-cultura-dellincertezza-id6445471211","18":"pa_guerini_link_bookrepublic-https-www-bookrepublic-it-ebook-9788868964795-la-cultura-dellincertezza-goware-guerini-next","19":"pa_guerini_link_giunti_punto-https-www-giuntialpunto-it-product-b0bskrd2j5-libri-la-cultura-dellincertezza-come-governare-le-organizzazioni-un-mondo","20":"pa_guerini_link_google_play-https-play-google-com-store-books-details-andrea_guida_la_cultura_dell_incertezza_come_goveridde2neaaaqbaj","21":"pa_guerini_link_ibs-https-www-ibs-it-cultura-dell-incertezza-ebook-andrea-guida-e-9788868964795","22":"pa_guerini_link_kobo-https-www-kobo-com-it-it-ebook-la-cultura-dell-incertezza","23":"pa_guerini_link_lafeltrinelli-https-www-lafeltrinelli-it-cultura-dell-incertezza-ebook-andrea-guida-e-9788868964795","24":"pa_guerini_link_mondadori-https-www-mondadoristore-it-la-cultura-dell-incertezza-andrea-guida-eai978886896479","25":"pa_guerini_mondadori_link-https-www-mondadoristore-it-cultura-dell-incertezza-come-andrea-guida-eai978886896455","27":"first","28":"instock","29":"sale","30":"shipping-taxable","31":"purchasable","32":"product-type-simple"},"yoast_head":"<!-- This site is optimized with the Yoast SEO plugin v25.4 - https:\/\/yoast.com\/wordpress\/plugins\/seo\/ -->\n<title>A. Guida, La cultura dell\u2019incertezza | Guerini Editore<\/title>\n<meta name=\"description\" content=\"Il volume La cultura dell\u2019incertezza offre un approccio nuovo alla comprensione dei temi cardine del presente, con le indicazioni dei modi per affrontarli.\" \/>\n<meta name=\"robots\" content=\"index, follow, max-snippet:-1, max-image-preview:large, max-video-preview:-1\" \/>\n<link rel=\"canonical\" href=\"https:\/\/www.guerini.it\/index.php\/prodotto\/la-cultura-dellincertezza\/\" \/>\n<meta property=\"og:locale\" content=\"it_IT\" \/>\n<meta property=\"og:type\" content=\"article\" \/>\n<meta property=\"og:title\" content=\"A. Guida, La cultura dell\u2019incertezza | Guerini Editore\" \/>\n<meta property=\"og:description\" content=\"Il volume La cultura dell\u2019incertezza offre un approccio nuovo alla comprensione dei temi cardine del presente, con le indicazioni dei modi per affrontarli.\" \/>\n<meta property=\"og:url\" content=\"https:\/\/www.guerini.it\/index.php\/prodotto\/la-cultura-dellincertezza\/\" \/>\n<meta property=\"og:site_name\" content=\"Guerini e Associati\" \/>\n<meta property=\"article:modified_time\" content=\"2024-06-09T18:25:45+00:00\" \/>\n<meta property=\"og:image\" content=\"https:\/\/www.guerini.it\/wp-content\/uploads\/2022\/09\/9788868964559-e1664456128644.jpg\" \/>\n\t<meta property=\"og:image:width\" content=\"233\" \/>\n\t<meta property=\"og:image:height\" content=\"350\" \/>\n\t<meta property=\"og:image:type\" content=\"image\/jpeg\" \/>\n<meta name=\"twitter:card\" content=\"summary_large_image\" \/>\n<meta name=\"twitter:label1\" content=\"Tempo di lettura stimato\" \/>\n\t<meta name=\"twitter:data1\" content=\"2 minuti\" \/>\n<!-- \/ Yoast SEO plugin. -->","yoast_head_json":{"title":"A. Guida, La cultura dell\u2019incertezza | Guerini Editore","description":"Il volume La cultura dell\u2019incertezza offre un approccio nuovo alla comprensione dei temi cardine del presente, con le indicazioni dei modi per affrontarli.","robots":{"index":"index","follow":"follow","max-snippet":"max-snippet:-1","max-image-preview":"max-image-preview:large","max-video-preview":"max-video-preview:-1"},"canonical":"https:\/\/www.guerini.it\/index.php\/prodotto\/la-cultura-dellincertezza\/","og_locale":"it_IT","og_type":"article","og_title":"A. Guida, La cultura dell\u2019incertezza | Guerini Editore","og_description":"Il volume La cultura dell\u2019incertezza offre un approccio nuovo alla comprensione dei temi cardine del presente, con le indicazioni dei modi per affrontarli.","og_url":"https:\/\/www.guerini.it\/index.php\/prodotto\/la-cultura-dellincertezza\/","og_site_name":"Guerini e Associati","article_modified_time":"2024-06-09T18:25:45+00:00","og_image":[{"width":233,"height":350,"url":"https:\/\/www.guerini.it\/wp-content\/uploads\/2022\/09\/9788868964559-e1664456128644.jpg","type":"image\/jpeg"}],"twitter_card":"summary_large_image","twitter_misc":{"Tempo di lettura stimato":"2 minuti"},"schema":{"@context":"https:\/\/schema.org","@graph":[{"@type":"WebPage","@id":"https:\/\/www.guerini.it\/index.php\/prodotto\/la-cultura-dellincertezza\/","url":"https:\/\/www.guerini.it\/index.php\/prodotto\/la-cultura-dellincertezza\/","name":"A. Guida, La cultura dell\u2019incertezza | Guerini Editore","isPartOf":{"@id":"https:\/\/www.guerini.it\/#website"},"primaryImageOfPage":{"@id":"https:\/\/www.guerini.it\/index.php\/prodotto\/la-cultura-dellincertezza\/#primaryimage"},"image":{"@id":"https:\/\/www.guerini.it\/index.php\/prodotto\/la-cultura-dellincertezza\/#primaryimage"},"thumbnailUrl":"https:\/\/www.guerini.it\/wp-content\/uploads\/2022\/09\/9788868964559-e1664456128644.jpg","datePublished":"2022-09-29T12:55:43+00:00","dateModified":"2024-06-09T18:25:45+00:00","description":"Il volume La cultura dell\u2019incertezza offre un approccio nuovo alla comprensione dei temi cardine del presente, con le indicazioni dei modi per affrontarli.","breadcrumb":{"@id":"https:\/\/www.guerini.it\/index.php\/prodotto\/la-cultura-dellincertezza\/#breadcrumb"},"inLanguage":"it-IT","potentialAction":[{"@type":"ReadAction","target":["https:\/\/www.guerini.it\/index.php\/prodotto\/la-cultura-dellincertezza\/"]}]},{"@type":"ImageObject","inLanguage":"it-IT","@id":"https:\/\/www.guerini.it\/index.php\/prodotto\/la-cultura-dellincertezza\/#primaryimage","url":"https:\/\/www.guerini.it\/wp-content\/uploads\/2022\/09\/9788868964559-e1664456128644.jpg","contentUrl":"https:\/\/www.guerini.it\/wp-content\/uploads\/2022\/09\/9788868964559-e1664456128644.jpg","width":233,"height":350,"caption":"Copertina del volume La cultura dell'incertezza"},{"@type":"BreadcrumbList","@id":"https:\/\/www.guerini.it\/index.php\/prodotto\/la-cultura-dellincertezza\/#breadcrumb","itemListElement":[{"@type":"ListItem","position":1,"name":"Home","item":"https:\/\/www.guerini.it\/"},{"@type":"ListItem","position":2,"name":"Catalogo","item":"https:\/\/www.guerini.it\/index.php\/negozio\/"},{"@type":"ListItem","position":3,"name":"La cultura dell\u2019incertezza"}]},{"@type":"WebSite","@id":"https:\/\/www.guerini.it\/#website","url":"https:\/\/www.guerini.it\/","name":"Guerini e Associati","description":"30 anni di libri, idee e libert\u00e0","publisher":{"@id":"https:\/\/www.guerini.it\/#organization"},"potentialAction":[{"@type":"SearchAction","target":{"@type":"EntryPoint","urlTemplate":"https:\/\/www.guerini.it\/?s={search_term_string}"},"query-input":{"@type":"PropertyValueSpecification","valueRequired":true,"valueName":"search_term_string"}}],"inLanguage":"it-IT"},{"@type":"Organization","@id":"https:\/\/www.guerini.it\/#organization","name":"Guerini e Associati","url":"https:\/\/www.guerini.it\/","logo":{"@type":"ImageObject","inLanguage":"it-IT","@id":"https:\/\/www.guerini.it\/#\/schema\/logo\/image\/","url":"https:\/\/www.guerini.it\/wp-content\/uploads\/2021\/03\/Logo-Guerini-OK_-e1615831292285.png","contentUrl":"https:\/\/www.guerini.it\/wp-content\/uploads\/2021\/03\/Logo-Guerini-OK_-e1615831292285.png","width":2805,"height":1870,"caption":"Guerini e Associati"},"image":{"@id":"https:\/\/www.guerini.it\/#\/schema\/logo\/image\/"}}]}},"_links":{"self":[{"href":"https:\/\/www.guerini.it\/index.php\/wp-json\/wp\/v2\/product\/23122","targetHints":{"allow":["GET"]}}],"collection":[{"href":"https:\/\/www.guerini.it\/index.php\/wp-json\/wp\/v2\/product"}],"about":[{"href":"https:\/\/www.guerini.it\/index.php\/wp-json\/wp\/v2\/types\/product"}],"wp:featuredmedia":[{"embeddable":true,"href":"https:\/\/www.guerini.it\/index.php\/wp-json\/wp\/v2\/media\/23123"}],"wp:attachment":[{"href":"https:\/\/www.guerini.it\/index.php\/wp-json\/wp\/v2\/media?parent=23122"}],"wp:term":[{"taxonomy":"product_brand","embeddable":true,"href":"https:\/\/www.guerini.it\/index.php\/wp-json\/wp\/v2\/product_brand?post=23122"},{"taxonomy":"product_cat","embeddable":true,"href":"https:\/\/www.guerini.it\/index.php\/wp-json\/wp\/v2\/product_cat?post=23122"},{"taxonomy":"product_tag","embeddable":true,"href":"https:\/\/www.guerini.it\/index.php\/wp-json\/wp\/v2\/product_tag?post=23122"}],"curies":[{"name":"wp","href":"https:\/\/api.w.org\/{rel}","templated":true}]}}