{"id":23159,"date":"2022-09-30T16:21:04","date_gmt":"2022-09-30T14:21:04","guid":{"rendered":"https:\/\/www.guerini.it\/?post_type=product&#038;p=23159"},"modified":"2024-06-09T20:25:45","modified_gmt":"2024-06-09T18:25:45","slug":"meno-banca-piu-tech","status":"publish","type":"product","link":"https:\/\/www.guerini.it\/index.php\/prodotto\/meno-banca-piu-tech\/","title":{"rendered":"Meno banca pi\u00f9 tech"},"content":{"rendered":"<p style=\"text-align: center;\"><strong>Cos\u00ec le Fintech stanno cambiando le banche<\/strong><\/p>\n<p style=\"text-align: justify;\">La trasformazione digitale dell\u2019industria del credito sta cambiando il modo di lavorare di migliaia di persone e la vita di milioni di italiani. Un cambiamento che si \u00e8 rivelato molto pi\u00f9 rapido e vasto di quanto prospettato. Come evolver\u00e0 la relazione tra banca e impresa? L\u2019impatto del Fintech si accompagner\u00e0 anche a un processo di semplificazione e trasparenza? Anche per il cliente?<br \/>\nTredici top manager rispondono e raccontano come stanno guidando le loro aziende e i clienti nella transizione.<\/p>\n<hr \/>\n<p style=\"text-align: justify;\"><strong>Annalisa Caccavale<\/strong> (Termoli, 1973). Con una laurea in Giurisprudenza, una in Filosofia e un master presso l\u2019Alta scuola di Relazioni Internazionali dell\u2019Universit\u00e0 Cattolica, arriva in <a href=\"https:\/\/www.aifi.it\/IT\/Home\">Aifi<\/a> nel 2012 per seguirne l\u2019ufficio stampa, l\u2019organizzazione eventi e la comunicazione. Nel 2018, con Stefano Righi, pubblica <a href=\"https:\/\/www.guerini.it\/index.php\/prodotto\/banca-tech\/\"><em>Banca Tech<\/em><\/a> per le nostre edizioni.<\/p>\n<p style=\"text-align: justify;\"><strong>Stefano Righi<\/strong> (Padova, 1962). Giornalista, lavora al Corriere della Sera, dove segue temi di finanza e il settore bancario. Per le nostre edizioni ha scritto <a href=\"https:\/\/www.guerini.it\/index.php\/prodotto\/reazione-chimica\/\"><em>Reazione chimica<\/em><\/a> (2011), <a href=\"https:\/\/www.guerini.it\/index.php\/prodotto\/il-grande-imbroglio\/\"><em>Il grande imbroglio<\/em><\/a> (2016), dedicato ai crac nel mondo del credito e <em><a href=\"https:\/\/www.guerini.it\/index.php\/prodotto\/banca-tech\/\">Banca Tech<\/a><\/em> (con Annalisa Caccavale, 2018).<\/p>\n<p style=\"text-align: justify;\">Interviste con <strong>Giuseppe Castagna<\/strong>, Banco Bpm; <strong>Innocenzo Cipolletta<\/strong>, Aifi; <strong>Massimo Antonio Doris<\/strong>, Banca Mediolanum; <strong>Flavia Mazzarella<\/strong>, Bper Banca; <strong>Carlo Messina<\/strong>, Intesa Sanpaolo; <strong>Gian Maria Mossa<\/strong>, Banca Generali; <strong>Andrea Munari<\/strong>, Bnl-Bnp Paribas; <strong>Pier Carlo Padoan<\/strong>, UniCredit; <strong>Corrado Passera<\/strong>, illimity; <strong>Alessandra Perrazzelli<\/strong>, Banca d\u2019Italia; <strong>Alessandro Profumo<\/strong>, Leonardo Company; <strong>Pietro Sella<\/strong>, Gruppo Sella; <strong>Federico Visconti<\/strong>, Liuc \u2013 Universit\u00e0 Cattaneo.<\/p>\n<p style=\"text-align: justify;\"><strong>Osservatorio Banca Impresa 2030 Liuc \u2013 Universit\u00e0 Cattaneo<\/strong><\/p>\n","protected":false},"excerpt":{"rendered":"<p>Cos\u00ec le Fintech stanno cambiando le banche La trasformazione digitale dell\u2019industria del credito sta cambiando il modo di lavorare di migliaia di persone e la vita di milioni di italiani. [&hellip;]<\/p>\n","protected":false},"featured_media":23779,"template":"","meta":{"_editorskit_title_hidden":false,"_editorskit_reading_time":0,"_editorskit_is_block_options_detached":false,"_editorskit_block_options_position":"{}","_monsterinsights_skip_tracking":false,"_monsterinsights_sitenote_active":false,"_monsterinsights_sitenote_note":"","_monsterinsights_sitenote_category":0},"product_brand":[],"product_cat":[6699],"product_tag":[6763,7049,10637,6761,7501,6750,10636],"class_list":{"0":"post-23159","1":"product","2":"type-product","3":"status-publish","4":"has-post-thumbnail","6":"product_cat-guerini4-0","7":"product_tag-banche","8":"product_tag-capitalismo","9":"product_tag-digital-disruption","10":"product_tag-fintech","11":"product_tag-intelligenza-artificiale","12":"product_tag-tecnologia","13":"product_tag-transizione-4-0","14":"pa_guerini_amazon_link-https-www-amazon-it-perch-saranno-diverse-abbiamo-conosciute-dp-8862508662","15":"pa_guerini_feltrinelli_link-https-www-lafeltrinelli-it-meno-banca-piu-tech-libro-annalisa-caccavale-stefano-righi-e-9788862508667","16":"pa_guerini_ibs_link-https-www-ibs-it-meno-banca-piu-tech-libro-annalisa-caccavale-stefano-righi-e-9788862508667","17":"pa_guerini_libruniver_link-https-www-libreriauniversitaria-it-meno-banca-piu-tech-perche-libro-9788862508667","18":"pa_guerini_link_amazon-https-www-amazon-it-dp-b0bskzd8gd","19":"pa_guerini_link_apple_ibook-https-books-apple-com-it-book-meno-banca-pi-tech-id6445471069","20":"pa_guerini_link_bookrepublic-https-www-bookrepublic-it-ebook-9788881954803-meno-banca-piu-tech-goware-guerini-next","21":"pa_guerini_link_giunti_punto-https-www-giuntialpunto-it-product-b0bskzd8gd-libri-meno-banca-pi-tech-perch-le-banche-saranno-molto-diverse-da-come-le-abbiamo","22":"pa_guerini_link_google_play-https-play-google-com-store-books-details-annalisa_caccavale_meno_banca_pi_tech_perch_le_bidye2neaaaqbaj","23":"pa_guerini_link_ibs-https-www-ibs-it-meno-banca-piu-tech-ebook-annalisa-caccavale-stefano-righi-e-9788881954803","24":"pa_guerini_link_kobo-https-www-kobo-com-it-it-ebook-meno-banca-piu-tech","25":"pa_guerini_link_lafeltrinelli-https-www-lafeltrinelli-it-meno-banca-piu-tech-ebook-annalisa-caccavale-stefano-righi-e-9788881954803","26":"pa_guerini_link_mondadori-https-www-mondadoristore-it-meno-banca-piu-tech-annalisa-caccavale-stefano-righi-eai978888195480","27":"pa_guerini_mondadori_link-https-www-mondadoristore-it-meno-banca-piu-tech-perche-annalisa-caccavale-stefano-righi-eai978886250866","29":"first","30":"instock","31":"sale","32":"shipping-taxable","33":"purchasable","34":"product-type-simple"},"yoast_head":"<!-- This site is optimized with the Yoast SEO plugin v25.4 - https:\/\/yoast.com\/wordpress\/plugins\/seo\/ -->\n<title>A. Caccavale, S. Righi, Meno banca pi\u00f9 tech | Guerini Editore<\/title>\n<meta name=\"description\" content=\"Nel volume Meno banca pi\u00f9 tech tredici top manager rispondono e raccontano come stanno guidando le loro aziende e i clienti nella transizione digitale.\" \/>\n<meta name=\"robots\" content=\"index, follow, max-snippet:-1, max-image-preview:large, max-video-preview:-1\" \/>\n<link rel=\"canonical\" href=\"https:\/\/www.guerini.it\/index.php\/prodotto\/meno-banca-piu-tech\/\" \/>\n<meta property=\"og:locale\" content=\"it_IT\" \/>\n<meta property=\"og:type\" content=\"article\" \/>\n<meta property=\"og:title\" content=\"A. Caccavale, S. Righi, Meno banca pi\u00f9 tech | Guerini Editore\" \/>\n<meta property=\"og:description\" content=\"Nel volume Meno banca pi\u00f9 tech tredici top manager rispondono e raccontano come stanno guidando le loro aziende e i clienti nella transizione digitale.\" \/>\n<meta property=\"og:url\" content=\"https:\/\/www.guerini.it\/index.php\/prodotto\/meno-banca-piu-tech\/\" \/>\n<meta property=\"og:site_name\" content=\"Guerini e Associati\" \/>\n<meta property=\"article:modified_time\" content=\"2024-06-09T18:25:45+00:00\" \/>\n<meta property=\"og:image\" content=\"https:\/\/www.guerini.it\/wp-content\/uploads\/2022\/09\/Meno-banca-piu-tech.webp\" \/>\n\t<meta property=\"og:image:width\" content=\"667\" \/>\n\t<meta property=\"og:image:height\" content=\"1000\" \/>\n\t<meta property=\"og:image:type\" content=\"image\/webp\" \/>\n<meta name=\"twitter:card\" content=\"summary_large_image\" \/>\n<meta name=\"twitter:label1\" content=\"Tempo di lettura stimato\" \/>\n\t<meta name=\"twitter:data1\" content=\"2 minuti\" \/>\n<!-- \/ Yoast SEO plugin. -->","yoast_head_json":{"title":"A. Caccavale, S. Righi, Meno banca pi\u00f9 tech | Guerini Editore","description":"Nel volume Meno banca pi\u00f9 tech tredici top manager rispondono e raccontano come stanno guidando le loro aziende e i clienti nella transizione digitale.","robots":{"index":"index","follow":"follow","max-snippet":"max-snippet:-1","max-image-preview":"max-image-preview:large","max-video-preview":"max-video-preview:-1"},"canonical":"https:\/\/www.guerini.it\/index.php\/prodotto\/meno-banca-piu-tech\/","og_locale":"it_IT","og_type":"article","og_title":"A. Caccavale, S. Righi, Meno banca pi\u00f9 tech | Guerini Editore","og_description":"Nel volume Meno banca pi\u00f9 tech tredici top manager rispondono e raccontano come stanno guidando le loro aziende e i clienti nella transizione digitale.","og_url":"https:\/\/www.guerini.it\/index.php\/prodotto\/meno-banca-piu-tech\/","og_site_name":"Guerini e Associati","article_modified_time":"2024-06-09T18:25:45+00:00","og_image":[{"width":667,"height":1000,"url":"https:\/\/www.guerini.it\/wp-content\/uploads\/2022\/09\/Meno-banca-piu-tech.webp","type":"image\/webp"}],"twitter_card":"summary_large_image","twitter_misc":{"Tempo di lettura stimato":"2 minuti"},"schema":{"@context":"https:\/\/schema.org","@graph":[{"@type":"WebPage","@id":"https:\/\/www.guerini.it\/index.php\/prodotto\/meno-banca-piu-tech\/","url":"https:\/\/www.guerini.it\/index.php\/prodotto\/meno-banca-piu-tech\/","name":"A. Caccavale, S. Righi, Meno banca pi\u00f9 tech | Guerini Editore","isPartOf":{"@id":"https:\/\/www.guerini.it\/#website"},"primaryImageOfPage":{"@id":"https:\/\/www.guerini.it\/index.php\/prodotto\/meno-banca-piu-tech\/#primaryimage"},"image":{"@id":"https:\/\/www.guerini.it\/index.php\/prodotto\/meno-banca-piu-tech\/#primaryimage"},"thumbnailUrl":"https:\/\/www.guerini.it\/wp-content\/uploads\/2022\/09\/Meno-banca-piu-tech.webp","datePublished":"2022-09-30T14:21:04+00:00","dateModified":"2024-06-09T18:25:45+00:00","description":"Nel volume Meno banca pi\u00f9 tech tredici top manager rispondono e raccontano come stanno guidando le loro aziende e i clienti nella transizione digitale.","breadcrumb":{"@id":"https:\/\/www.guerini.it\/index.php\/prodotto\/meno-banca-piu-tech\/#breadcrumb"},"inLanguage":"it-IT","potentialAction":[{"@type":"ReadAction","target":["https:\/\/www.guerini.it\/index.php\/prodotto\/meno-banca-piu-tech\/"]}]},{"@type":"ImageObject","inLanguage":"it-IT","@id":"https:\/\/www.guerini.it\/index.php\/prodotto\/meno-banca-piu-tech\/#primaryimage","url":"https:\/\/www.guerini.it\/wp-content\/uploads\/2022\/09\/Meno-banca-piu-tech.webp","contentUrl":"https:\/\/www.guerini.it\/wp-content\/uploads\/2022\/09\/Meno-banca-piu-tech.webp","width":667,"height":1000,"caption":"Copertina del volume Meno banca pi\u00f9 tech, Guerini e Associati, 2022"},{"@type":"BreadcrumbList","@id":"https:\/\/www.guerini.it\/index.php\/prodotto\/meno-banca-piu-tech\/#breadcrumb","itemListElement":[{"@type":"ListItem","position":1,"name":"Home","item":"https:\/\/www.guerini.it\/"},{"@type":"ListItem","position":2,"name":"Catalogo","item":"https:\/\/www.guerini.it\/index.php\/negozio\/"},{"@type":"ListItem","position":3,"name":"Meno banca pi\u00f9 tech"}]},{"@type":"WebSite","@id":"https:\/\/www.guerini.it\/#website","url":"https:\/\/www.guerini.it\/","name":"Guerini e Associati","description":"30 anni di libri, idee e libert\u00e0","publisher":{"@id":"https:\/\/www.guerini.it\/#organization"},"potentialAction":[{"@type":"SearchAction","target":{"@type":"EntryPoint","urlTemplate":"https:\/\/www.guerini.it\/?s={search_term_string}"},"query-input":{"@type":"PropertyValueSpecification","valueRequired":true,"valueName":"search_term_string"}}],"inLanguage":"it-IT"},{"@type":"Organization","@id":"https:\/\/www.guerini.it\/#organization","name":"Guerini e Associati","url":"https:\/\/www.guerini.it\/","logo":{"@type":"ImageObject","inLanguage":"it-IT","@id":"https:\/\/www.guerini.it\/#\/schema\/logo\/image\/","url":"https:\/\/www.guerini.it\/wp-content\/uploads\/2021\/03\/Logo-Guerini-OK_-e1615831292285.png","contentUrl":"https:\/\/www.guerini.it\/wp-content\/uploads\/2021\/03\/Logo-Guerini-OK_-e1615831292285.png","width":2805,"height":1870,"caption":"Guerini e Associati"},"image":{"@id":"https:\/\/www.guerini.it\/#\/schema\/logo\/image\/"}}]}},"_links":{"self":[{"href":"https:\/\/www.guerini.it\/index.php\/wp-json\/wp\/v2\/product\/23159","targetHints":{"allow":["GET"]}}],"collection":[{"href":"https:\/\/www.guerini.it\/index.php\/wp-json\/wp\/v2\/product"}],"about":[{"href":"https:\/\/www.guerini.it\/index.php\/wp-json\/wp\/v2\/types\/product"}],"wp:featuredmedia":[{"embeddable":true,"href":"https:\/\/www.guerini.it\/index.php\/wp-json\/wp\/v2\/media\/23779"}],"wp:attachment":[{"href":"https:\/\/www.guerini.it\/index.php\/wp-json\/wp\/v2\/media?parent=23159"}],"wp:term":[{"taxonomy":"product_brand","embeddable":true,"href":"https:\/\/www.guerini.it\/index.php\/wp-json\/wp\/v2\/product_brand?post=23159"},{"taxonomy":"product_cat","embeddable":true,"href":"https:\/\/www.guerini.it\/index.php\/wp-json\/wp\/v2\/product_cat?post=23159"},{"taxonomy":"product_tag","embeddable":true,"href":"https:\/\/www.guerini.it\/index.php\/wp-json\/wp\/v2\/product_tag?post=23159"}],"curies":[{"name":"wp","href":"https:\/\/api.w.org\/{rel}","templated":true}]}}