{"id":23229,"date":"2022-10-14T10:02:49","date_gmt":"2022-10-14T08:02:49","guid":{"rendered":"https:\/\/www.guerini.it\/?post_type=product&#038;p=23229"},"modified":"2024-06-09T20:25:46","modified_gmt":"2024-06-09T18:25:46","slug":"sotto-controllo","status":"publish","type":"product","link":"https:\/\/www.guerini.it\/index.php\/prodotto\/sotto-controllo\/","title":{"rendered":"Sotto controllo"},"content":{"rendered":"<p style=\"text-align: justify;\">\u00c8 davvero possibile governare le migrazioni? Da dove nasce la nostra aspirazione a controllare un fenomeno tanto sfuggevole quanto inevitabile? Gianluca Gerli cerca di dare risposta a queste e ad altre domande, interrogandosi sulla volont\u00e0 di regolamentazione di questa caratteristica umana indistricabilmente legata alla storia europea, e che affonda le proprie radici nella contemporaneit\u00e0. Per comprendere come, perch\u00e9 e a quale prezzo si sia giunti a considerare il controllo sulla mobilit\u00e0 degli individui un vero e proprio obiettivo politico. Emergono cos\u00ec una serie di questioni centrali per la nostra epoca, in cui, in seguito alla pandemia, la vita delle persone \u00e8 sempre pi\u00f9 drasticamente condizionata da nuovi limiti alla libert\u00e0 di movimento. Gli avvenimenti trattati si intersecano a doppio filo con la nascita e l\u2019evoluzione della figura contemporanea del rifugiato, rispetto al cui ruolo il programma dei Corridoi Umanitari e la recente questione dei profughi ucraini pongono nuovi e pressanti interrogativi.<\/p>\n<p>Il volume fa parte della collana <a href=\"https:\/\/www.guerini.it\/index.php\/categoria-prodotto\/default-category\/storia-e-geografia\/co\/\"><em>Contemporanea<\/em><\/a><\/p>\n<hr \/>\n<p style=\"text-align: justify;\"><strong>Gianluca Gerli<\/strong> insegna Storia e culture delle migrazioni presso l\u2019<a href=\"https:\/\/www.unistrapg.it\/\">Universit\u00e0 per Stranieri di Perugia<\/a>, dopo essersi interessato a vario titolo per oltre un decennio al tema delle migrazioni e aver conseguito il dottorato di ricerca. Dal 2021 lavora per la Commissione straordinaria per il contrasto dei fenomeni di intolleranza, razzismo, antisemitismo e istigazione all\u2019odio e alla violenza, istituita presso il Senato della Repubblica.<\/p>\n","protected":false},"excerpt":{"rendered":"<p>\u00c8 davvero possibile governare le migrazioni? Da dove nasce la nostra aspirazione a controllare un fenomeno tanto sfuggevole quanto inevitabile? Gianluca Gerli cerca di dare risposta a queste e ad [&hellip;]<\/p>\n","protected":false},"featured_media":23230,"template":"","meta":{"_editorskit_title_hidden":false,"_editorskit_reading_time":0,"_editorskit_is_block_options_detached":false,"_editorskit_block_options_position":"{}","_monsterinsights_skip_tracking":false,"_monsterinsights_sitenote_active":false,"_monsterinsights_sitenote_note":"","_monsterinsights_sitenote_category":0},"product_brand":[],"product_cat":[6543,6539],"product_tag":[9264,7050],"class_list":{"0":"post-23229","1":"product","2":"type-product","3":"status-publish","4":"has-post-thumbnail","6":"product_cat-co","7":"product_cat-storia-e-geografia","8":"product_tag-migrazione","9":"product_tag-storia","10":"pa_guerini_amazon_link-https-www-amazon-it-controllo-internazionale-migrazioni-prospettive-umanitari-dp-8881074702","11":"pa_guerini_feltrinelli_link-https-www-lafeltrinelli-it-sotto-controllo-governo-internazionale-delle-libro-gianluca-gerli-e-9788881074709","12":"pa_guerini_ibs_link-https-www-ibs-it-sotto-controllo-governo-internazionale-delle-libro-gianluca-gerli-e-9788881074709","13":"pa_guerini_libruniver_link-https-www-libreriauniversitaria-it-sotto-controllo-governo-internazionale-migrazioni-libro-9788881074709","14":"pa_guerini_mondadori_link-https-www-mondadoristore-it-sotto-controllo-governo-gianluca-gerli-eai978888107470","16":"first","17":"instock","18":"sale","19":"shipping-taxable","20":"purchasable","21":"product-type-simple"},"yoast_head":"<!-- This site is optimized with the Yoast SEO plugin v25.4 - https:\/\/yoast.com\/wordpress\/plugins\/seo\/ -->\n<title>G. Gerli, Sotto controllo | Guerini Editore<\/title>\n<meta name=\"description\" content=\"\u00c8 davvero possibile governare le migrazioni? Gianluca Gerli cerca di dare risposta a questa e ad altre domande nel volume Sotto controllo.\" \/>\n<meta name=\"robots\" content=\"index, follow, max-snippet:-1, max-image-preview:large, max-video-preview:-1\" \/>\n<link rel=\"canonical\" href=\"https:\/\/www.guerini.it\/index.php\/prodotto\/sotto-controllo\/\" \/>\n<meta property=\"og:locale\" content=\"it_IT\" \/>\n<meta property=\"og:type\" content=\"article\" \/>\n<meta property=\"og:title\" content=\"G. Gerli, Sotto controllo | Guerini Editore\" \/>\n<meta property=\"og:description\" content=\"\u00c8 davvero possibile governare le migrazioni? Gianluca Gerli cerca di dare risposta a questa e ad altre domande nel volume Sotto controllo.\" \/>\n<meta property=\"og:url\" content=\"https:\/\/www.guerini.it\/index.php\/prodotto\/sotto-controllo\/\" \/>\n<meta property=\"og:site_name\" content=\"Guerini e Associati\" \/>\n<meta property=\"article:modified_time\" content=\"2024-06-09T18:25:46+00:00\" \/>\n<meta property=\"og:image\" content=\"https:\/\/www.guerini.it\/wp-content\/uploads\/2022\/10\/9788881074709-e1665734558516.jpg\" \/>\n\t<meta property=\"og:image:width\" content=\"225\" \/>\n\t<meta property=\"og:image:height\" content=\"350\" \/>\n\t<meta property=\"og:image:type\" content=\"image\/jpeg\" \/>\n<meta name=\"twitter:card\" content=\"summary_large_image\" \/>\n<meta name=\"twitter:label1\" content=\"Tempo di lettura stimato\" \/>\n\t<meta name=\"twitter:data1\" content=\"2 minuti\" \/>\n<!-- \/ Yoast SEO plugin. -->","yoast_head_json":{"title":"G. Gerli, Sotto controllo | Guerini Editore","description":"\u00c8 davvero possibile governare le migrazioni? Gianluca Gerli cerca di dare risposta a questa e ad altre domande nel volume Sotto controllo.","robots":{"index":"index","follow":"follow","max-snippet":"max-snippet:-1","max-image-preview":"max-image-preview:large","max-video-preview":"max-video-preview:-1"},"canonical":"https:\/\/www.guerini.it\/index.php\/prodotto\/sotto-controllo\/","og_locale":"it_IT","og_type":"article","og_title":"G. Gerli, Sotto controllo | Guerini Editore","og_description":"\u00c8 davvero possibile governare le migrazioni? Gianluca Gerli cerca di dare risposta a questa e ad altre domande nel volume Sotto controllo.","og_url":"https:\/\/www.guerini.it\/index.php\/prodotto\/sotto-controllo\/","og_site_name":"Guerini e Associati","article_modified_time":"2024-06-09T18:25:46+00:00","og_image":[{"width":225,"height":350,"url":"https:\/\/www.guerini.it\/wp-content\/uploads\/2022\/10\/9788881074709-e1665734558516.jpg","type":"image\/jpeg"}],"twitter_card":"summary_large_image","twitter_misc":{"Tempo di lettura stimato":"2 minuti"},"schema":{"@context":"https:\/\/schema.org","@graph":[{"@type":"WebPage","@id":"https:\/\/www.guerini.it\/index.php\/prodotto\/sotto-controllo\/","url":"https:\/\/www.guerini.it\/index.php\/prodotto\/sotto-controllo\/","name":"G. Gerli, Sotto controllo | Guerini Editore","isPartOf":{"@id":"https:\/\/www.guerini.it\/#website"},"primaryImageOfPage":{"@id":"https:\/\/www.guerini.it\/index.php\/prodotto\/sotto-controllo\/#primaryimage"},"image":{"@id":"https:\/\/www.guerini.it\/index.php\/prodotto\/sotto-controllo\/#primaryimage"},"thumbnailUrl":"https:\/\/www.guerini.it\/wp-content\/uploads\/2022\/10\/9788881074709-e1665734558516.jpg","datePublished":"2022-10-14T08:02:49+00:00","dateModified":"2024-06-09T18:25:46+00:00","description":"\u00c8 davvero possibile governare le migrazioni? Gianluca Gerli cerca di dare risposta a questa e ad altre domande nel volume Sotto controllo.","breadcrumb":{"@id":"https:\/\/www.guerini.it\/index.php\/prodotto\/sotto-controllo\/#breadcrumb"},"inLanguage":"it-IT","potentialAction":[{"@type":"ReadAction","target":["https:\/\/www.guerini.it\/index.php\/prodotto\/sotto-controllo\/"]}]},{"@type":"ImageObject","inLanguage":"it-IT","@id":"https:\/\/www.guerini.it\/index.php\/prodotto\/sotto-controllo\/#primaryimage","url":"https:\/\/www.guerini.it\/wp-content\/uploads\/2022\/10\/9788881074709-e1665734558516.jpg","contentUrl":"https:\/\/www.guerini.it\/wp-content\/uploads\/2022\/10\/9788881074709-e1665734558516.jpg","width":225,"height":350,"caption":"Copertina del volume Sotto controllo"},{"@type":"BreadcrumbList","@id":"https:\/\/www.guerini.it\/index.php\/prodotto\/sotto-controllo\/#breadcrumb","itemListElement":[{"@type":"ListItem","position":1,"name":"Home","item":"https:\/\/www.guerini.it\/"},{"@type":"ListItem","position":2,"name":"Catalogo","item":"https:\/\/www.guerini.it\/index.php\/negozio\/"},{"@type":"ListItem","position":3,"name":"Sotto controllo"}]},{"@type":"WebSite","@id":"https:\/\/www.guerini.it\/#website","url":"https:\/\/www.guerini.it\/","name":"Guerini e Associati","description":"30 anni di libri, idee e libert\u00e0","publisher":{"@id":"https:\/\/www.guerini.it\/#organization"},"potentialAction":[{"@type":"SearchAction","target":{"@type":"EntryPoint","urlTemplate":"https:\/\/www.guerini.it\/?s={search_term_string}"},"query-input":{"@type":"PropertyValueSpecification","valueRequired":true,"valueName":"search_term_string"}}],"inLanguage":"it-IT"},{"@type":"Organization","@id":"https:\/\/www.guerini.it\/#organization","name":"Guerini e Associati","url":"https:\/\/www.guerini.it\/","logo":{"@type":"ImageObject","inLanguage":"it-IT","@id":"https:\/\/www.guerini.it\/#\/schema\/logo\/image\/","url":"https:\/\/www.guerini.it\/wp-content\/uploads\/2021\/03\/Logo-Guerini-OK_-e1615831292285.png","contentUrl":"https:\/\/www.guerini.it\/wp-content\/uploads\/2021\/03\/Logo-Guerini-OK_-e1615831292285.png","width":2805,"height":1870,"caption":"Guerini e Associati"},"image":{"@id":"https:\/\/www.guerini.it\/#\/schema\/logo\/image\/"}}]}},"_links":{"self":[{"href":"https:\/\/www.guerini.it\/index.php\/wp-json\/wp\/v2\/product\/23229","targetHints":{"allow":["GET"]}}],"collection":[{"href":"https:\/\/www.guerini.it\/index.php\/wp-json\/wp\/v2\/product"}],"about":[{"href":"https:\/\/www.guerini.it\/index.php\/wp-json\/wp\/v2\/types\/product"}],"wp:featuredmedia":[{"embeddable":true,"href":"https:\/\/www.guerini.it\/index.php\/wp-json\/wp\/v2\/media\/23230"}],"wp:attachment":[{"href":"https:\/\/www.guerini.it\/index.php\/wp-json\/wp\/v2\/media?parent=23229"}],"wp:term":[{"taxonomy":"product_brand","embeddable":true,"href":"https:\/\/www.guerini.it\/index.php\/wp-json\/wp\/v2\/product_brand?post=23229"},{"taxonomy":"product_cat","embeddable":true,"href":"https:\/\/www.guerini.it\/index.php\/wp-json\/wp\/v2\/product_cat?post=23229"},{"taxonomy":"product_tag","embeddable":true,"href":"https:\/\/www.guerini.it\/index.php\/wp-json\/wp\/v2\/product_tag?post=23229"}],"curies":[{"name":"wp","href":"https:\/\/api.w.org\/{rel}","templated":true}]}}

<p style="text-align: justify;">È davvero possibile governare le migrazioni? Da dove nasce la nostra aspirazione a controllare un fenomeno tanto sfuggevole quanto inevitabile? Gianluca Gerli cerca di dare risposta a queste e ad altre domande, interrogandosi sulla volontà di regolamentazione di questa caratteristica umana indistricabilmente legata alla storia europea, e che affonda le proprie radici nella contemporaneità. Per comprendere come, perché e a quale prezzo si sia giunti a considerare il controllo sulla mobilità degli individui un vero e proprio obiettivo politico. Emergono così una serie di questioni centrali per la nostra epoca, in cui, in seguito alla pandemia, la vita delle persone è sempre più drasticamente condizionata da nuovi limiti alla libertà di movimento. Gli avvenimenti trattati si intersecano a doppio filo con la nascita e l’evoluzione della figura contemporanea del rifugiato, rispetto al cui ruolo il programma dei Corridoi Umanitari e la recente questione dei profughi ucraini pongono nuovi e pressanti interrogativi.</p>
<p>Il volume fa parte della collana <a href="https://www.guerini.it/index.php/categoria-prodotto/default-category/storia-e-geografia/co/"><em>Contemporanea</em></a></p>
<hr />
<p style="text-align: justify;"><strong>Gianluca Gerli</strong> insegna Storia e culture delle migrazioni presso l’<a href="https://www.unistrapg.it/">Università per Stranieri di Perugia</a>, dopo essersi interessato a vario titolo per oltre un decennio al tema delle migrazioni e aver conseguito il dottorato di ricerca. Dal 2021 lavora per la Commissione straordinaria per il contrasto dei fenomeni di intolleranza, razzismo, antisemitismo e istigazione all’odio e alla violenza, istituita presso il Senato della Repubblica.</p>

<p>È davvero possibile governare le migrazioni? Da dove nasce la nostra aspirazione a controllare un fenomeno tanto sfuggevole quanto inevitabile? Gianluca Gerli cerca di dare risposta a queste e ad [&hellip;]</p>

<!-- This site is optimized with the Yoast SEO plugin v25.4 - https://yoast.com/wordpress/plugins/seo/ -->
<title>G. Gerli, Sotto controllo | Guerini Editore</title>
<meta name="description" content="È davvero possibile governare le migrazioni? Gianluca Gerli cerca di dare risposta a questa e ad altre domande nel volume Sotto controllo." />
<meta name="robots" content="index, follow, max-snippet:-1, max-image-preview:large, max-video-preview:-1" />
<link rel="canonical" href="https://www.guerini.it/index.php/prodotto/sotto-controllo/" />
<meta property="og:locale" content="it_IT" />
<meta property="og:type" content="article" />
<meta property="og:title" content="G. Gerli, Sotto controllo | Guerini Editore" />
<meta property="og:description" content="È davvero possibile governare le migrazioni? Gianluca Gerli cerca di dare risposta a questa e ad altre domande nel volume Sotto controllo." />
<meta property="og:url" content="https://www.guerini.it/index.php/prodotto/sotto-controllo/" />
<meta property="og:site_name" content="Guerini e Associati" />
<meta property="article:modified_time" content="2024-06-09T18:25:46+00:00" />
<meta property="og:image" content="https://www.guerini.it/wp-content/uploads/2022/10/9788881074709-e1665734558516.jpg" />
	<meta property="og:image:width" content="225" />
	<meta property="og:image:height" content="350" />
	<meta property="og:image:type" content="image/jpeg" />
<meta name="twitter:card" content="summary_large_image" />
<meta name="twitter:label1" content="Tempo di lettura stimato" />
	<meta name="twitter:data1" content="2 minuti" />
<!-- / Yoast SEO plugin. -->

È davvero possibile governare le migrazioni? Gianluca Gerli cerca di dare risposta a questa e ad altre domande nel volume Sotto controllo.

30 anni di libri, idee e libertà
