{"id":23365,"date":"2022-11-03T15:48:20","date_gmt":"2022-11-03T14:48:20","guid":{"rendered":"https:\/\/www.guerini.it\/?post_type=product&#038;p=23365"},"modified":"2024-06-09T20:25:47","modified_gmt":"2024-06-09T18:25:47","slug":"il-monte-del-tempio","status":"publish","type":"product","link":"https:\/\/www.guerini.it\/index.php\/prodotto\/il-monte-del-tempio\/","title":{"rendered":"Il Monte del Tempio"},"content":{"rendered":"<p style=\"text-align: justify;\">Il <em>Monte del Tempio<\/em> \u00e8 il luogo con la pi\u00f9 alta concentrazione di spiritualit\u00e0 del pianeta, ove sembrano convergere i tre monoteismi. Al contempo, \u00e8 lo spazio fisico dove i conflitti religiosi, da carsici e occulti, diventano manifesti, tra polemiche e violenze feroci. Recentemente l\u2019UNESCO ha dichiarato \u2013 come se un\u2019interpretazione istituzionale potesse capovolgere la Storia \u2013 l\u2019identit\u00e0 esclusivamente islamica del <em>Muro Occidentale<\/em> e della <em>Spianata del Tempio<\/em>, suscitando lo sgomento degli ebrei (ma anche di non pochi cristiani), che accusano gli Stati firmatari di negazionismo e antisemitismo. \u00c8 sufficiente scorrere i Vangeli e la storia dell\u2019arte, con le molte opere che raffigurano <em>Ges\u00f9 nel Tempio<\/em> o la distruzione del Santuario, per sentirsi obbligati a documentarsi e a riflettere. E che dire, ancora, del <em>Nabucco<\/em> di Verdi, che inizia proprio all\u2019interno del Tempio?<\/p>\n<p style=\"text-align: justify;\">Gli studiosi israeliani Reiter e Dimant esplorano scrupolosamente le fonti islamiche antiche e tradizionali, mettendole a confronto con quelle contemporanee, rendendo conto non solo della Storia, ma anche del secolare rapporto tra ebraismo e Isl\u0101m, traendo conclusioni di vitale importanza per il presente e per la costruzione del futuro.<\/p>\n<p>Il volume \u00e8 il dodicesimo numero della collana <a href=\"https:\/\/www.guerini.it\/index.php\/categoria-prodotto\/default-category\/attualita\/fdm\/\"><i>Frammenti di un discorso mediorientale<\/i><\/a><\/p>\n<hr \/>\n<p style=\"text-align: justify;\"><strong>YITZHAK REITER<\/strong>, figlio di sopravvissuti alla <a href=\"https:\/\/it.wikipedia.org\/wiki\/Olocausto\"><em>Shoah<\/em><\/a>, \u00e8 un insigne accademico israeliano, esperto di studi arabi e islamici, mediorientali e israeliani. Reiter \u00e8 uno dei massimi conoscitori e analisti del conflitto simbolico, politico e religioso concernente i luoghi santi contesi in seno al pi\u00f9 ampio conflitto arabo-israeliano e alla politica mediorientale. \u00c8 attivo nel dialogo tra ebrei e musulmani in Israele e nei colloqui di pace indiretti tra israeliani e palestinesi. Tra i suoi vari studi ricordiamo: <em>Contested Holy Places in Israel-Palestine: Sharing and Conflict Resolution<\/em> (2017) e <em>War, Peace and International Relations in Islam: Muslim Scholars on Peace Accords with Israel<\/em> (2011, in edizione araba ed ebraica).<\/p>\n<p style=\"text-align: justify;\"><strong>DVIR DIMANT<\/strong> \u00e8 studioso dei secolari rapporti tra ebraismo e Isl\u0101m, nonch\u00e9 dei movimenti islamici radicali nel mondo. Ha studiato presso il prestigioso <em>Shalem College<\/em> ed \u00e8 stato ricercatore presso il <em>Truman Research Institute for the Advancement of Peace<\/em> dell\u2019Universit\u00e0 Ebraica di Gerusalemme e il <em>Jerusalem Institute for Policy Research<\/em>. Negli ultimi anni \u00e8 stato coinvolto nello studio di libri di testo palestinesi presso l\u2019<em>Impact-SE Institute<\/em> per il monitoraggio della pace e in progetti di ricerca sul mondo musulmano.<\/p>\n","protected":false},"excerpt":{"rendered":"<p>Il Monte del Tempio \u00e8 il luogo con la pi\u00f9 alta concentrazione di spiritualit\u00e0 del pianeta, ove sembrano convergere i tre monoteismi. Al contempo, \u00e8 lo spazio fisico dove i [&hellip;]<\/p>\n","protected":false},"featured_media":23371,"template":"","meta":{"_editorskit_title_hidden":false,"_editorskit_reading_time":0,"_editorskit_is_block_options_detached":false,"_editorskit_block_options_position":"{}","_monsterinsights_skip_tracking":false,"_monsterinsights_sitenote_active":false,"_monsterinsights_sitenote_note":"","_monsterinsights_sitenote_category":0},"product_brand":[],"product_cat":[6606],"product_tag":[9580,7284,7050],"class_list":{"0":"post-23365","1":"product","2":"type-product","3":"status-publish","4":"has-post-thumbnail","6":"product_cat-fdm","7":"product_tag-medioriente","8":"product_tag-religione","9":"product_tag-storia","10":"pa_guerini_amazon_link-https-www-amazon-it-monte-tempio-ebraismo-roccia-contesa-dp-8862508719","11":"pa_guerini_feltrinelli_link-https-www-lafeltrinelli-it-monte-del-tempio-ebraismo-islam-libro-yitzhak-reiter-dvir-dimant-e-9788862508711","12":"pa_guerini_ibs_link-https-www-ibs-it-monte-del-tempio-ebraismo-islam-libro-yitzhak-reiter-dvir-dimant-e-9788862508711","13":"pa_guerini_libruniver_link-https-www-libreriauniversitaria-it-monte-tempio-ebraismo-islam-roccia-libro-9788862508711","14":"pa_guerini_mondadori_link-https-www-mondadoristore-it-monte-tempio-ebraismo-islam-dvir-dimant-yitzhak-reiter-eai978886250871","16":"first","17":"instock","18":"sale","19":"shipping-taxable","20":"purchasable","21":"product-type-simple"},"yoast_head":"<!-- This site is optimized with the Yoast SEO plugin v25.4 - https:\/\/yoast.com\/wordpress\/plugins\/seo\/ -->\n<title>Y. Reiter, D. Dimant, Il Monte del Tempio | Guerini Editore<\/title>\n<meta name=\"description\" content=\"Nel volume Il Monte del Tempio gli studiosi Reiter e Dimant esplorano le fonti islamiche, traendo importanti conclusioni per il presente e per il futuro.\" \/>\n<meta name=\"robots\" content=\"index, follow, max-snippet:-1, max-image-preview:large, max-video-preview:-1\" \/>\n<link rel=\"canonical\" href=\"https:\/\/www.guerini.it\/index.php\/prodotto\/il-monte-del-tempio\/\" \/>\n<meta property=\"og:locale\" content=\"it_IT\" \/>\n<meta property=\"og:type\" content=\"article\" \/>\n<meta property=\"og:title\" content=\"Y. Reiter, D. Dimant, Il Monte del Tempio | Guerini Editore\" \/>\n<meta property=\"og:description\" content=\"Nel volume Il Monte del Tempio gli studiosi Reiter e Dimant esplorano le fonti islamiche, traendo importanti conclusioni per il presente e per il futuro.\" \/>\n<meta property=\"og:url\" content=\"https:\/\/www.guerini.it\/index.php\/prodotto\/il-monte-del-tempio\/\" \/>\n<meta property=\"og:site_name\" content=\"Guerini e Associati\" \/>\n<meta property=\"article:modified_time\" content=\"2024-06-09T18:25:47+00:00\" \/>\n<meta property=\"og:image\" content=\"https:\/\/www.guerini.it\/wp-content\/uploads\/2022\/11\/Il-Monte-del-Tempio.webp\" \/>\n\t<meta property=\"og:image:width\" content=\"649\" \/>\n\t<meta property=\"og:image:height\" content=\"1000\" \/>\n\t<meta property=\"og:image:type\" content=\"image\/webp\" \/>\n<meta name=\"twitter:card\" content=\"summary_large_image\" \/>\n<meta name=\"twitter:label1\" content=\"Tempo di lettura stimato\" \/>\n\t<meta name=\"twitter:data1\" content=\"3 minuti\" \/>\n<!-- \/ Yoast SEO plugin. -->","yoast_head_json":{"title":"Y. Reiter, D. Dimant, Il Monte del Tempio | Guerini Editore","description":"Nel volume Il Monte del Tempio gli studiosi Reiter e Dimant esplorano le fonti islamiche, traendo importanti conclusioni per il presente e per il futuro.","robots":{"index":"index","follow":"follow","max-snippet":"max-snippet:-1","max-image-preview":"max-image-preview:large","max-video-preview":"max-video-preview:-1"},"canonical":"https:\/\/www.guerini.it\/index.php\/prodotto\/il-monte-del-tempio\/","og_locale":"it_IT","og_type":"article","og_title":"Y. Reiter, D. Dimant, Il Monte del Tempio | Guerini Editore","og_description":"Nel volume Il Monte del Tempio gli studiosi Reiter e Dimant esplorano le fonti islamiche, traendo importanti conclusioni per il presente e per il futuro.","og_url":"https:\/\/www.guerini.it\/index.php\/prodotto\/il-monte-del-tempio\/","og_site_name":"Guerini e Associati","article_modified_time":"2024-06-09T18:25:47+00:00","og_image":[{"width":649,"height":1000,"url":"https:\/\/www.guerini.it\/wp-content\/uploads\/2022\/11\/Il-Monte-del-Tempio.webp","type":"image\/webp"}],"twitter_card":"summary_large_image","twitter_misc":{"Tempo di lettura stimato":"3 minuti"},"schema":{"@context":"https:\/\/schema.org","@graph":[{"@type":"WebPage","@id":"https:\/\/www.guerini.it\/index.php\/prodotto\/il-monte-del-tempio\/","url":"https:\/\/www.guerini.it\/index.php\/prodotto\/il-monte-del-tempio\/","name":"Y. Reiter, D. Dimant, Il Monte del Tempio | Guerini Editore","isPartOf":{"@id":"https:\/\/www.guerini.it\/#website"},"primaryImageOfPage":{"@id":"https:\/\/www.guerini.it\/index.php\/prodotto\/il-monte-del-tempio\/#primaryimage"},"image":{"@id":"https:\/\/www.guerini.it\/index.php\/prodotto\/il-monte-del-tempio\/#primaryimage"},"thumbnailUrl":"https:\/\/www.guerini.it\/wp-content\/uploads\/2022\/11\/Il-Monte-del-Tempio.webp","datePublished":"2022-11-03T14:48:20+00:00","dateModified":"2024-06-09T18:25:47+00:00","description":"Nel volume Il Monte del Tempio gli studiosi Reiter e Dimant esplorano le fonti islamiche, traendo importanti conclusioni per il presente e per il futuro.","breadcrumb":{"@id":"https:\/\/www.guerini.it\/index.php\/prodotto\/il-monte-del-tempio\/#breadcrumb"},"inLanguage":"it-IT","potentialAction":[{"@type":"ReadAction","target":["https:\/\/www.guerini.it\/index.php\/prodotto\/il-monte-del-tempio\/"]}]},{"@type":"ImageObject","inLanguage":"it-IT","@id":"https:\/\/www.guerini.it\/index.php\/prodotto\/il-monte-del-tempio\/#primaryimage","url":"https:\/\/www.guerini.it\/wp-content\/uploads\/2022\/11\/Il-Monte-del-Tempio.webp","contentUrl":"https:\/\/www.guerini.it\/wp-content\/uploads\/2022\/11\/Il-Monte-del-Tempio.webp","width":649,"height":1000,"caption":"Copertina del volume Il Monte del Tempio, Guerini e Associati, 2022"},{"@type":"BreadcrumbList","@id":"https:\/\/www.guerini.it\/index.php\/prodotto\/il-monte-del-tempio\/#breadcrumb","itemListElement":[{"@type":"ListItem","position":1,"name":"Home","item":"https:\/\/www.guerini.it\/"},{"@type":"ListItem","position":2,"name":"Catalogo","item":"https:\/\/www.guerini.it\/index.php\/negozio\/"},{"@type":"ListItem","position":3,"name":"Il Monte del Tempio"}]},{"@type":"WebSite","@id":"https:\/\/www.guerini.it\/#website","url":"https:\/\/www.guerini.it\/","name":"Guerini e Associati","description":"30 anni di libri, idee e libert\u00e0","publisher":{"@id":"https:\/\/www.guerini.it\/#organization"},"potentialAction":[{"@type":"SearchAction","target":{"@type":"EntryPoint","urlTemplate":"https:\/\/www.guerini.it\/?s={search_term_string}"},"query-input":{"@type":"PropertyValueSpecification","valueRequired":true,"valueName":"search_term_string"}}],"inLanguage":"it-IT"},{"@type":"Organization","@id":"https:\/\/www.guerini.it\/#organization","name":"Guerini e Associati","url":"https:\/\/www.guerini.it\/","logo":{"@type":"ImageObject","inLanguage":"it-IT","@id":"https:\/\/www.guerini.it\/#\/schema\/logo\/image\/","url":"https:\/\/www.guerini.it\/wp-content\/uploads\/2021\/03\/Logo-Guerini-OK_-e1615831292285.png","contentUrl":"https:\/\/www.guerini.it\/wp-content\/uploads\/2021\/03\/Logo-Guerini-OK_-e1615831292285.png","width":2805,"height":1870,"caption":"Guerini e Associati"},"image":{"@id":"https:\/\/www.guerini.it\/#\/schema\/logo\/image\/"}}]}},"_links":{"self":[{"href":"https:\/\/www.guerini.it\/index.php\/wp-json\/wp\/v2\/product\/23365","targetHints":{"allow":["GET"]}}],"collection":[{"href":"https:\/\/www.guerini.it\/index.php\/wp-json\/wp\/v2\/product"}],"about":[{"href":"https:\/\/www.guerini.it\/index.php\/wp-json\/wp\/v2\/types\/product"}],"wp:featuredmedia":[{"embeddable":true,"href":"https:\/\/www.guerini.it\/index.php\/wp-json\/wp\/v2\/media\/23371"}],"wp:attachment":[{"href":"https:\/\/www.guerini.it\/index.php\/wp-json\/wp\/v2\/media?parent=23365"}],"wp:term":[{"taxonomy":"product_brand","embeddable":true,"href":"https:\/\/www.guerini.it\/index.php\/wp-json\/wp\/v2\/product_brand?post=23365"},{"taxonomy":"product_cat","embeddable":true,"href":"https:\/\/www.guerini.it\/index.php\/wp-json\/wp\/v2\/product_cat?post=23365"},{"taxonomy":"product_tag","embeddable":true,"href":"https:\/\/www.guerini.it\/index.php\/wp-json\/wp\/v2\/product_tag?post=23365"}],"curies":[{"name":"wp","href":"https:\/\/api.w.org\/{rel}","templated":true}]}}

<p style="text-align: justify;">Il <em>Monte del Tempio</em> è il luogo con la più alta concentrazione di spiritualità del pianeta, ove sembrano convergere i tre monoteismi. Al contempo, è lo spazio fisico dove i conflitti religiosi, da carsici e occulti, diventano manifesti, tra polemiche e violenze feroci. Recentemente l’UNESCO ha dichiarato – come se un’interpretazione istituzionale potesse capovolgere la Storia – l’identità esclusivamente islamica del <em>Muro Occidentale</em> e della <em>Spianata del Tempio</em>, suscitando lo sgomento degli ebrei (ma anche di non pochi cristiani), che accusano gli Stati firmatari di negazionismo e antisemitismo. È sufficiente scorrere i Vangeli e la storia dell’arte, con le molte opere che raffigurano <em>Gesù nel Tempio</em> o la distruzione del Santuario, per sentirsi obbligati a documentarsi e a riflettere. E che dire, ancora, del <em>Nabucco</em> di Verdi, che inizia proprio all’interno del Tempio?</p>
<p style="text-align: justify;">Gli studiosi israeliani Reiter e Dimant esplorano scrupolosamente le fonti islamiche antiche e tradizionali, mettendole a confronto con quelle contemporanee, rendendo conto non solo della Storia, ma anche del secolare rapporto tra ebraismo e Islām, traendo conclusioni di vitale importanza per il presente e per la costruzione del futuro.</p>
<p>Il volume è il dodicesimo numero della collana <a href="https://www.guerini.it/index.php/categoria-prodotto/default-category/attualita/fdm/"><i>Frammenti di un discorso mediorientale</i></a></p>
<hr />
<p style="text-align: justify;"><strong>YITZHAK REITER</strong>, figlio di sopravvissuti alla <a href="https://it.wikipedia.org/wiki/Olocausto"><em>Shoah</em></a>, è un insigne accademico israeliano, esperto di studi arabi e islamici, mediorientali e israeliani. Reiter è uno dei massimi conoscitori e analisti del conflitto simbolico, politico e religioso concernente i luoghi santi contesi in seno al più ampio conflitto arabo-israeliano e alla politica mediorientale. È attivo nel dialogo tra ebrei e musulmani in Israele e nei colloqui di pace indiretti tra israeliani e palestinesi. Tra i suoi vari studi ricordiamo: <em>Contested Holy Places in Israel-Palestine: Sharing and Conflict Resolution</em> (2017) e <em>War, Peace and International Relations in Islam: Muslim Scholars on Peace Accords with Israel</em> (2011, in edizione araba ed ebraica).</p>
<p style="text-align: justify;"><strong>DVIR DIMANT</strong> è studioso dei secolari rapporti tra ebraismo e Islām, nonché dei movimenti islamici radicali nel mondo. Ha studiato presso il prestigioso <em>Shalem College</em> ed è stato ricercatore presso il <em>Truman Research Institute for the Advancement of Peace</em> dell’Università Ebraica di Gerusalemme e il <em>Jerusalem Institute for Policy Research</em>. Negli ultimi anni è stato coinvolto nello studio di libri di testo palestinesi presso l’<em>Impact-SE Institute</em> per il monitoraggio della pace e in progetti di ricerca sul mondo musulmano.</p>

<p>Il Monte del Tempio è il luogo con la più alta concentrazione di spiritualità del pianeta, ove sembrano convergere i tre monoteismi. Al contempo, è lo spazio fisico dove i [&hellip;]</p>

30 anni di libri, idee e libertà
