{"id":23444,"date":"2022-11-18T10:47:24","date_gmt":"2022-11-18T09:47:24","guid":{"rendered":"https:\/\/www.guerini.it\/?post_type=product&#038;p=23444"},"modified":"2024-06-09T20:25:48","modified_gmt":"2024-06-09T18:25:48","slug":"certo-che-ho-paura","status":"publish","type":"product","link":"https:\/\/www.guerini.it\/index.php\/prodotto\/certo-che-ho-paura\/","title":{"rendered":"Certo che ho paura"},"content":{"rendered":"<p style=\"text-align: justify;\">Chi \u00e8 un Ceo se non un Ulisse contemporaneo sempre pronto a salpare verso nuove rotte, celando la paura dietro uno sguardo curioso e fiero?<br \/>\nUn <em>Chief Executive Officer<\/em> \u00e8 chiamato a dirigere l\u2019azienda tra tempeste e arcobaleni, senza mai perdere di vista la meta e la sua Itaca. A volte vorrebbe tornare nel caldo del suo rifugio ma \u00e8 sempre costretto a scommettere sul futuro e a rischiare tutto.<br \/>\nQuante domande avreste voluto fare a un Ceo e non avete fatto per timore o soggezione? Ci si potrebbe chiedere se ogni tanto anche un Ceo nutre dei dubbi, ha momenti di debolezza, fatica ad alzarsi al mattino, ama, si arrabbia e si commuove.<br \/>\nAttraverso dieci interviste ad amministratori delegati italiani, Marco Rosetti cerca di indagare il loro mondo, tra <em>business<\/em> e vita privata, per far emergere quei \u00abnon detti\u00bb difficili da confessare. Le conversazioni che in questo libro prendono corpo sono la testimonianza di incontri, intrecci e relazioni che rendono il mondo dei Ceo un universo tutto da esplorare.<\/p>\n<hr \/>\n<p style=\"text-align: justify;\"><strong>Marco Rosetti<\/strong> \u00e8 nato a Torino nel 1971. \u00c8 un imprenditore, formatore e consulente aziendale dal 1997. Dal 2014 \u00e8 Amministratore Delegato di <a href=\"https:\/\/www.btsdi.it\/\">BTS Design Innovation<\/a>, azienda specializzata nello sviluppo di nuovi prodotti, dove coordina un team di ingegneri e designer. \u00c8 Vice President e Responsabile per i progetti di innovazione in BTS, multinazionale nel settore della consulenza manageriale. Lavora principalmente in Italia e in Medio Oriente. Ha sempre collaborato con aziende multinazionali della grande industria e del mondo dei servizi. \u00c8 sposato, ha tre figli e una passione per il cinema e le materie scientifiche, oltre che un\u2019insaziabile curiosit\u00e0 per quasi tutto.<\/p>\n","protected":false},"excerpt":{"rendered":"<p>Chi \u00e8 un Ceo se non un Ulisse contemporaneo sempre pronto a salpare verso nuove rotte, celando la paura dietro uno sguardo curioso e fiero? Un Chief Executive Officer \u00e8 [&hellip;]<\/p>\n","protected":false},"featured_media":23445,"template":"","meta":{"_editorskit_title_hidden":false,"_editorskit_reading_time":0,"_editorskit_is_block_options_detached":false,"_editorskit_block_options_position":"{}","_monsterinsights_skip_tracking":false,"_monsterinsights_sitenote_active":false,"_monsterinsights_sitenote_note":"","_monsterinsights_sitenote_category":0},"product_brand":[],"product_cat":[6805,6529],"product_tag":[9780,6815,6867],"class_list":{"0":"post-23444","1":"product","2":"type-product","3":"status-publish","4":"has-post-thumbnail","6":"product_cat-guerini-next","7":"product_cat-economia-e-management","8":"product_tag-ceo","9":"product_tag-economia","10":"product_tag-interviste","11":"pa_guerini_amazon_link-https-www-amazon-it-certo-paura-storie-vissuta-dieci-dp-8868964562","12":"pa_guerini_feltrinelli_link-https-www-lafeltrinelli-it-certo-che-ho-paura-storie-libro-marco-rosetti-e-9788868964566","13":"pa_guerini_ibs_link-https-www-ibs-it-certo-che-ho-paura-storie-libro-marco-rosetti-e-9788868964566","14":"pa_guerini_libruniver_link-https-www-libreriauniversitaria-it-certo-ho-paura-storie-vita-libro-9788868964566","15":"pa_guerini_link_amazon-https-www-amazon-it-certo-che-paura-storie-vissuta-ebook-dp-b0brbxm4bv","16":"pa_guerini_link_bookrepublic-https-www-bookrepublic-it-ebook-9788868964818-certo-che-ho-paura-goware-guerini-next","17":"pa_guerini_link_giunti_punto-https-www-giuntialpunto-it-product-b0brbxm4bv-libri-certo-che-ho-paura-storie-di-vita-vissuta-di-dieci-ceo-marco-rosetti","18":"pa_guerini_link_google_play-https-play-google-com-store-books-details-marco_rosetti_certo_che_ho_paura_storie_di_vita_viidcoikeaaaqbaj","19":"pa_guerini_link_ibs-https-www-ibs-it-certo-che-ho-paura-ebook-marco-rosetti-e-9788868964818","20":"pa_guerini_link_kobo-https-www-kobo-com-it-it-ebook-certo-che-ho-paura","21":"pa_guerini_link_lafeltrinelli-https-www-lafeltrinelli-it-certo-che-ho-paura-ebook-marco-rosetti-e-9788868964818","22":"pa_guerini_link_mondadori-https-www-mondadoristore-it-certo-che-ho-paura-marco-rosetti-eai978886896481","23":"pa_guerini_mondadori_link-https-www-mondadoristore-it-certo-che-ho-paura-storie-marco-rosetti-eai978886896456","25":"first","26":"instock","27":"sale","28":"shipping-taxable","29":"purchasable","30":"product-type-simple"},"yoast_head":"<!-- This site is optimized with the Yoast SEO plugin v25.4 - https:\/\/yoast.com\/wordpress\/plugins\/seo\/ -->\n<title>M. Rosetti, Certo che ho paura | Guerini Editore<\/title>\n<meta name=\"description\" content=\"Attraverso interviste ad amministratori delegati italiani, Marco Rosetti, in Certo che ho paura, indaga il mondo dei Ceo, un universo tutto da esplorare.\" \/>\n<meta name=\"robots\" content=\"index, follow, max-snippet:-1, max-image-preview:large, max-video-preview:-1\" \/>\n<link rel=\"canonical\" href=\"https:\/\/www.guerini.it\/index.php\/prodotto\/certo-che-ho-paura\/\" \/>\n<meta property=\"og:locale\" content=\"it_IT\" \/>\n<meta property=\"og:type\" content=\"article\" \/>\n<meta property=\"og:title\" content=\"M. Rosetti, Certo che ho paura | Guerini Editore\" \/>\n<meta property=\"og:description\" content=\"Attraverso interviste ad amministratori delegati italiani, Marco Rosetti, in Certo che ho paura, indaga il mondo dei Ceo, un universo tutto da esplorare.\" \/>\n<meta property=\"og:url\" content=\"https:\/\/www.guerini.it\/index.php\/prodotto\/certo-che-ho-paura\/\" \/>\n<meta property=\"og:site_name\" content=\"Guerini e Associati\" \/>\n<meta property=\"article:modified_time\" content=\"2024-06-09T18:25:48+00:00\" \/>\n<meta property=\"og:image\" content=\"https:\/\/www.guerini.it\/wp-content\/uploads\/2022\/11\/Certo-che-ho-paura.webp\" \/>\n\t<meta property=\"og:image:width\" content=\"667\" \/>\n\t<meta property=\"og:image:height\" content=\"1000\" \/>\n\t<meta property=\"og:image:type\" content=\"image\/webp\" \/>\n<meta name=\"twitter:card\" content=\"summary_large_image\" \/>\n<meta name=\"twitter:label1\" content=\"Tempo di lettura stimato\" \/>\n\t<meta name=\"twitter:data1\" content=\"2 minuti\" \/>\n<!-- \/ Yoast SEO plugin. -->","yoast_head_json":{"title":"M. Rosetti, Certo che ho paura | Guerini Editore","description":"Attraverso interviste ad amministratori delegati italiani, Marco Rosetti, in Certo che ho paura, indaga il mondo dei Ceo, un universo tutto da esplorare.","robots":{"index":"index","follow":"follow","max-snippet":"max-snippet:-1","max-image-preview":"max-image-preview:large","max-video-preview":"max-video-preview:-1"},"canonical":"https:\/\/www.guerini.it\/index.php\/prodotto\/certo-che-ho-paura\/","og_locale":"it_IT","og_type":"article","og_title":"M. Rosetti, Certo che ho paura | Guerini Editore","og_description":"Attraverso interviste ad amministratori delegati italiani, Marco Rosetti, in Certo che ho paura, indaga il mondo dei Ceo, un universo tutto da esplorare.","og_url":"https:\/\/www.guerini.it\/index.php\/prodotto\/certo-che-ho-paura\/","og_site_name":"Guerini e Associati","article_modified_time":"2024-06-09T18:25:48+00:00","og_image":[{"width":667,"height":1000,"url":"https:\/\/www.guerini.it\/wp-content\/uploads\/2022\/11\/Certo-che-ho-paura.webp","type":"image\/webp"}],"twitter_card":"summary_large_image","twitter_misc":{"Tempo di lettura stimato":"2 minuti"},"schema":{"@context":"https:\/\/schema.org","@graph":[{"@type":"WebPage","@id":"https:\/\/www.guerini.it\/index.php\/prodotto\/certo-che-ho-paura\/","url":"https:\/\/www.guerini.it\/index.php\/prodotto\/certo-che-ho-paura\/","name":"M. Rosetti, Certo che ho paura | Guerini Editore","isPartOf":{"@id":"https:\/\/www.guerini.it\/#website"},"primaryImageOfPage":{"@id":"https:\/\/www.guerini.it\/index.php\/prodotto\/certo-che-ho-paura\/#primaryimage"},"image":{"@id":"https:\/\/www.guerini.it\/index.php\/prodotto\/certo-che-ho-paura\/#primaryimage"},"thumbnailUrl":"https:\/\/www.guerini.it\/wp-content\/uploads\/2022\/11\/Certo-che-ho-paura.webp","datePublished":"2022-11-18T09:47:24+00:00","dateModified":"2024-06-09T18:25:48+00:00","description":"Attraverso interviste ad amministratori delegati italiani, Marco Rosetti, in Certo che ho paura, indaga il mondo dei Ceo, un universo tutto da esplorare.","breadcrumb":{"@id":"https:\/\/www.guerini.it\/index.php\/prodotto\/certo-che-ho-paura\/#breadcrumb"},"inLanguage":"it-IT","potentialAction":[{"@type":"ReadAction","target":["https:\/\/www.guerini.it\/index.php\/prodotto\/certo-che-ho-paura\/"]}]},{"@type":"ImageObject","inLanguage":"it-IT","@id":"https:\/\/www.guerini.it\/index.php\/prodotto\/certo-che-ho-paura\/#primaryimage","url":"https:\/\/www.guerini.it\/wp-content\/uploads\/2022\/11\/Certo-che-ho-paura.webp","contentUrl":"https:\/\/www.guerini.it\/wp-content\/uploads\/2022\/11\/Certo-che-ho-paura.webp","width":667,"height":1000,"caption":"Copertina del volume Certo che ho paura, Guerini Next, 2022"},{"@type":"BreadcrumbList","@id":"https:\/\/www.guerini.it\/index.php\/prodotto\/certo-che-ho-paura\/#breadcrumb","itemListElement":[{"@type":"ListItem","position":1,"name":"Home","item":"https:\/\/www.guerini.it\/"},{"@type":"ListItem","position":2,"name":"Catalogo","item":"https:\/\/www.guerini.it\/index.php\/negozio\/"},{"@type":"ListItem","position":3,"name":"Certo che ho paura"}]},{"@type":"WebSite","@id":"https:\/\/www.guerini.it\/#website","url":"https:\/\/www.guerini.it\/","name":"Guerini e Associati","description":"30 anni di libri, idee e libert\u00e0","publisher":{"@id":"https:\/\/www.guerini.it\/#organization"},"potentialAction":[{"@type":"SearchAction","target":{"@type":"EntryPoint","urlTemplate":"https:\/\/www.guerini.it\/?s={search_term_string}"},"query-input":{"@type":"PropertyValueSpecification","valueRequired":true,"valueName":"search_term_string"}}],"inLanguage":"it-IT"},{"@type":"Organization","@id":"https:\/\/www.guerini.it\/#organization","name":"Guerini e Associati","url":"https:\/\/www.guerini.it\/","logo":{"@type":"ImageObject","inLanguage":"it-IT","@id":"https:\/\/www.guerini.it\/#\/schema\/logo\/image\/","url":"https:\/\/www.guerini.it\/wp-content\/uploads\/2021\/03\/Logo-Guerini-OK_-e1615831292285.png","contentUrl":"https:\/\/www.guerini.it\/wp-content\/uploads\/2021\/03\/Logo-Guerini-OK_-e1615831292285.png","width":2805,"height":1870,"caption":"Guerini e Associati"},"image":{"@id":"https:\/\/www.guerini.it\/#\/schema\/logo\/image\/"}}]}},"_links":{"self":[{"href":"https:\/\/www.guerini.it\/index.php\/wp-json\/wp\/v2\/product\/23444","targetHints":{"allow":["GET"]}}],"collection":[{"href":"https:\/\/www.guerini.it\/index.php\/wp-json\/wp\/v2\/product"}],"about":[{"href":"https:\/\/www.guerini.it\/index.php\/wp-json\/wp\/v2\/types\/product"}],"wp:featuredmedia":[{"embeddable":true,"href":"https:\/\/www.guerini.it\/index.php\/wp-json\/wp\/v2\/media\/23445"}],"wp:attachment":[{"href":"https:\/\/www.guerini.it\/index.php\/wp-json\/wp\/v2\/media?parent=23444"}],"wp:term":[{"taxonomy":"product_brand","embeddable":true,"href":"https:\/\/www.guerini.it\/index.php\/wp-json\/wp\/v2\/product_brand?post=23444"},{"taxonomy":"product_cat","embeddable":true,"href":"https:\/\/www.guerini.it\/index.php\/wp-json\/wp\/v2\/product_cat?post=23444"},{"taxonomy":"product_tag","embeddable":true,"href":"https:\/\/www.guerini.it\/index.php\/wp-json\/wp\/v2\/product_tag?post=23444"}],"curies":[{"name":"wp","href":"https:\/\/api.w.org\/{rel}","templated":true}]}}

<p style="text-align: justify;">Chi è un Ceo se non un Ulisse contemporaneo sempre pronto a salpare verso nuove rotte, celando la paura dietro uno sguardo curioso e fiero?<br />
Un <em>Chief Executive Officer</em> è chiamato a dirigere l’azienda tra tempeste e arcobaleni, senza mai perdere di vista la meta e la sua Itaca. A volte vorrebbe tornare nel caldo del suo rifugio ma è sempre costretto a scommettere sul futuro e a rischiare tutto.<br />
Quante domande avreste voluto fare a un Ceo e non avete fatto per timore o soggezione? Ci si potrebbe chiedere se ogni tanto anche un Ceo nutre dei dubbi, ha momenti di debolezza, fatica ad alzarsi al mattino, ama, si arrabbia e si commuove.<br />
Attraverso dieci interviste ad amministratori delegati italiani, Marco Rosetti cerca di indagare il loro mondo, tra <em>business</em> e vita privata, per far emergere quei «non detti» difficili da confessare. Le conversazioni che in questo libro prendono corpo sono la testimonianza di incontri, intrecci e relazioni che rendono il mondo dei Ceo un universo tutto da esplorare.</p>
<hr />
<p style="text-align: justify;"><strong>Marco Rosetti</strong> è nato a Torino nel 1971. È un imprenditore, formatore e consulente aziendale dal 1997. Dal 2014 è Amministratore Delegato di <a href="https://www.btsdi.it/">BTS Design Innovation</a>, azienda specializzata nello sviluppo di nuovi prodotti, dove coordina un team di ingegneri e designer. È Vice President e Responsabile per i progetti di innovazione in BTS, multinazionale nel settore della consulenza manageriale. Lavora principalmente in Italia e in Medio Oriente. Ha sempre collaborato con aziende multinazionali della grande industria e del mondo dei servizi. È sposato, ha tre figli e una passione per il cinema e le materie scientifiche, oltre che un’insaziabile curiosità per quasi tutto.</p>

<p>Chi è un Ceo se non un Ulisse contemporaneo sempre pronto a salpare verso nuove rotte, celando la paura dietro uno sguardo curioso e fiero? Un Chief Executive Officer è [&hellip;]</p>

30 anni di libri, idee e libertà
