{"id":23510,"date":"2022-11-23T14:59:46","date_gmt":"2022-11-23T13:59:46","guid":{"rendered":"https:\/\/www.guerini.it\/?post_type=product&#038;p=23510"},"modified":"2026-04-28T23:30:56","modified_gmt":"2026-04-28T21:30:56","slug":"sanita-futura-quali-prospettive-per-lo-sviluppo-del-sistema-lombardo","status":"publish","type":"product","link":"https:\/\/www.guerini.it\/index.php\/prodotto\/sanita-futura-quali-prospettive-per-lo-sviluppo-del-sistema-lombardo\/","title":{"rendered":"Sanit\u00e0 Futura: quali prospettive per lo sviluppo del Sistema Lombardo?"},"content":{"rendered":"<p style=\"text-align: justify;\">ECOLE ha promosso la 1\u00b0 edizione dell\u2019iniziativa <em>Forum Sanit\u00e0 Lombarda Futura<\/em>, in collaborazione con Confindustria Lombardia, Farmindustria, Universit\u00e0 degli Studi di Milano, Politecnico di Milano, AIOP Lombardia, Cluster lombardo scienze della vita e Fondazione Sanit\u00e0 Futura. L\u2019obiettivo che abbiamo raggiunto \u00e8 stato confrontarsi direttamente e costantemente con i funzionari apicali di Regione Lombardia su temi di attualit\u00e0, potendo portare una voce comune e coordinata per proseguire l\u2019azione di sostegno alla DG Welfare nello sviluppo strategico ed operativo del SSR e del settore <em>lifescience<\/em>. ECOLE, con la costituzione di questo nuovo Forum, si pone come punto di riferimento associativo e regionale a favore di tutta la filiera dei servizi sanitari al fine di garantire uno spazio di dialogo e confronto costruttivo, di analisi dettagliata e di sensibilizzazione sui nuovi scenari. Un modello di \u00absistema\u00bb che lavora con e per il sistema, oltre i singoli interessi in gioco per raggiungere un bene comune.<\/p>\n<p style=\"text-align: justify;\"><a href=\"http:\/\/creativecommons.org\/licenses\/by-nc-nd\/4.0\/\" rel=\"license\"><img decoding=\"async\" style=\"border-width: 0;\" src=\"https:\/\/i.creativecommons.org\/l\/by-nc-nd\/4.0\/88x31.png\" alt=\"Licenza Creative Commons\" \/><\/a><br \/>\nQuest&#8217;opera \u00e8 distribuita con Licenza <a href=\"http:\/\/creativecommons.org\/licenses\/by-nc-nd\/4.0\/\" rel=\"license\">Creative Commons Attribuzione &#8211; Non commerciale &#8211; Non opere derivate 4.0 Internazionale<\/a>.<\/p>\n<p><strong>Scarica in formato <a href=\"https:\/\/www.mediafire.com\/file\/tvt42xlbfax1pjk\/Vol._Ecole_Confindustria_Forium_Sanit%25C3%25A0_Lombarda%25282%2529.pdf\/file\">Open access<\/a><\/strong><\/p>\n<hr \/>\n<p style=\"text-align: justify;\">ECOLE \u2013 Enti Confindustriali Lombardi per l\u2019Education \u00e8 una societ\u00e0 consortile nata nel 2009 che unisce sette associazioni del sistema confindustriale \u2013 AIOP Lombardia, Associazione Industriali di Cremona, Assolombarda, Confindustria Alto Milanese, Confindustria Como, Confindustria Lecco e Sondrio e Ucimu-Sistemi per Produrre \u2013 attraverso le rispettive societ\u00e0 di servizi. ECOLE offre una gamma di servizi specifici per il settore sanitario e <em>lifescience<\/em>, con l\u2019obiettivo di supportare con soluzioni personalizzate tutti i processi legati alla consulenza, alla formazione e alla ricerca.<\/p>\n<p><strong>Permalink: <a href=\"https:\/\/digital.casalini.it\/9788862508803\">http:\/\/digital.casalini.it\/9788862508803<\/a><\/strong><\/p>\n","protected":false},"excerpt":{"rendered":"<p>ECOLE ha promosso la 1\u00b0 edizione dell\u2019iniziativa Forum Sanit\u00e0 Lombarda Futura, in collaborazione con Confindustria Lombardia, Farmindustria, Universit\u00e0 degli Studi di Milano, Politecnico di Milano, AIOP Lombardia, Cluster lombardo scienze [&hellip;]<\/p>\n","protected":false},"featured_media":23513,"template":"","meta":{"_editorskit_title_hidden":false,"_editorskit_reading_time":0,"_editorskit_is_block_options_detached":false,"_editorskit_block_options_position":"{}","_monsterinsights_skip_tracking":false,"_monsterinsights_sitenote_active":false,"_monsterinsights_sitenote_note":"","_monsterinsights_sitenote_category":0},"product_brand":[],"product_cat":[6534],"product_tag":[],"class_list":{"0":"post-23510","1":"product","2":"type-product","3":"status-publish","4":"has-post-thumbnail","6":"product_cat-medicina-e-ambiente","8":"first","9":"instock","10":"shipping-taxable","11":"purchasable","12":"product-type-simple"},"yoast_head":"<!-- This site is optimized with the Yoast SEO plugin v25.4 - https:\/\/yoast.com\/wordpress\/plugins\/seo\/ -->\n<title>\u00c9COLE, Sanit\u00e0 futura: quali prospettive | Guerini Editore<\/title>\n<meta name=\"description\" content=\"\u00c9COLE (Enti Confindustriali Lombardi per l&#039;Education) presenta i risultati della 1\u00b0 edizione del \u201cForum Sanit\u00e0 Lombarda Futura\u201d.\" \/>\n<meta name=\"robots\" content=\"index, follow, max-snippet:-1, max-image-preview:large, max-video-preview:-1\" \/>\n<link rel=\"canonical\" href=\"https:\/\/www.guerini.it\/index.php\/prodotto\/sanita-futura-quali-prospettive-per-lo-sviluppo-del-sistema-lombardo\/\" \/>\n<meta property=\"og:locale\" content=\"it_IT\" \/>\n<meta property=\"og:type\" content=\"article\" \/>\n<meta property=\"og:title\" content=\"\u00c9COLE, Sanit\u00e0 futura: quali prospettive | Guerini Editore\" \/>\n<meta property=\"og:description\" content=\"\u00c9COLE (Enti Confindustriali Lombardi per l&#039;Education) presenta i risultati della 1\u00b0 edizione del \u201cForum Sanit\u00e0 Lombarda Futura\u201d.\" \/>\n<meta property=\"og:url\" content=\"https:\/\/www.guerini.it\/index.php\/prodotto\/sanita-futura-quali-prospettive-per-lo-sviluppo-del-sistema-lombardo\/\" \/>\n<meta property=\"og:site_name\" content=\"Guerini e Associati\" \/>\n<meta property=\"article:modified_time\" content=\"2026-04-28T21:30:56+00:00\" \/>\n<meta property=\"og:image\" content=\"https:\/\/www.guerini.it\/wp-content\/uploads\/2022\/11\/FRONT-Cover-Sanita-Futura-scaled.webp\" \/>\n\t<meta property=\"og:image:width\" content=\"1712\" \/>\n\t<meta property=\"og:image:height\" content=\"2560\" \/>\n\t<meta property=\"og:image:type\" content=\"image\/webp\" \/>\n<meta name=\"twitter:card\" content=\"summary_large_image\" \/>\n<meta name=\"twitter:label1\" content=\"Tempo di lettura stimato\" \/>\n\t<meta name=\"twitter:data1\" content=\"2 minuti\" \/>\n<!-- \/ Yoast SEO plugin. -->","yoast_head_json":{"title":"\u00c9COLE, Sanit\u00e0 futura: quali prospettive | Guerini Editore","description":"\u00c9COLE (Enti Confindustriali Lombardi per l'Education) presenta i risultati della 1\u00b0 edizione del \u201cForum Sanit\u00e0 Lombarda Futura\u201d.","robots":{"index":"index","follow":"follow","max-snippet":"max-snippet:-1","max-image-preview":"max-image-preview:large","max-video-preview":"max-video-preview:-1"},"canonical":"https:\/\/www.guerini.it\/index.php\/prodotto\/sanita-futura-quali-prospettive-per-lo-sviluppo-del-sistema-lombardo\/","og_locale":"it_IT","og_type":"article","og_title":"\u00c9COLE, Sanit\u00e0 futura: quali prospettive | Guerini Editore","og_description":"\u00c9COLE (Enti Confindustriali Lombardi per l'Education) presenta i risultati della 1\u00b0 edizione del \u201cForum Sanit\u00e0 Lombarda Futura\u201d.","og_url":"https:\/\/www.guerini.it\/index.php\/prodotto\/sanita-futura-quali-prospettive-per-lo-sviluppo-del-sistema-lombardo\/","og_site_name":"Guerini e Associati","article_modified_time":"2026-04-28T21:30:56+00:00","og_image":[{"width":1712,"height":2560,"url":"https:\/\/www.guerini.it\/wp-content\/uploads\/2022\/11\/FRONT-Cover-Sanita-Futura-scaled.webp","type":"image\/webp"}],"twitter_card":"summary_large_image","twitter_misc":{"Tempo di lettura stimato":"2 minuti"},"schema":{"@context":"https:\/\/schema.org","@graph":[{"@type":"WebPage","@id":"https:\/\/www.guerini.it\/index.php\/prodotto\/sanita-futura-quali-prospettive-per-lo-sviluppo-del-sistema-lombardo\/","url":"https:\/\/www.guerini.it\/index.php\/prodotto\/sanita-futura-quali-prospettive-per-lo-sviluppo-del-sistema-lombardo\/","name":"\u00c9COLE, Sanit\u00e0 futura: quali prospettive | Guerini Editore","isPartOf":{"@id":"https:\/\/www.guerini.it\/#website"},"primaryImageOfPage":{"@id":"https:\/\/www.guerini.it\/index.php\/prodotto\/sanita-futura-quali-prospettive-per-lo-sviluppo-del-sistema-lombardo\/#primaryimage"},"image":{"@id":"https:\/\/www.guerini.it\/index.php\/prodotto\/sanita-futura-quali-prospettive-per-lo-sviluppo-del-sistema-lombardo\/#primaryimage"},"thumbnailUrl":"https:\/\/www.guerini.it\/wp-content\/uploads\/2022\/11\/FRONT-Cover-Sanita-Futura-scaled.webp","datePublished":"2022-11-23T13:59:46+00:00","dateModified":"2026-04-28T21:30:56+00:00","description":"\u00c9COLE (Enti Confindustriali Lombardi per l'Education) presenta i risultati della 1\u00b0 edizione del \u201cForum Sanit\u00e0 Lombarda Futura\u201d.","breadcrumb":{"@id":"https:\/\/www.guerini.it\/index.php\/prodotto\/sanita-futura-quali-prospettive-per-lo-sviluppo-del-sistema-lombardo\/#breadcrumb"},"inLanguage":"it-IT","potentialAction":[{"@type":"ReadAction","target":["https:\/\/www.guerini.it\/index.php\/prodotto\/sanita-futura-quali-prospettive-per-lo-sviluppo-del-sistema-lombardo\/"]}]},{"@type":"ImageObject","inLanguage":"it-IT","@id":"https:\/\/www.guerini.it\/index.php\/prodotto\/sanita-futura-quali-prospettive-per-lo-sviluppo-del-sistema-lombardo\/#primaryimage","url":"https:\/\/www.guerini.it\/wp-content\/uploads\/2022\/11\/FRONT-Cover-Sanita-Futura-scaled.webp","contentUrl":"https:\/\/www.guerini.it\/wp-content\/uploads\/2022\/11\/FRONT-Cover-Sanita-Futura-scaled.webp","width":1712,"height":2560,"caption":"Sanit\u00e0 Futura: quali prospettive per lo sviluppo del Sistema Lombardo? \u00c9COLE, Guerini e Associati, 2022"},{"@type":"BreadcrumbList","@id":"https:\/\/www.guerini.it\/index.php\/prodotto\/sanita-futura-quali-prospettive-per-lo-sviluppo-del-sistema-lombardo\/#breadcrumb","itemListElement":[{"@type":"ListItem","position":1,"name":"Home","item":"https:\/\/www.guerini.it\/"},{"@type":"ListItem","position":2,"name":"Catalogo","item":"https:\/\/www.guerini.it\/index.php\/negozio\/"},{"@type":"ListItem","position":3,"name":"Sanit\u00e0 Futura: quali prospettive per lo sviluppo del Sistema Lombardo?"}]},{"@type":"WebSite","@id":"https:\/\/www.guerini.it\/#website","url":"https:\/\/www.guerini.it\/","name":"Guerini e Associati","description":"30 anni di libri, idee e libert\u00e0","publisher":{"@id":"https:\/\/www.guerini.it\/#organization"},"potentialAction":[{"@type":"SearchAction","target":{"@type":"EntryPoint","urlTemplate":"https:\/\/www.guerini.it\/?s={search_term_string}"},"query-input":{"@type":"PropertyValueSpecification","valueRequired":true,"valueName":"search_term_string"}}],"inLanguage":"it-IT"},{"@type":"Organization","@id":"https:\/\/www.guerini.it\/#organization","name":"Guerini e Associati","url":"https:\/\/www.guerini.it\/","logo":{"@type":"ImageObject","inLanguage":"it-IT","@id":"https:\/\/www.guerini.it\/#\/schema\/logo\/image\/","url":"https:\/\/www.guerini.it\/wp-content\/uploads\/2021\/03\/Logo-Guerini-OK_-e1615831292285.png","contentUrl":"https:\/\/www.guerini.it\/wp-content\/uploads\/2021\/03\/Logo-Guerini-OK_-e1615831292285.png","width":2805,"height":1870,"caption":"Guerini e Associati"},"image":{"@id":"https:\/\/www.guerini.it\/#\/schema\/logo\/image\/"}}]}},"_links":{"self":[{"href":"https:\/\/www.guerini.it\/index.php\/wp-json\/wp\/v2\/product\/23510","targetHints":{"allow":["GET"]}}],"collection":[{"href":"https:\/\/www.guerini.it\/index.php\/wp-json\/wp\/v2\/product"}],"about":[{"href":"https:\/\/www.guerini.it\/index.php\/wp-json\/wp\/v2\/types\/product"}],"wp:featuredmedia":[{"embeddable":true,"href":"https:\/\/www.guerini.it\/index.php\/wp-json\/wp\/v2\/media\/23513"}],"wp:attachment":[{"href":"https:\/\/www.guerini.it\/index.php\/wp-json\/wp\/v2\/media?parent=23510"}],"wp:term":[{"taxonomy":"product_brand","embeddable":true,"href":"https:\/\/www.guerini.it\/index.php\/wp-json\/wp\/v2\/product_brand?post=23510"},{"taxonomy":"product_cat","embeddable":true,"href":"https:\/\/www.guerini.it\/index.php\/wp-json\/wp\/v2\/product_cat?post=23510"},{"taxonomy":"product_tag","embeddable":true,"href":"https:\/\/www.guerini.it\/index.php\/wp-json\/wp\/v2\/product_tag?post=23510"}],"curies":[{"name":"wp","href":"https:\/\/api.w.org\/{rel}","templated":true}]}}

Sanità Futura: quali prospettive per lo sviluppo del Sistema Lombardo?

<p style="text-align: justify;">ECOLE ha promosso la 1° edizione dell’iniziativa <em>Forum Sanità Lombarda Futura</em>, in collaborazione con Confindustria Lombardia, Farmindustria, Università degli Studi di Milano, Politecnico di Milano, AIOP Lombardia, Cluster lombardo scienze della vita e Fondazione Sanità Futura. L’obiettivo che abbiamo raggiunto è stato confrontarsi direttamente e costantemente con i funzionari apicali di Regione Lombardia su temi di attualità, potendo portare una voce comune e coordinata per proseguire l’azione di sostegno alla DG Welfare nello sviluppo strategico ed operativo del SSR e del settore <em>lifescience</em>. ECOLE, con la costituzione di questo nuovo Forum, si pone come punto di riferimento associativo e regionale a favore di tutta la filiera dei servizi sanitari al fine di garantire uno spazio di dialogo e confronto costruttivo, di analisi dettagliata e di sensibilizzazione sui nuovi scenari. Un modello di «sistema» che lavora con e per il sistema, oltre i singoli interessi in gioco per raggiungere un bene comune.</p>
<p style="text-align: justify;"><a href="http://creativecommons.org/licenses/by-nc-nd/4.0/" rel="license"><img decoding="async" style="border-width: 0;" src="https://i.creativecommons.org/l/by-nc-nd/4.0/88x31.png" alt="Licenza Creative Commons" /></a><br />
Quest&#8217;opera è distribuita con Licenza <a href="http://creativecommons.org/licenses/by-nc-nd/4.0/" rel="license">Creative Commons Attribuzione &#8211; Non commerciale &#8211; Non opere derivate 4.0 Internazionale</a>.</p>
<p><strong>Scarica in formato <a href="https://www.mediafire.com/file/tvt42xlbfax1pjk/Vol._Ecole_Confindustria_Forium_Sanit%25C3%25A0_Lombarda%25282%2529.pdf/file">Open access</a></strong></p>
<hr />
<p style="text-align: justify;">ECOLE – Enti Confindustriali Lombardi per l’Education è una società consortile nata nel 2009 che unisce sette associazioni del sistema confindustriale – AIOP Lombardia, Associazione Industriali di Cremona, Assolombarda, Confindustria Alto Milanese, Confindustria Como, Confindustria Lecco e Sondrio e Ucimu-Sistemi per Produrre – attraverso le rispettive società di servizi. ECOLE offre una gamma di servizi specifici per il settore sanitario e <em>lifescience</em>, con l’obiettivo di supportare con soluzioni personalizzate tutti i processi legati alla consulenza, alla formazione e alla ricerca.</p>
<p><strong>Permalink: <a href="https://digital.casalini.it/9788862508803">http://digital.casalini.it/9788862508803</a></strong></p>

<p>ECOLE ha promosso la 1° edizione dell’iniziativa Forum Sanità Lombarda Futura, in collaborazione con Confindustria Lombardia, Farmindustria, Università degli Studi di Milano, Politecnico di Milano, AIOP Lombardia, Cluster lombardo scienze [&hellip;]</p>

<!-- This site is optimized with the Yoast SEO plugin v25.4 - https://yoast.com/wordpress/plugins/seo/ -->
<title>ÉCOLE, Sanità futura: quali prospettive | Guerini Editore</title>
<meta name="description" content="ÉCOLE (Enti Confindustriali Lombardi per l&#039;Education) presenta i risultati della 1° edizione del “Forum Sanità Lombarda Futura”." />
<meta name="robots" content="index, follow, max-snippet:-1, max-image-preview:large, max-video-preview:-1" />
<link rel="canonical" href="https://www.guerini.it/index.php/prodotto/sanita-futura-quali-prospettive-per-lo-sviluppo-del-sistema-lombardo/" />
<meta property="og:locale" content="it_IT" />
<meta property="og:type" content="article" />
<meta property="og:title" content="ÉCOLE, Sanità futura: quali prospettive | Guerini Editore" />
<meta property="og:description" content="ÉCOLE (Enti Confindustriali Lombardi per l&#039;Education) presenta i risultati della 1° edizione del “Forum Sanità Lombarda Futura”." />
<meta property="og:url" content="https://www.guerini.it/index.php/prodotto/sanita-futura-quali-prospettive-per-lo-sviluppo-del-sistema-lombardo/" />
<meta property="og:site_name" content="Guerini e Associati" />
<meta property="article:modified_time" content="2026-04-28T21:30:56+00:00" />
<meta property="og:image" content="https://www.guerini.it/wp-content/uploads/2022/11/FRONT-Cover-Sanita-Futura-scaled.webp" />
	<meta property="og:image:width" content="1712" />
	<meta property="og:image:height" content="2560" />
	<meta property="og:image:type" content="image/webp" />
<meta name="twitter:card" content="summary_large_image" />
<meta name="twitter:label1" content="Tempo di lettura stimato" />
	<meta name="twitter:data1" content="2 minuti" />
<!-- / Yoast SEO plugin. -->

ÉCOLE, Sanità futura: quali prospettive | Guerini Editore

ÉCOLE (Enti Confindustriali Lombardi per l'Education) presenta i risultati della 1° edizione del “Forum Sanità Lombarda Futura”.

Sanità Futura: quali prospettive per lo sviluppo del Sistema Lombardo? ÉCOLE, Guerini e Associati, 2022

30 anni di libri, idee e libertà
