{"id":23548,"date":"2022-12-16T09:53:48","date_gmt":"2022-12-16T08:53:48","guid":{"rendered":"https:\/\/www.guerini.it\/?post_type=product&#038;p=23548"},"modified":"2024-06-09T20:25:49","modified_gmt":"2024-06-09T18:25:49","slug":"dodici-respiri","status":"publish","type":"product","link":"https:\/\/www.guerini.it\/index.php\/prodotto\/dodici-respiri\/","title":{"rendered":"Dodici respiri"},"content":{"rendered":"<p style=\"text-align: justify;\">Come si pu\u00f2 anche solo credere di tirare su un ospedale in dieci giorni? E non un ospedale da campo, ma un vero reparto di terapia intensiva. In tanti hanno pensato che questa idea fosse pura follia. Eppure \u00e8 successo. \u00c8 successo che, nel momento in cui, come comunit\u00e0, eravamo vulnerabili, abbiamo provato a cambiare. \u00c8 successo che abbiamo unito le forze, e abbiamo fatto qualcosa che, da soli, non sarebbe stato possibile nemmeno immaginare. C\u2019\u00e8 stata Fondazione Fiera Milano, c\u2019\u00e8 stato il Policlinico, ci sono stati gli operatori sanitari, ci sono state centinaia di persone che hanno contribuito a vario titolo a questo progetto incredibile.<br \/>\n<em>Dodici respiri<\/em> descrive la vicenda da tanti punti di vista, storie, ricordi, dettagli, per raccontare a chiunque abbia voglia di ricordare la vicenda dell\u2019Ospedale in Fiera.<\/p>\n<p style=\"text-align: center;\"><em>Dodici al minuto sono i respiri di una persona che sta bene.<\/em><br \/>\n<em>Una persona che parla, ride, va al lavoro, cammina.<\/em><br \/>\n<em>Quanto diamo per scontato respirare, no?<\/em><br \/>\n<em>Eppure, tutte queste cose, per un segmento della nostra vita,<\/em><br \/>\n<em>per qualcuno erano diventate quasi impossibili. Te lo ricordi?<\/em><\/p>\n<p style=\"text-align: justify;\"><strong>Saschia Masini<\/strong>. Dopo aver fatto, nell\u2019ordine, l\u2019account, la strategic planner e la copywriter, realizza che lavorare in pubblicit\u00e0 non sarebbe stato il suo futuro. Da l\u00ec, decide di studiare sceneggiatura, salutare un contratto a tempo indeterminato e aprire partita iva. Oggi per semplicit\u00e0 si definisce \u00abquella che scrive\u00bb. Prima di tutto scrive per la comunicazione con la sua societ\u00e0 di consulenza; poi scrive come ghostwriter (ma non ditelo in giro). <em>Dadieci<\/em> (2020) \u00e8 il suo primo vero romanzo.<\/p>\n","protected":false},"excerpt":{"rendered":"<p>Come si pu\u00f2 anche solo credere di tirare su un ospedale in dieci giorni? E non un ospedale da campo, ma un vero reparto di terapia intensiva. In tanti hanno [&hellip;]<\/p>\n","protected":false},"featured_media":23549,"template":"","meta":{"_editorskit_title_hidden":false,"_editorskit_reading_time":0,"_editorskit_is_block_options_detached":false,"_editorskit_block_options_position":"{}","_monsterinsights_skip_tracking":false,"_monsterinsights_sitenote_active":false,"_monsterinsights_sitenote_note":"","_monsterinsights_sitenote_category":0},"product_brand":[],"product_cat":[6806],"product_tag":[9994,7050],"class_list":{"0":"post-23548","1":"product","2":"type-product","3":"status-publish","4":"has-post-thumbnail","6":"product_cat-senza-categoria","7":"product_tag-ospedale-fiera-milano","8":"product_tag-storia","9":"pa_guerini_feltrinelli_link-https-www-lafeltrinelli-it-dodici-respiri-libro-enrico-pazzali-e-9788862508612","10":"pa_guerini_ibs_link-https-www-ibs-it-dodici-respiri-libro-enrico-pazzali-e-9788862508612","11":"pa_guerini_libruniver_link-https-www-libreriauniversitaria-it-dodici-respiri-ospedale-fiera-milano-libro-9788862508612","12":"pa_guerini_mondadori_link-https-www-mondadoristore-it-dodici-respiri-ospedale-saschia-masini-eai978886250861","14":"first","15":"instock","16":"sale","17":"shipping-taxable","18":"purchasable","19":"product-type-simple"},"yoast_head":"<!-- This site is optimized with the Yoast SEO plugin v25.4 - https:\/\/yoast.com\/wordpress\/plugins\/seo\/ -->\n<title>S. Masini, Dodici respiri | Guerini Editore<\/title>\n<meta name=\"description\" content=\"Dodici respiri, il volume di S. Masini, racconta a chiunque abbia voglia di ricordare la straordinaria vicenda dell\u2019Ospedale in Fiera.\" \/>\n<meta name=\"robots\" content=\"index, follow, max-snippet:-1, max-image-preview:large, max-video-preview:-1\" \/>\n<link rel=\"canonical\" href=\"https:\/\/www.guerini.it\/index.php\/prodotto\/dodici-respiri\/\" \/>\n<meta property=\"og:locale\" content=\"it_IT\" \/>\n<meta property=\"og:type\" content=\"article\" \/>\n<meta property=\"og:title\" content=\"S. Masini, Dodici respiri | Guerini Editore\" \/>\n<meta property=\"og:description\" content=\"Dodici respiri, il volume di S. Masini, racconta a chiunque abbia voglia di ricordare la straordinaria vicenda dell\u2019Ospedale in Fiera.\" \/>\n<meta property=\"og:url\" content=\"https:\/\/www.guerini.it\/index.php\/prodotto\/dodici-respiri\/\" \/>\n<meta property=\"og:site_name\" content=\"Guerini e Associati\" \/>\n<meta property=\"article:modified_time\" content=\"2024-06-09T18:25:49+00:00\" \/>\n<meta property=\"og:image\" content=\"https:\/\/www.guerini.it\/wp-content\/uploads\/2022\/12\/Dodici-respiri.webp\" \/>\n\t<meta property=\"og:image:width\" content=\"667\" \/>\n\t<meta property=\"og:image:height\" content=\"1000\" \/>\n\t<meta property=\"og:image:type\" content=\"image\/webp\" \/>\n<meta name=\"twitter:card\" content=\"summary_large_image\" \/>\n<meta name=\"twitter:label1\" content=\"Tempo di lettura stimato\" \/>\n\t<meta name=\"twitter:data1\" content=\"2 minuti\" \/>\n<!-- \/ Yoast SEO plugin. -->","yoast_head_json":{"title":"S. Masini, Dodici respiri | Guerini Editore","description":"Dodici respiri, il volume di S. Masini, racconta a chiunque abbia voglia di ricordare la straordinaria vicenda dell\u2019Ospedale in Fiera.","robots":{"index":"index","follow":"follow","max-snippet":"max-snippet:-1","max-image-preview":"max-image-preview:large","max-video-preview":"max-video-preview:-1"},"canonical":"https:\/\/www.guerini.it\/index.php\/prodotto\/dodici-respiri\/","og_locale":"it_IT","og_type":"article","og_title":"S. Masini, Dodici respiri | Guerini Editore","og_description":"Dodici respiri, il volume di S. Masini, racconta a chiunque abbia voglia di ricordare la straordinaria vicenda dell\u2019Ospedale in Fiera.","og_url":"https:\/\/www.guerini.it\/index.php\/prodotto\/dodici-respiri\/","og_site_name":"Guerini e Associati","article_modified_time":"2024-06-09T18:25:49+00:00","og_image":[{"width":667,"height":1000,"url":"https:\/\/www.guerini.it\/wp-content\/uploads\/2022\/12\/Dodici-respiri.webp","type":"image\/webp"}],"twitter_card":"summary_large_image","twitter_misc":{"Tempo di lettura stimato":"2 minuti"},"schema":{"@context":"https:\/\/schema.org","@graph":[{"@type":"WebPage","@id":"https:\/\/www.guerini.it\/index.php\/prodotto\/dodici-respiri\/","url":"https:\/\/www.guerini.it\/index.php\/prodotto\/dodici-respiri\/","name":"S. Masini, Dodici respiri | Guerini Editore","isPartOf":{"@id":"https:\/\/www.guerini.it\/#website"},"primaryImageOfPage":{"@id":"https:\/\/www.guerini.it\/index.php\/prodotto\/dodici-respiri\/#primaryimage"},"image":{"@id":"https:\/\/www.guerini.it\/index.php\/prodotto\/dodici-respiri\/#primaryimage"},"thumbnailUrl":"https:\/\/www.guerini.it\/wp-content\/uploads\/2022\/12\/Dodici-respiri.webp","datePublished":"2022-12-16T08:53:48+00:00","dateModified":"2024-06-09T18:25:49+00:00","description":"Dodici respiri, il volume di S. Masini, racconta a chiunque abbia voglia di ricordare la straordinaria vicenda dell\u2019Ospedale in Fiera.","breadcrumb":{"@id":"https:\/\/www.guerini.it\/index.php\/prodotto\/dodici-respiri\/#breadcrumb"},"inLanguage":"it-IT","potentialAction":[{"@type":"ReadAction","target":["https:\/\/www.guerini.it\/index.php\/prodotto\/dodici-respiri\/"]}]},{"@type":"ImageObject","inLanguage":"it-IT","@id":"https:\/\/www.guerini.it\/index.php\/prodotto\/dodici-respiri\/#primaryimage","url":"https:\/\/www.guerini.it\/wp-content\/uploads\/2022\/12\/Dodici-respiri.webp","contentUrl":"https:\/\/www.guerini.it\/wp-content\/uploads\/2022\/12\/Dodici-respiri.webp","width":667,"height":1000,"caption":"Copertina del volume Dodici respiri, Guerini e Associati, 2023"},{"@type":"BreadcrumbList","@id":"https:\/\/www.guerini.it\/index.php\/prodotto\/dodici-respiri\/#breadcrumb","itemListElement":[{"@type":"ListItem","position":1,"name":"Home","item":"https:\/\/www.guerini.it\/"},{"@type":"ListItem","position":2,"name":"Catalogo","item":"https:\/\/www.guerini.it\/index.php\/negozio\/"},{"@type":"ListItem","position":3,"name":"Dodici respiri"}]},{"@type":"WebSite","@id":"https:\/\/www.guerini.it\/#website","url":"https:\/\/www.guerini.it\/","name":"Guerini e Associati","description":"30 anni di libri, idee e libert\u00e0","publisher":{"@id":"https:\/\/www.guerini.it\/#organization"},"potentialAction":[{"@type":"SearchAction","target":{"@type":"EntryPoint","urlTemplate":"https:\/\/www.guerini.it\/?s={search_term_string}"},"query-input":{"@type":"PropertyValueSpecification","valueRequired":true,"valueName":"search_term_string"}}],"inLanguage":"it-IT"},{"@type":"Organization","@id":"https:\/\/www.guerini.it\/#organization","name":"Guerini e Associati","url":"https:\/\/www.guerini.it\/","logo":{"@type":"ImageObject","inLanguage":"it-IT","@id":"https:\/\/www.guerini.it\/#\/schema\/logo\/image\/","url":"https:\/\/www.guerini.it\/wp-content\/uploads\/2021\/03\/Logo-Guerini-OK_-e1615831292285.png","contentUrl":"https:\/\/www.guerini.it\/wp-content\/uploads\/2021\/03\/Logo-Guerini-OK_-e1615831292285.png","width":2805,"height":1870,"caption":"Guerini e Associati"},"image":{"@id":"https:\/\/www.guerini.it\/#\/schema\/logo\/image\/"}}]}},"_links":{"self":[{"href":"https:\/\/www.guerini.it\/index.php\/wp-json\/wp\/v2\/product\/23548","targetHints":{"allow":["GET"]}}],"collection":[{"href":"https:\/\/www.guerini.it\/index.php\/wp-json\/wp\/v2\/product"}],"about":[{"href":"https:\/\/www.guerini.it\/index.php\/wp-json\/wp\/v2\/types\/product"}],"wp:featuredmedia":[{"embeddable":true,"href":"https:\/\/www.guerini.it\/index.php\/wp-json\/wp\/v2\/media\/23549"}],"wp:attachment":[{"href":"https:\/\/www.guerini.it\/index.php\/wp-json\/wp\/v2\/media?parent=23548"}],"wp:term":[{"taxonomy":"product_brand","embeddable":true,"href":"https:\/\/www.guerini.it\/index.php\/wp-json\/wp\/v2\/product_brand?post=23548"},{"taxonomy":"product_cat","embeddable":true,"href":"https:\/\/www.guerini.it\/index.php\/wp-json\/wp\/v2\/product_cat?post=23548"},{"taxonomy":"product_tag","embeddable":true,"href":"https:\/\/www.guerini.it\/index.php\/wp-json\/wp\/v2\/product_tag?post=23548"}],"curies":[{"name":"wp","href":"https:\/\/api.w.org\/{rel}","templated":true}]}}

<p style="text-align: justify;">Come si può anche solo credere di tirare su un ospedale in dieci giorni? E non un ospedale da campo, ma un vero reparto di terapia intensiva. In tanti hanno pensato che questa idea fosse pura follia. Eppure è successo. È successo che, nel momento in cui, come comunità, eravamo vulnerabili, abbiamo provato a cambiare. È successo che abbiamo unito le forze, e abbiamo fatto qualcosa che, da soli, non sarebbe stato possibile nemmeno immaginare. C’è stata Fondazione Fiera Milano, c’è stato il Policlinico, ci sono stati gli operatori sanitari, ci sono state centinaia di persone che hanno contribuito a vario titolo a questo progetto incredibile.<br />
<em>Dodici respiri</em> descrive la vicenda da tanti punti di vista, storie, ricordi, dettagli, per raccontare a chiunque abbia voglia di ricordare la vicenda dell’Ospedale in Fiera.</p>
<p style="text-align: center;"><em>Dodici al minuto sono i respiri di una persona che sta bene.</em><br />
<em>Una persona che parla, ride, va al lavoro, cammina.</em><br />
<em>Quanto diamo per scontato respirare, no?</em><br />
<em>Eppure, tutte queste cose, per un segmento della nostra vita,</em><br />
<em>per qualcuno erano diventate quasi impossibili. Te lo ricordi?</em></p>
<p style="text-align: justify;"><strong>Saschia Masini</strong>. Dopo aver fatto, nell’ordine, l’account, la strategic planner e la copywriter, realizza che lavorare in pubblicità non sarebbe stato il suo futuro. Da lì, decide di studiare sceneggiatura, salutare un contratto a tempo indeterminato e aprire partita iva. Oggi per semplicità si definisce «quella che scrive». Prima di tutto scrive per la comunicazione con la sua società di consulenza; poi scrive come ghostwriter (ma non ditelo in giro). <em>Dadieci</em> (2020) è il suo primo vero romanzo.</p>

<p>Come si può anche solo credere di tirare su un ospedale in dieci giorni? E non un ospedale da campo, ma un vero reparto di terapia intensiva. In tanti hanno [&hellip;]</p>

30 anni di libri, idee e libertà
