{"id":23550,"date":"2022-12-23T15:59:28","date_gmt":"2022-12-23T14:59:28","guid":{"rendered":"https:\/\/www.guerini.it\/?post_type=product&#038;p=23550"},"modified":"2024-06-09T20:25:49","modified_gmt":"2024-06-09T18:25:49","slug":"peppino-impastato","status":"publish","type":"product","link":"https:\/\/www.guerini.it\/index.php\/prodotto\/peppino-impastato\/","title":{"rendered":"Peppino Impastato"},"content":{"rendered":"<p style=\"text-align: justify;\">La figura di Peppino Impastato \u00e8 certamente molto pi\u00f9 complessa, ricca e articolata dell\u2019icona cinematografica che spesso si \u00e8 sovrapposta alla realt\u00e0.<br \/>\nVengono qui raccolte trentanove testimonianze che riguardano tutto l\u2019arco della vita di Peppino fino alla sua uccisione per mano mafiosa.<br \/>\nEpisodi, ricordi, aneddoti raccontati dalla viva voce di chi gli \u00e8 stato accanto, dai compagni di giochi dell\u2019infanzia ai compagni di lotta degli ultimi anni passando attraverso le storie inedite delle ragazze del Circolo Musica e Cultura. Ed \u00e8 una voce che spesso si incrina per l\u2019emozione perch\u00e9, anche dopo pi\u00f9 di quarant\u2019anni da quei tragici avvenimenti, il ricordo \u00e8 ancora vivo e doloroso. Da questi racconti emerge la figura di un leader che non voleva essere tale, una guida suo malgrado ma con una capacit\u00e0 straordinaria di radunare attorno a s\u00e9 la meglio giovent\u00f9 del suo paese.<br \/>\nUna storia collettiva, dunque, che tratteggia i contorni della figura di Peppino oltre lo stereotipo dell\u2019eroe solitario. Una storia finalmente depurata dal protagonismo autoreferenziale dei pavoni dell\u2019antimafia.<\/p>\n<hr \/>\n<p style=\"text-align: justify;\"><strong>Pino Manzella<\/strong> nasce a Cinisi (PA) nel 1951. Studia Lingue e Letterature straniere e si laurea all\u2019Universit\u00e0 di Palermo. Fin dai primi anni Settanta disegna manifesti e vignette per le attivit\u00e0 politiche e culturali animate da Peppino Impastato nel Circolo Musica e Cultura prima e a Radio Aut poi. Espone in mostre personali e collettive e in rassegne di carattere nazionale e internazionale. Vasta la bibliografia in cataloghi e riviste specializzate. La Sicilia, con i suoi eccessi di luci e ombre, \u00e8 il centro della sua ricerca artistica.<\/p>\n","protected":false},"excerpt":{"rendered":"<p>La figura di Peppino Impastato \u00e8 certamente molto pi\u00f9 complessa, ricca e articolata dell\u2019icona cinematografica che spesso si \u00e8 sovrapposta alla realt\u00e0. Vengono qui raccolte trentanove testimonianze che riguardano tutto [&hellip;]<\/p>\n","protected":false},"featured_media":23551,"template":"","meta":{"_editorskit_title_hidden":false,"_editorskit_reading_time":0,"_editorskit_is_block_options_detached":false,"_editorskit_block_options_position":"{}","_monsterinsights_skip_tracking":false,"_monsterinsights_sitenote_active":false,"_monsterinsights_sitenote_note":"","_monsterinsights_sitenote_category":0},"product_brand":[],"product_cat":[6636],"product_tag":[7050,8108],"class_list":{"0":"post-23550","1":"product","2":"type-product","3":"status-publish","4":"has-post-thumbnail","6":"product_cat-di-storie-in-storia","7":"product_tag-storia","8":"product_tag-testimonianze","9":"pa_guerini_amazon_link-https-www-amazon-it-peppino-impastato-memoria-difficile-manzella-dp-8862508743","10":"pa_guerini_feltrinelli_link-https-www-lafeltrinelli-it-peppino-impastato-memoria-difficile-libro-vari-e-9788862508742","11":"pa_guerini_ibs_link-https-www-ibs-it-peppino-impastato-memoria-difficile-libro-vari-e-9788862508742","12":"pa_guerini_libruniver_link-https-www-libreriauniversitaria-it-peppino-impastato-memoria-difficile-guerini-libro-9788862508742","13":"pa_guerini_mondadori_link-https-www-mondadoristore-it-peppino-impastato-memoria-na-eai978886250874","15":"first","16":"instock","17":"sale","18":"shipping-taxable","19":"purchasable","20":"product-type-simple"},"yoast_head":"<!-- This site is optimized with the Yoast SEO plugin v25.4 - https:\/\/yoast.com\/wordpress\/plugins\/seo\/ -->\n<title>P. Manzella (a cura di), Peppino Impastato | Guerini Editore<\/title>\n<meta name=\"description\" content=\"Il volume di P. Manzella raccoglie trentanove testimonianze che riguardano l\u2019arco della vita di Peppino Impastato fino alla sua uccisione per mano mafiosa.\" \/>\n<meta name=\"robots\" content=\"index, follow, max-snippet:-1, max-image-preview:large, max-video-preview:-1\" \/>\n<link rel=\"canonical\" href=\"https:\/\/www.guerini.it\/index.php\/prodotto\/peppino-impastato\/\" \/>\n<meta property=\"og:locale\" content=\"it_IT\" \/>\n<meta property=\"og:type\" content=\"article\" \/>\n<meta property=\"og:title\" content=\"P. Manzella (a cura di), Peppino Impastato | Guerini Editore\" \/>\n<meta property=\"og:description\" content=\"Il volume di P. Manzella raccoglie trentanove testimonianze che riguardano l\u2019arco della vita di Peppino Impastato fino alla sua uccisione per mano mafiosa.\" \/>\n<meta property=\"og:url\" content=\"https:\/\/www.guerini.it\/index.php\/prodotto\/peppino-impastato\/\" \/>\n<meta property=\"og:site_name\" content=\"Guerini e Associati\" \/>\n<meta property=\"article:modified_time\" content=\"2024-06-09T18:25:49+00:00\" \/>\n<meta property=\"og:image\" content=\"https:\/\/www.guerini.it\/wp-content\/uploads\/2022\/12\/Peppino-Impastato.webp\" \/>\n\t<meta property=\"og:image:width\" content=\"1652\" \/>\n\t<meta property=\"og:image:height\" content=\"2480\" \/>\n\t<meta property=\"og:image:type\" content=\"image\/webp\" \/>\n<meta name=\"twitter:card\" content=\"summary_large_image\" \/>\n<meta name=\"twitter:label1\" content=\"Tempo di lettura stimato\" \/>\n\t<meta name=\"twitter:data1\" content=\"2 minuti\" \/>\n<!-- \/ Yoast SEO plugin. -->","yoast_head_json":{"title":"P. Manzella (a cura di), Peppino Impastato | Guerini Editore","description":"Il volume di P. Manzella raccoglie trentanove testimonianze che riguardano l\u2019arco della vita di Peppino Impastato fino alla sua uccisione per mano mafiosa.","robots":{"index":"index","follow":"follow","max-snippet":"max-snippet:-1","max-image-preview":"max-image-preview:large","max-video-preview":"max-video-preview:-1"},"canonical":"https:\/\/www.guerini.it\/index.php\/prodotto\/peppino-impastato\/","og_locale":"it_IT","og_type":"article","og_title":"P. Manzella (a cura di), Peppino Impastato | Guerini Editore","og_description":"Il volume di P. Manzella raccoglie trentanove testimonianze che riguardano l\u2019arco della vita di Peppino Impastato fino alla sua uccisione per mano mafiosa.","og_url":"https:\/\/www.guerini.it\/index.php\/prodotto\/peppino-impastato\/","og_site_name":"Guerini e Associati","article_modified_time":"2024-06-09T18:25:49+00:00","og_image":[{"width":1652,"height":2480,"url":"https:\/\/www.guerini.it\/wp-content\/uploads\/2022\/12\/Peppino-Impastato.webp","type":"image\/webp"}],"twitter_card":"summary_large_image","twitter_misc":{"Tempo di lettura stimato":"2 minuti"},"schema":{"@context":"https:\/\/schema.org","@graph":[{"@type":"WebPage","@id":"https:\/\/www.guerini.it\/index.php\/prodotto\/peppino-impastato\/","url":"https:\/\/www.guerini.it\/index.php\/prodotto\/peppino-impastato\/","name":"P. Manzella (a cura di), Peppino Impastato | Guerini Editore","isPartOf":{"@id":"https:\/\/www.guerini.it\/#website"},"primaryImageOfPage":{"@id":"https:\/\/www.guerini.it\/index.php\/prodotto\/peppino-impastato\/#primaryimage"},"image":{"@id":"https:\/\/www.guerini.it\/index.php\/prodotto\/peppino-impastato\/#primaryimage"},"thumbnailUrl":"https:\/\/www.guerini.it\/wp-content\/uploads\/2022\/12\/Peppino-Impastato.webp","datePublished":"2022-12-23T14:59:28+00:00","dateModified":"2024-06-09T18:25:49+00:00","description":"Il volume di P. Manzella raccoglie trentanove testimonianze che riguardano l\u2019arco della vita di Peppino Impastato fino alla sua uccisione per mano mafiosa.","breadcrumb":{"@id":"https:\/\/www.guerini.it\/index.php\/prodotto\/peppino-impastato\/#breadcrumb"},"inLanguage":"it-IT","potentialAction":[{"@type":"ReadAction","target":["https:\/\/www.guerini.it\/index.php\/prodotto\/peppino-impastato\/"]}]},{"@type":"ImageObject","inLanguage":"it-IT","@id":"https:\/\/www.guerini.it\/index.php\/prodotto\/peppino-impastato\/#primaryimage","url":"https:\/\/www.guerini.it\/wp-content\/uploads\/2022\/12\/Peppino-Impastato.webp","contentUrl":"https:\/\/www.guerini.it\/wp-content\/uploads\/2022\/12\/Peppino-Impastato.webp","width":1652,"height":2480,"caption":"Copertina del volume Peppino Impastato, Guerini e Associati, 2023"},{"@type":"BreadcrumbList","@id":"https:\/\/www.guerini.it\/index.php\/prodotto\/peppino-impastato\/#breadcrumb","itemListElement":[{"@type":"ListItem","position":1,"name":"Home","item":"https:\/\/www.guerini.it\/"},{"@type":"ListItem","position":2,"name":"Catalogo","item":"https:\/\/www.guerini.it\/index.php\/negozio\/"},{"@type":"ListItem","position":3,"name":"Peppino Impastato"}]},{"@type":"WebSite","@id":"https:\/\/www.guerini.it\/#website","url":"https:\/\/www.guerini.it\/","name":"Guerini e Associati","description":"30 anni di libri, idee e libert\u00e0","publisher":{"@id":"https:\/\/www.guerini.it\/#organization"},"potentialAction":[{"@type":"SearchAction","target":{"@type":"EntryPoint","urlTemplate":"https:\/\/www.guerini.it\/?s={search_term_string}"},"query-input":{"@type":"PropertyValueSpecification","valueRequired":true,"valueName":"search_term_string"}}],"inLanguage":"it-IT"},{"@type":"Organization","@id":"https:\/\/www.guerini.it\/#organization","name":"Guerini e Associati","url":"https:\/\/www.guerini.it\/","logo":{"@type":"ImageObject","inLanguage":"it-IT","@id":"https:\/\/www.guerini.it\/#\/schema\/logo\/image\/","url":"https:\/\/www.guerini.it\/wp-content\/uploads\/2021\/03\/Logo-Guerini-OK_-e1615831292285.png","contentUrl":"https:\/\/www.guerini.it\/wp-content\/uploads\/2021\/03\/Logo-Guerini-OK_-e1615831292285.png","width":2805,"height":1870,"caption":"Guerini e Associati"},"image":{"@id":"https:\/\/www.guerini.it\/#\/schema\/logo\/image\/"}}]}},"_links":{"self":[{"href":"https:\/\/www.guerini.it\/index.php\/wp-json\/wp\/v2\/product\/23550","targetHints":{"allow":["GET"]}}],"collection":[{"href":"https:\/\/www.guerini.it\/index.php\/wp-json\/wp\/v2\/product"}],"about":[{"href":"https:\/\/www.guerini.it\/index.php\/wp-json\/wp\/v2\/types\/product"}],"wp:featuredmedia":[{"embeddable":true,"href":"https:\/\/www.guerini.it\/index.php\/wp-json\/wp\/v2\/media\/23551"}],"wp:attachment":[{"href":"https:\/\/www.guerini.it\/index.php\/wp-json\/wp\/v2\/media?parent=23550"}],"wp:term":[{"taxonomy":"product_brand","embeddable":true,"href":"https:\/\/www.guerini.it\/index.php\/wp-json\/wp\/v2\/product_brand?post=23550"},{"taxonomy":"product_cat","embeddable":true,"href":"https:\/\/www.guerini.it\/index.php\/wp-json\/wp\/v2\/product_cat?post=23550"},{"taxonomy":"product_tag","embeddable":true,"href":"https:\/\/www.guerini.it\/index.php\/wp-json\/wp\/v2\/product_tag?post=23550"}],"curies":[{"name":"wp","href":"https:\/\/api.w.org\/{rel}","templated":true}]}}

<p style="text-align: justify;">La figura di Peppino Impastato è certamente molto più complessa, ricca e articolata dell’icona cinematografica che spesso si è sovrapposta alla realtà.<br />
Vengono qui raccolte trentanove testimonianze che riguardano tutto l’arco della vita di Peppino fino alla sua uccisione per mano mafiosa.<br />
Episodi, ricordi, aneddoti raccontati dalla viva voce di chi gli è stato accanto, dai compagni di giochi dell’infanzia ai compagni di lotta degli ultimi anni passando attraverso le storie inedite delle ragazze del Circolo Musica e Cultura. Ed è una voce che spesso si incrina per l’emozione perché, anche dopo più di quarant’anni da quei tragici avvenimenti, il ricordo è ancora vivo e doloroso. Da questi racconti emerge la figura di un leader che non voleva essere tale, una guida suo malgrado ma con una capacità straordinaria di radunare attorno a sé la meglio gioventù del suo paese.<br />
Una storia collettiva, dunque, che tratteggia i contorni della figura di Peppino oltre lo stereotipo dell’eroe solitario. Una storia finalmente depurata dal protagonismo autoreferenziale dei pavoni dell’antimafia.</p>
<hr />
<p style="text-align: justify;"><strong>Pino Manzella</strong> nasce a Cinisi (PA) nel 1951. Studia Lingue e Letterature straniere e si laurea all’Università di Palermo. Fin dai primi anni Settanta disegna manifesti e vignette per le attività politiche e culturali animate da Peppino Impastato nel Circolo Musica e Cultura prima e a Radio Aut poi. Espone in mostre personali e collettive e in rassegne di carattere nazionale e internazionale. Vasta la bibliografia in cataloghi e riviste specializzate. La Sicilia, con i suoi eccessi di luci e ombre, è il centro della sua ricerca artistica.</p>

<p>La figura di Peppino Impastato è certamente molto più complessa, ricca e articolata dell’icona cinematografica che spesso si è sovrapposta alla realtà. Vengono qui raccolte trentanove testimonianze che riguardano tutto [&hellip;]</p>

30 anni di libri, idee e libertà
