{"id":23580,"date":"2022-12-23T16:00:08","date_gmt":"2022-12-23T15:00:08","guid":{"rendered":"https:\/\/www.guerini.it\/?post_type=product&#038;p=23580"},"modified":"2024-06-09T20:25:49","modified_gmt":"2024-06-09T18:25:49","slug":"executive-philosophy","status":"publish","type":"product","link":"https:\/\/www.guerini.it\/index.php\/prodotto\/executive-philosophy\/","title":{"rendered":"Executive philosophy"},"content":{"rendered":"<p style=\"text-align: justify;\">Perch\u00e9 la filosofia nel management? Cos\u2019ha a che vedere con l\u2019evoluzione di manager e organizzazioni? La filosofia comunemente intesa e trattata \u00e8 adeguata? \u00c8 sufficiente prendere in prestito qualche concetto o raccogliere una serie di pensieri per maturare un nuovo profilo manageriale, supportare le organizzazioni, oppure incidere realmente sulle questioni odierne?<br \/>\nDaniele Mattia traccia una strada radicalmente diversa: riconsiderare profondamente il pensiero evoluto e porre lo stesso al centro delle organizzazioni e dell\u2019intera societ\u00e0 contemporanea. E lo fa attraverso l\u2019ideazione e applicazione di una nuova disciplina composta di visione, metodo e mezzi originali, l\u2019<em>executive philosophy<\/em>, e di una nuova figura professionale, l\u2019<em>executive philosopher<\/em>. L\u2019obiettivo \u00e8 un\u2019evoluzione, non un semplice cambiamento, non lo sviluppo, non l\u2019innovazione. Per una nuova dimensione della managerialit\u00e0 e della filosofia stessa, oltre le criticit\u00e0 e i quadri di riferimento consueti, i luoghi comuni e ci\u00f2 che crediamo di conoscere.<\/p>\n<hr \/>\n<p style=\"text-align: justify;\"><strong>DANIELE MATTIA<\/strong> \u00e8 il primo <a href=\"https:\/\/executivephilosopher.com\/home\/\"><em>executive philosopher<\/em><\/a> a livello internazionale. Ha ideato e definito tutti gli elementi fondamentali di questa nuova figura professionale, e ha pensato, formalizzato e applicato la nuova disciplina filosofica, l\u2019<em>executive philosophy<\/em>, a cui questa figura fa riferimento.<br \/>\nDopo un primo periodo di collaborazioni accademiche \u2013 a seguito della laurea \u2013 e alcuni anni come manager ed entrepreneur, Mattia si \u00e8 dedicato completamente allo studio del rapporto e delle evoluzioni possibili tra filosofia e management e al ripensamento della filosofia stessa, il tutto all\u2019interno di percorsi di collaborazione con manager e organizzazioni, tra cui Rai, Allianz, Assocamerestero, Moneygram, Decathlon, CNA, Airfrance-KLM, E&amp;Y. Oggi collabora con Academy e Business School e supporta alcune delle pi\u00f9 importanti realt\u00e0 organizzative nazionali e internazionali.<\/p>\n","protected":false},"excerpt":{"rendered":"<p>Perch\u00e9 la filosofia nel management? Cos\u2019ha a che vedere con l\u2019evoluzione di manager e organizzazioni? La filosofia comunemente intesa e trattata \u00e8 adeguata? \u00c8 sufficiente prendere in prestito qualche concetto [&hellip;]<\/p>\n","protected":false},"featured_media":23581,"template":"","meta":{"_editorskit_title_hidden":false,"_editorskit_reading_time":0,"_editorskit_is_block_options_detached":false,"_editorskit_block_options_position":"{}","_monsterinsights_skip_tracking":false,"_monsterinsights_sitenote_active":false,"_monsterinsights_sitenote_note":"","_monsterinsights_sitenote_category":0},"product_brand":[],"product_cat":[6805,6529],"product_tag":[10088,6968,7470],"class_list":{"0":"post-23580","1":"product","2":"type-product","3":"status-publish","4":"has-post-thumbnail","6":"product_cat-guerini-next","7":"product_cat-economia-e-management","8":"product_tag-executive-philosophy","9":"product_tag-impresa","10":"product_tag-manager","11":"pa_guerini_amazon_link-https-www-amazon-it-executive-philosophy-unevoluzione-organizzazioni-filosofia-dp-8868964651","12":"pa_guerini_feltrinelli_link-https-www-lafeltrinelli-it-executive-philosophy-evoluzione-per-manager-libro-daniele-mattia-e-9788868964658","13":"pa_guerini_ibs_link-https-www-ibs-it-executive-philosophy-evoluzione-per-manager-libro-daniele-mattia-e-9788868964658","14":"pa_guerini_libruniver_link-https-www-libreriauniversitaria-it-executive-philosophy-evoluzione-manager-organizzazioni-libro-9788868964658","15":"pa_guerini_mondadori_link-https-www-mondadoristore-it-executive-philosophy-daniele-mattia-eai978886896465","17":"first","18":"instock","19":"sale","20":"shipping-taxable","21":"purchasable","22":"product-type-simple"},"yoast_head":"<!-- This site is optimized with the Yoast SEO plugin v25.4 - https:\/\/yoast.com\/wordpress\/plugins\/seo\/ -->\n<title>D. Mattia, Executive philosophy | Guerini Editore<\/title>\n<meta name=\"description\" content=\"D. Mattia in questo volume getta le basi di una nuova disciplina, l\u2019executive philosophy, e di una nuova figura professionale, l\u2019executive philosopher.\" \/>\n<meta name=\"robots\" content=\"index, follow, max-snippet:-1, max-image-preview:large, max-video-preview:-1\" \/>\n<link rel=\"canonical\" href=\"https:\/\/www.guerini.it\/index.php\/prodotto\/executive-philosophy\/\" \/>\n<meta property=\"og:locale\" content=\"it_IT\" \/>\n<meta property=\"og:type\" content=\"article\" \/>\n<meta property=\"og:title\" content=\"D. Mattia, Executive philosophy | Guerini Editore\" \/>\n<meta property=\"og:description\" content=\"D. Mattia in questo volume getta le basi di una nuova disciplina, l\u2019executive philosophy, e di una nuova figura professionale, l\u2019executive philosopher.\" \/>\n<meta property=\"og:url\" content=\"https:\/\/www.guerini.it\/index.php\/prodotto\/executive-philosophy\/\" \/>\n<meta property=\"og:site_name\" content=\"Guerini e Associati\" \/>\n<meta property=\"article:modified_time\" content=\"2024-06-09T18:25:49+00:00\" \/>\n<meta property=\"og:image\" content=\"https:\/\/www.guerini.it\/wp-content\/uploads\/2022\/12\/Executive-philosophy.webp\" \/>\n\t<meta property=\"og:image:width\" content=\"643\" \/>\n\t<meta property=\"og:image:height\" content=\"1000\" \/>\n\t<meta property=\"og:image:type\" content=\"image\/webp\" \/>\n<meta name=\"twitter:card\" content=\"summary_large_image\" \/>\n<meta name=\"twitter:label1\" content=\"Tempo di lettura stimato\" \/>\n\t<meta name=\"twitter:data1\" content=\"2 minuti\" \/>\n<!-- \/ Yoast SEO plugin. -->","yoast_head_json":{"title":"D. Mattia, Executive philosophy | Guerini Editore","description":"D. Mattia in questo volume getta le basi di una nuova disciplina, l\u2019executive philosophy, e di una nuova figura professionale, l\u2019executive philosopher.","robots":{"index":"index","follow":"follow","max-snippet":"max-snippet:-1","max-image-preview":"max-image-preview:large","max-video-preview":"max-video-preview:-1"},"canonical":"https:\/\/www.guerini.it\/index.php\/prodotto\/executive-philosophy\/","og_locale":"it_IT","og_type":"article","og_title":"D. Mattia, Executive philosophy | Guerini Editore","og_description":"D. Mattia in questo volume getta le basi di una nuova disciplina, l\u2019executive philosophy, e di una nuova figura professionale, l\u2019executive philosopher.","og_url":"https:\/\/www.guerini.it\/index.php\/prodotto\/executive-philosophy\/","og_site_name":"Guerini e Associati","article_modified_time":"2024-06-09T18:25:49+00:00","og_image":[{"width":643,"height":1000,"url":"https:\/\/www.guerini.it\/wp-content\/uploads\/2022\/12\/Executive-philosophy.webp","type":"image\/webp"}],"twitter_card":"summary_large_image","twitter_misc":{"Tempo di lettura stimato":"2 minuti"},"schema":{"@context":"https:\/\/schema.org","@graph":[{"@type":"WebPage","@id":"https:\/\/www.guerini.it\/index.php\/prodotto\/executive-philosophy\/","url":"https:\/\/www.guerini.it\/index.php\/prodotto\/executive-philosophy\/","name":"D. Mattia, Executive philosophy | Guerini Editore","isPartOf":{"@id":"https:\/\/www.guerini.it\/#website"},"primaryImageOfPage":{"@id":"https:\/\/www.guerini.it\/index.php\/prodotto\/executive-philosophy\/#primaryimage"},"image":{"@id":"https:\/\/www.guerini.it\/index.php\/prodotto\/executive-philosophy\/#primaryimage"},"thumbnailUrl":"https:\/\/www.guerini.it\/wp-content\/uploads\/2022\/12\/Executive-philosophy.webp","datePublished":"2022-12-23T15:00:08+00:00","dateModified":"2024-06-09T18:25:49+00:00","description":"D. Mattia in questo volume getta le basi di una nuova disciplina, l\u2019executive philosophy, e di una nuova figura professionale, l\u2019executive philosopher.","breadcrumb":{"@id":"https:\/\/www.guerini.it\/index.php\/prodotto\/executive-philosophy\/#breadcrumb"},"inLanguage":"it-IT","potentialAction":[{"@type":"ReadAction","target":["https:\/\/www.guerini.it\/index.php\/prodotto\/executive-philosophy\/"]}]},{"@type":"ImageObject","inLanguage":"it-IT","@id":"https:\/\/www.guerini.it\/index.php\/prodotto\/executive-philosophy\/#primaryimage","url":"https:\/\/www.guerini.it\/wp-content\/uploads\/2022\/12\/Executive-philosophy.webp","contentUrl":"https:\/\/www.guerini.it\/wp-content\/uploads\/2022\/12\/Executive-philosophy.webp","width":643,"height":1000,"caption":"Copertina del volume Executive philosophy, Guerini Next, 2023"},{"@type":"BreadcrumbList","@id":"https:\/\/www.guerini.it\/index.php\/prodotto\/executive-philosophy\/#breadcrumb","itemListElement":[{"@type":"ListItem","position":1,"name":"Home","item":"https:\/\/www.guerini.it\/"},{"@type":"ListItem","position":2,"name":"Catalogo","item":"https:\/\/www.guerini.it\/index.php\/negozio\/"},{"@type":"ListItem","position":3,"name":"Executive philosophy"}]},{"@type":"WebSite","@id":"https:\/\/www.guerini.it\/#website","url":"https:\/\/www.guerini.it\/","name":"Guerini e Associati","description":"30 anni di libri, idee e libert\u00e0","publisher":{"@id":"https:\/\/www.guerini.it\/#organization"},"potentialAction":[{"@type":"SearchAction","target":{"@type":"EntryPoint","urlTemplate":"https:\/\/www.guerini.it\/?s={search_term_string}"},"query-input":{"@type":"PropertyValueSpecification","valueRequired":true,"valueName":"search_term_string"}}],"inLanguage":"it-IT"},{"@type":"Organization","@id":"https:\/\/www.guerini.it\/#organization","name":"Guerini e Associati","url":"https:\/\/www.guerini.it\/","logo":{"@type":"ImageObject","inLanguage":"it-IT","@id":"https:\/\/www.guerini.it\/#\/schema\/logo\/image\/","url":"https:\/\/www.guerini.it\/wp-content\/uploads\/2021\/03\/Logo-Guerini-OK_-e1615831292285.png","contentUrl":"https:\/\/www.guerini.it\/wp-content\/uploads\/2021\/03\/Logo-Guerini-OK_-e1615831292285.png","width":2805,"height":1870,"caption":"Guerini e Associati"},"image":{"@id":"https:\/\/www.guerini.it\/#\/schema\/logo\/image\/"}}]}},"_links":{"self":[{"href":"https:\/\/www.guerini.it\/index.php\/wp-json\/wp\/v2\/product\/23580","targetHints":{"allow":["GET"]}}],"collection":[{"href":"https:\/\/www.guerini.it\/index.php\/wp-json\/wp\/v2\/product"}],"about":[{"href":"https:\/\/www.guerini.it\/index.php\/wp-json\/wp\/v2\/types\/product"}],"wp:featuredmedia":[{"embeddable":true,"href":"https:\/\/www.guerini.it\/index.php\/wp-json\/wp\/v2\/media\/23581"}],"wp:attachment":[{"href":"https:\/\/www.guerini.it\/index.php\/wp-json\/wp\/v2\/media?parent=23580"}],"wp:term":[{"taxonomy":"product_brand","embeddable":true,"href":"https:\/\/www.guerini.it\/index.php\/wp-json\/wp\/v2\/product_brand?post=23580"},{"taxonomy":"product_cat","embeddable":true,"href":"https:\/\/www.guerini.it\/index.php\/wp-json\/wp\/v2\/product_cat?post=23580"},{"taxonomy":"product_tag","embeddable":true,"href":"https:\/\/www.guerini.it\/index.php\/wp-json\/wp\/v2\/product_tag?post=23580"}],"curies":[{"name":"wp","href":"https:\/\/api.w.org\/{rel}","templated":true}]}}

<p style="text-align: justify;">Perché la filosofia nel management? Cos’ha a che vedere con l’evoluzione di manager e organizzazioni? La filosofia comunemente intesa e trattata è adeguata? È sufficiente prendere in prestito qualche concetto o raccogliere una serie di pensieri per maturare un nuovo profilo manageriale, supportare le organizzazioni, oppure incidere realmente sulle questioni odierne?<br />
Daniele Mattia traccia una strada radicalmente diversa: riconsiderare profondamente il pensiero evoluto e porre lo stesso al centro delle organizzazioni e dell’intera società contemporanea. E lo fa attraverso l’ideazione e applicazione di una nuova disciplina composta di visione, metodo e mezzi originali, l’<em>executive philosophy</em>, e di una nuova figura professionale, l’<em>executive philosopher</em>. L’obiettivo è un’evoluzione, non un semplice cambiamento, non lo sviluppo, non l’innovazione. Per una nuova dimensione della managerialità e della filosofia stessa, oltre le criticità e i quadri di riferimento consueti, i luoghi comuni e ciò che crediamo di conoscere.</p>
<hr />
<p style="text-align: justify;"><strong>DANIELE MATTIA</strong> è il primo <a href="https://executivephilosopher.com/home/"><em>executive philosopher</em></a> a livello internazionale. Ha ideato e definito tutti gli elementi fondamentali di questa nuova figura professionale, e ha pensato, formalizzato e applicato la nuova disciplina filosofica, l’<em>executive philosophy</em>, a cui questa figura fa riferimento.<br />
Dopo un primo periodo di collaborazioni accademiche – a seguito della laurea – e alcuni anni come manager ed entrepreneur, Mattia si è dedicato completamente allo studio del rapporto e delle evoluzioni possibili tra filosofia e management e al ripensamento della filosofia stessa, il tutto all’interno di percorsi di collaborazione con manager e organizzazioni, tra cui Rai, Allianz, Assocamerestero, Moneygram, Decathlon, CNA, Airfrance-KLM, E&amp;Y. Oggi collabora con Academy e Business School e supporta alcune delle più importanti realtà organizzative nazionali e internazionali.</p>

<p>Perché la filosofia nel management? Cos’ha a che vedere con l’evoluzione di manager e organizzazioni? La filosofia comunemente intesa e trattata è adeguata? È sufficiente prendere in prestito qualche concetto [&hellip;]</p>

30 anni di libri, idee e libertà
