{"id":23583,"date":"2022-12-23T15:57:53","date_gmt":"2022-12-23T14:57:53","guid":{"rendered":"https:\/\/www.guerini.it\/?post_type=product&#038;p=23583"},"modified":"2024-06-20T13:02:20","modified_gmt":"2024-06-20T11:02:20","slug":"didattica-della-scuola","status":"publish","type":"product","link":"https:\/\/www.guerini.it\/index.php\/prodotto\/didattica-della-scuola\/","title":{"rendered":"Didattica della scuola"},"content":{"rendered":"<p style=\"text-align: justify;\">La <em>didattica della scuola<\/em> \u00e8 quel punto di vista educativo e pedagogico sul reale che ha come oggetto della riflessione e dell\u2019azione proprio l\u2019istituzione scolastica, intesa non solo come sistema complesso di relazioni ma anche come oggetto fisico, reale, concreto, che prende forma a partire dall\u2019intenzionalit\u00e0 educativa e formativa dei suoi abitanti.<br \/>\nIl volume ha lo scopo di aprire un dialogo tra didattica e diritto per mettere a fuoco gli <em>spazi<\/em> e <em>tempi<\/em> della scuola, al fine di riconoscerla come una <em>comunit\u00e0<\/em> in continua <em>ricerca<\/em> tra eventi da regolare, norme da seguire, ideali e valori da incarnare. L\u2019ispirazione che guida tutta l\u2019architettura del volume \u00e8 il libro <em>Pedagogia della scuola<\/em> di Cesare Scurati, maestro e punto di riferimento umano e professionale degli autori. A venticinque anni dalla sua pubblicazione, l\u2019attenzione si concentra oggi sul ruolo chiave della scuola come progetto aperto: \u00abLa scuola e\u0300 una istituzione aperta e flessibile, una comunit\u00e0 culturale la cui finalit\u00e0 educativa opera nei riguardi di tutti i soggetti che vi partecipano\u00bb (Scurati 1997).<br \/>\nLe traiettorie che guidano verso la generazione di tale apertura e flessibilit\u00e0 si ordinano intorno alla progettazione condivisa del fare scuola. Si parte dal concreto: dove siamo, come stiamo, quanto ci stiamo e perch\u00e9, per delineare i contorni di una scuola che si percepisce come comunit\u00e0 culturale in ricerca sulla <em>progettazione dello spazio fisico<\/em> in cui avviene il fatto didattico ed educativo e su una nuova <em>organizzazione del tempo scolastico<\/em>, non pi\u00f9 affidata agli automatismi e tecnicismi imperanti ma sostanziata da profonda professionalit\u00e0 pedagogica.<\/p>\n<hr \/>\n<p style=\"text-align: justify;\"><strong>Beate Weyland<\/strong>, laureata in Pedagogia nel 1997 con Cesare Scurati, \u00e8 professore associato di Didattica Generale presso la Facolt\u00e0 di Scienze della Formazione della Libera Universit\u00e0 di Bolzano. La sua ricerca approfondisce il rapporto tra pedagogia, architettura e design nella trasformazione e sviluppo della scuola. Dirige presso l\u2019ateneo il laboratorio interdisciplinare <em>EDEN \u2013 Educational Environments with Nature<\/em> con l\u2019obiettivo di promuovere benessere e comfort negli ambienti educativi, con il beneficio della natura e delle piante. Attraverso la ricerca, l\u2019insegnamento e il lavoro sul campo promuove a livello internazionale studi, mostre e convegni per sensibilizzare sul rapporto importante tra spazi e didattiche e sostiene le scuole per dare informazioni pedagogiche al corpo materiale della scuola.<\/p>\n<p style=\"text-align: justify;\"><strong>Mario Falanga<\/strong>, giurista, insegna Istituzioni di diritto pubblico e Legislazione sociale nella Libera Universit\u00e0 di Bolzano. Dirige la collana di \u00abLegislazione\u00bb per le edizioni Schol\u00e9 (Brescia). Ha al suo attivo numerose pubblicazioni d\u2019interesse giuridico-amministrativo e di diritto della scuola.<\/p>\n","protected":false},"excerpt":{"rendered":"<p>La didattica della scuola \u00e8 quel punto di vista educativo e pedagogico sul reale che ha come oggetto della riflessione e dell\u2019azione proprio l\u2019istituzione scolastica, intesa non solo come sistema [&hellip;]<\/p>\n","protected":false},"featured_media":23584,"template":"","meta":{"_editorskit_title_hidden":false,"_editorskit_reading_time":0,"_editorskit_is_block_options_detached":false,"_editorskit_block_options_position":"{}","_monsterinsights_skip_tracking":false,"_monsterinsights_sitenote_active":false,"_monsterinsights_sitenote_note":"","_monsterinsights_sitenote_category":0},"product_brand":[],"product_cat":[6682],"product_tag":[6819,8563,6790],"class_list":{"0":"post-23583","1":"product","2":"type-product","3":"status-publish","4":"has-post-thumbnail","6":"product_cat-pfs-ae","7":"product_tag-didattica","8":"product_tag-diritto","9":"product_tag-scuola","11":"first","12":"instock","13":"sale","14":"shipping-taxable","15":"purchasable","16":"product-type-simple"},"yoast_head":"<!-- This site is optimized with the Yoast SEO plugin v25.4 - https:\/\/yoast.com\/wordpress\/plugins\/seo\/ -->\n<title>B. Weyland, M. Falanga, Didattica della scuola | Guerini Editore<\/title>\n<meta name=\"description\" content=\"Il volume Didattica della scuola apre un dialogo tra didattica e diritto, al fine di riconoscere la scuola come una comunit\u00e0 in continua ricerca.\" \/>\n<meta name=\"robots\" content=\"index, follow, max-snippet:-1, max-image-preview:large, max-video-preview:-1\" \/>\n<link rel=\"canonical\" href=\"https:\/\/www.guerini.it\/index.php\/prodotto\/didattica-della-scuola\/\" \/>\n<meta property=\"og:locale\" content=\"it_IT\" \/>\n<meta property=\"og:type\" content=\"article\" \/>\n<meta property=\"og:title\" content=\"B. Weyland, M. Falanga, Didattica della scuola | Guerini Editore\" \/>\n<meta property=\"og:description\" content=\"Il volume Didattica della scuola apre un dialogo tra didattica e diritto, al fine di riconoscere la scuola come una comunit\u00e0 in continua ricerca.\" \/>\n<meta property=\"og:url\" content=\"https:\/\/www.guerini.it\/index.php\/prodotto\/didattica-della-scuola\/\" \/>\n<meta property=\"og:site_name\" content=\"Guerini e Associati\" \/>\n<meta property=\"article:modified_time\" content=\"2024-06-20T11:02:20+00:00\" \/>\n<meta property=\"og:image\" content=\"https:\/\/www.guerini.it\/wp-content\/uploads\/2022\/12\/Didattica-della-scuola.webp\" \/>\n\t<meta property=\"og:image:width\" content=\"643\" \/>\n\t<meta property=\"og:image:height\" content=\"1000\" \/>\n\t<meta property=\"og:image:type\" content=\"image\/webp\" \/>\n<meta name=\"twitter:card\" content=\"summary_large_image\" \/>\n<meta name=\"twitter:label1\" content=\"Tempo di lettura stimato\" \/>\n\t<meta name=\"twitter:data1\" content=\"3 minuti\" \/>\n<!-- \/ Yoast SEO plugin. -->","yoast_head_json":{"title":"B. Weyland, M. Falanga, Didattica della scuola | Guerini Editore","description":"Il volume Didattica della scuola apre un dialogo tra didattica e diritto, al fine di riconoscere la scuola come una comunit\u00e0 in continua ricerca.","robots":{"index":"index","follow":"follow","max-snippet":"max-snippet:-1","max-image-preview":"max-image-preview:large","max-video-preview":"max-video-preview:-1"},"canonical":"https:\/\/www.guerini.it\/index.php\/prodotto\/didattica-della-scuola\/","og_locale":"it_IT","og_type":"article","og_title":"B. Weyland, M. Falanga, Didattica della scuola | Guerini Editore","og_description":"Il volume Didattica della scuola apre un dialogo tra didattica e diritto, al fine di riconoscere la scuola come una comunit\u00e0 in continua ricerca.","og_url":"https:\/\/www.guerini.it\/index.php\/prodotto\/didattica-della-scuola\/","og_site_name":"Guerini e Associati","article_modified_time":"2024-06-20T11:02:20+00:00","og_image":[{"width":643,"height":1000,"url":"https:\/\/www.guerini.it\/wp-content\/uploads\/2022\/12\/Didattica-della-scuola.webp","type":"image\/webp"}],"twitter_card":"summary_large_image","twitter_misc":{"Tempo di lettura stimato":"3 minuti"},"schema":{"@context":"https:\/\/schema.org","@graph":[{"@type":"WebPage","@id":"https:\/\/www.guerini.it\/index.php\/prodotto\/didattica-della-scuola\/","url":"https:\/\/www.guerini.it\/index.php\/prodotto\/didattica-della-scuola\/","name":"B. Weyland, M. Falanga, Didattica della scuola | Guerini Editore","isPartOf":{"@id":"https:\/\/www.guerini.it\/#website"},"primaryImageOfPage":{"@id":"https:\/\/www.guerini.it\/index.php\/prodotto\/didattica-della-scuola\/#primaryimage"},"image":{"@id":"https:\/\/www.guerini.it\/index.php\/prodotto\/didattica-della-scuola\/#primaryimage"},"thumbnailUrl":"https:\/\/www.guerini.it\/wp-content\/uploads\/2022\/12\/Didattica-della-scuola.webp","datePublished":"2022-12-23T14:57:53+00:00","dateModified":"2024-06-20T11:02:20+00:00","description":"Il volume Didattica della scuola apre un dialogo tra didattica e diritto, al fine di riconoscere la scuola come una comunit\u00e0 in continua ricerca.","breadcrumb":{"@id":"https:\/\/www.guerini.it\/index.php\/prodotto\/didattica-della-scuola\/#breadcrumb"},"inLanguage":"it-IT","potentialAction":[{"@type":"ReadAction","target":["https:\/\/www.guerini.it\/index.php\/prodotto\/didattica-della-scuola\/"]}]},{"@type":"ImageObject","inLanguage":"it-IT","@id":"https:\/\/www.guerini.it\/index.php\/prodotto\/didattica-della-scuola\/#primaryimage","url":"https:\/\/www.guerini.it\/wp-content\/uploads\/2022\/12\/Didattica-della-scuola.webp","contentUrl":"https:\/\/www.guerini.it\/wp-content\/uploads\/2022\/12\/Didattica-della-scuola.webp","width":643,"height":1000,"caption":"Copertina del volume Didattica della scuola, Guerini e Associati, 2023"},{"@type":"BreadcrumbList","@id":"https:\/\/www.guerini.it\/index.php\/prodotto\/didattica-della-scuola\/#breadcrumb","itemListElement":[{"@type":"ListItem","position":1,"name":"Home","item":"https:\/\/www.guerini.it\/"},{"@type":"ListItem","position":2,"name":"Catalogo","item":"https:\/\/www.guerini.it\/index.php\/negozio\/"},{"@type":"ListItem","position":3,"name":"Didattica della scuola"}]},{"@type":"WebSite","@id":"https:\/\/www.guerini.it\/#website","url":"https:\/\/www.guerini.it\/","name":"Guerini e Associati","description":"30 anni di libri, idee e libert\u00e0","publisher":{"@id":"https:\/\/www.guerini.it\/#organization"},"potentialAction":[{"@type":"SearchAction","target":{"@type":"EntryPoint","urlTemplate":"https:\/\/www.guerini.it\/?s={search_term_string}"},"query-input":{"@type":"PropertyValueSpecification","valueRequired":true,"valueName":"search_term_string"}}],"inLanguage":"it-IT"},{"@type":"Organization","@id":"https:\/\/www.guerini.it\/#organization","name":"Guerini e Associati","url":"https:\/\/www.guerini.it\/","logo":{"@type":"ImageObject","inLanguage":"it-IT","@id":"https:\/\/www.guerini.it\/#\/schema\/logo\/image\/","url":"https:\/\/www.guerini.it\/wp-content\/uploads\/2021\/03\/Logo-Guerini-OK_-e1615831292285.png","contentUrl":"https:\/\/www.guerini.it\/wp-content\/uploads\/2021\/03\/Logo-Guerini-OK_-e1615831292285.png","width":2805,"height":1870,"caption":"Guerini e Associati"},"image":{"@id":"https:\/\/www.guerini.it\/#\/schema\/logo\/image\/"}}]}},"_links":{"self":[{"href":"https:\/\/www.guerini.it\/index.php\/wp-json\/wp\/v2\/product\/23583","targetHints":{"allow":["GET"]}}],"collection":[{"href":"https:\/\/www.guerini.it\/index.php\/wp-json\/wp\/v2\/product"}],"about":[{"href":"https:\/\/www.guerini.it\/index.php\/wp-json\/wp\/v2\/types\/product"}],"wp:featuredmedia":[{"embeddable":true,"href":"https:\/\/www.guerini.it\/index.php\/wp-json\/wp\/v2\/media\/23584"}],"wp:attachment":[{"href":"https:\/\/www.guerini.it\/index.php\/wp-json\/wp\/v2\/media?parent=23583"}],"wp:term":[{"taxonomy":"product_brand","embeddable":true,"href":"https:\/\/www.guerini.it\/index.php\/wp-json\/wp\/v2\/product_brand?post=23583"},{"taxonomy":"product_cat","embeddable":true,"href":"https:\/\/www.guerini.it\/index.php\/wp-json\/wp\/v2\/product_cat?post=23583"},{"taxonomy":"product_tag","embeddable":true,"href":"https:\/\/www.guerini.it\/index.php\/wp-json\/wp\/v2\/product_tag?post=23583"}],"curies":[{"name":"wp","href":"https:\/\/api.w.org\/{rel}","templated":true}]}}

<p style="text-align: justify;">La <em>didattica della scuola</em> è quel punto di vista educativo e pedagogico sul reale che ha come oggetto della riflessione e dell’azione proprio l’istituzione scolastica, intesa non solo come sistema complesso di relazioni ma anche come oggetto fisico, reale, concreto, che prende forma a partire dall’intenzionalità educativa e formativa dei suoi abitanti.<br />
Il volume ha lo scopo di aprire un dialogo tra didattica e diritto per mettere a fuoco gli <em>spazi</em> e <em>tempi</em> della scuola, al fine di riconoscerla come una <em>comunità</em> in continua <em>ricerca</em> tra eventi da regolare, norme da seguire, ideali e valori da incarnare. L’ispirazione che guida tutta l’architettura del volume è il libro <em>Pedagogia della scuola</em> di Cesare Scurati, maestro e punto di riferimento umano e professionale degli autori. A venticinque anni dalla sua pubblicazione, l’attenzione si concentra oggi sul ruolo chiave della scuola come progetto aperto: «La scuola è una istituzione aperta e flessibile, una comunità culturale la cui finalità educativa opera nei riguardi di tutti i soggetti che vi partecipano» (Scurati 1997).<br />
Le traiettorie che guidano verso la generazione di tale apertura e flessibilità si ordinano intorno alla progettazione condivisa del fare scuola. Si parte dal concreto: dove siamo, come stiamo, quanto ci stiamo e perché, per delineare i contorni di una scuola che si percepisce come comunità culturale in ricerca sulla <em>progettazione dello spazio fisico</em> in cui avviene il fatto didattico ed educativo e su una nuova <em>organizzazione del tempo scolastico</em>, non più affidata agli automatismi e tecnicismi imperanti ma sostanziata da profonda professionalità pedagogica.</p>
<hr />
<p style="text-align: justify;"><strong>Beate Weyland</strong>, laureata in Pedagogia nel 1997 con Cesare Scurati, è professore associato di Didattica Generale presso la Facoltà di Scienze della Formazione della Libera Università di Bolzano. La sua ricerca approfondisce il rapporto tra pedagogia, architettura e design nella trasformazione e sviluppo della scuola. Dirige presso l’ateneo il laboratorio interdisciplinare <em>EDEN – Educational Environments with Nature</em> con l’obiettivo di promuovere benessere e comfort negli ambienti educativi, con il beneficio della natura e delle piante. Attraverso la ricerca, l’insegnamento e il lavoro sul campo promuove a livello internazionale studi, mostre e convegni per sensibilizzare sul rapporto importante tra spazi e didattiche e sostiene le scuole per dare informazioni pedagogiche al corpo materiale della scuola.</p>
<p style="text-align: justify;"><strong>Mario Falanga</strong>, giurista, insegna Istituzioni di diritto pubblico e Legislazione sociale nella Libera Università di Bolzano. Dirige la collana di «Legislazione» per le edizioni Scholé (Brescia). Ha al suo attivo numerose pubblicazioni d’interesse giuridico-amministrativo e di diritto della scuola.</p>

<p>La didattica della scuola è quel punto di vista educativo e pedagogico sul reale che ha come oggetto della riflessione e dell’azione proprio l’istituzione scolastica, intesa non solo come sistema [&hellip;]</p>

<!-- This site is optimized with the Yoast SEO plugin v25.4 - https://yoast.com/wordpress/plugins/seo/ -->
<title>B. Weyland, M. Falanga, Didattica della scuola | Guerini Editore</title>
<meta name="description" content="Il volume Didattica della scuola apre un dialogo tra didattica e diritto, al fine di riconoscere la scuola come una comunità in continua ricerca." />
<meta name="robots" content="index, follow, max-snippet:-1, max-image-preview:large, max-video-preview:-1" />
<link rel="canonical" href="https://www.guerini.it/index.php/prodotto/didattica-della-scuola/" />
<meta property="og:locale" content="it_IT" />
<meta property="og:type" content="article" />
<meta property="og:title" content="B. Weyland, M. Falanga, Didattica della scuola | Guerini Editore" />
<meta property="og:description" content="Il volume Didattica della scuola apre un dialogo tra didattica e diritto, al fine di riconoscere la scuola come una comunità in continua ricerca." />
<meta property="og:url" content="https://www.guerini.it/index.php/prodotto/didattica-della-scuola/" />
<meta property="og:site_name" content="Guerini e Associati" />
<meta property="article:modified_time" content="2024-06-20T11:02:20+00:00" />
<meta property="og:image" content="https://www.guerini.it/wp-content/uploads/2022/12/Didattica-della-scuola.webp" />
	<meta property="og:image:width" content="643" />
	<meta property="og:image:height" content="1000" />
	<meta property="og:image:type" content="image/webp" />
<meta name="twitter:card" content="summary_large_image" />
<meta name="twitter:label1" content="Tempo di lettura stimato" />
	<meta name="twitter:data1" content="3 minuti" />
<!-- / Yoast SEO plugin. -->

Il volume Didattica della scuola apre un dialogo tra didattica e diritto, al fine di riconoscere la scuola come una comunità in continua ricerca.

30 anni di libri, idee e libertà
