{"id":23613,"date":"2023-01-12T10:57:45","date_gmt":"2023-01-12T09:57:45","guid":{"rendered":"https:\/\/www.guerini.it\/?post_type=product&#038;p=23613"},"modified":"2024-06-09T20:25:50","modified_gmt":"2024-06-09T18:25:50","slug":"un-enigma-medievale-al-tempo-di-marco-polo","status":"publish","type":"product","link":"https:\/\/www.guerini.it\/index.php\/prodotto\/un-enigma-medievale-al-tempo-di-marco-polo\/","title":{"rendered":"Un enigma medievale al tempo di Marco Polo"},"content":{"rendered":"<p style=\"text-align: justify;\">Nel 1293, due anni dopo la partenza di Marco Polo dal Catai, il missionario francescano Giovanni da Montecorvino incontrava a Qanbaliq (Pechino) Giorgio, sovrano cristiano nestoriano degli \u00d6ngg\u00fcd alleati dei Mongoli.<br \/>\nL\u2019indagine investigativa del volume, basata sulle fonti occidentali e cinesi, si concentra sui retroscena di questo eccezionale episodio storico da cui emerge l\u2019intreccio geopolitico, culturale e religioso che a partire dall\u2019epoca delle Crociate ha messo in contatto Occidente e Oriente.<br \/>\nNe \u00e8 scaturito un quadro della realt\u00e0 del tempo pi\u00f9 complesso dell\u2019abituale narrazione storica, in cui strategia e fede si confondono e si celano dietro l\u2019apparente casualit\u00e0 di un incontro; cos\u00ec come, forse, la perduta Chiesa del misterioso re Giorgio, eroico e colto cavaliere cristiano discendente del Prete Gianni, si cela sotto le remote sabbie della Mongolia Interna.<\/p>\n<hr \/>\n<p style=\"text-align: justify;\"><strong>Maurizio Paolillo<\/strong> \u00e8 professore di Filologia cinese presso l\u2019<a href=\"https:\/\/docenti.unior.it\/index2.php?content_id=26564&amp;content_id_start=1&amp;ID_Utente=3526\">Universit\u00e0 di Napoli L\u2019Orientale<\/a>. Si interessa ai contatti culturali e religiosi tra Occidente e Oriente e alle tradizioni religioso-filosofiche della Cina, con una particolare attenzione alle fonti antiche. Ha inoltre pubblicato studi sul <em>fengshui<\/em> e sulla letteratura del giardino cinese.<br \/>\nHa al suo attivo circa novanta pubblicazioni in lingua italiana, inglese, francese e cinese, tra cui alcune monografie, la prima per le nostre edizioni (<a href=\"https:\/\/www.guerini.it\/index.php\/prodotto\/il-giardino-cinese-una-tradizione-millenaria\/\"><em>Il giardino cinese. Una tradizione millenaria<\/em><\/a>, 1996), e l\u2019ultima sul Daoismo (<em>Il Daoismo. Storia, dottrina, pratiche<\/em>, 2014).<\/p>\n","protected":false},"excerpt":{"rendered":"<p>Nel 1293, due anni dopo la partenza di Marco Polo dal Catai, il missionario francescano Giovanni da Montecorvino incontrava a Qanbaliq (Pechino) Giorgio, sovrano cristiano nestoriano degli \u00d6ngg\u00fcd alleati dei [&hellip;]<\/p>\n","protected":false},"featured_media":23614,"template":"","meta":{"_editorskit_title_hidden":false,"_editorskit_reading_time":0,"_editorskit_is_block_options_detached":false,"_editorskit_block_options_position":"{}","_monsterinsights_skip_tracking":false,"_monsterinsights_sitenote_active":false,"_monsterinsights_sitenote_note":"","_monsterinsights_sitenote_category":0},"product_brand":[],"product_cat":[6615],"product_tag":[10173,10172,7050],"class_list":{"0":"post-23613","1":"product","2":"type-product","3":"status-publish","4":"has-post-thumbnail","6":"product_cat-laviadellaseta","7":"product_tag-enigma","8":"product_tag-narrazione","9":"product_tag-storia","10":"pa_guerini_amazon_link-https-www-amazon-it-enigma-medievale-sulla-della-seta-dp-8862508697","11":"pa_guerini_feltrinelli_link-https-www-lafeltrinelli-it-enigma-medievale-al-tempo-di-libro-maurizio-paolillo-e-9788862508698","12":"pa_guerini_ibs_link-https-www-ibs-it-enigma-medievale-al-tempo-di-libro-maurizio-paolillo-e-9788862508698","13":"pa_guerini_libruniver_link-https-www-libreriauniversitaria-it-enigma-medievale-tempo-marco-polo-libro-9788862508698","14":"pa_guerini_mondadori_link-https-www-mondadoristore-it-enigma-medievale-tempo-marco-maurizio-paolillo-eai978886250869","16":"first","17":"instock","18":"sale","19":"downloadable","20":"shipping-taxable","21":"purchasable","22":"product-type-simple"},"yoast_head":"<!-- This site is optimized with the Yoast SEO plugin v25.4 - https:\/\/yoast.com\/wordpress\/plugins\/seo\/ -->\n<title>M. Paolillo, Un enigma medievale | Guerini Editore<\/title>\n<meta name=\"description\" content=\"Il volume tratta dei retroscena di un eccezionale episodio storico da cui emerge l\u2019intreccio geopolitico che ha messo in contatto Occidente e Oriente.\" \/>\n<meta name=\"robots\" content=\"index, follow, max-snippet:-1, max-image-preview:large, max-video-preview:-1\" \/>\n<link rel=\"canonical\" href=\"https:\/\/www.guerini.it\/index.php\/prodotto\/un-enigma-medievale-al-tempo-di-marco-polo\/\" \/>\n<meta property=\"og:locale\" content=\"it_IT\" \/>\n<meta property=\"og:type\" content=\"article\" \/>\n<meta property=\"og:title\" content=\"M. Paolillo, Un enigma medievale | Guerini Editore\" \/>\n<meta property=\"og:description\" content=\"Il volume tratta dei retroscena di un eccezionale episodio storico da cui emerge l\u2019intreccio geopolitico che ha messo in contatto Occidente e Oriente.\" \/>\n<meta property=\"og:url\" content=\"https:\/\/www.guerini.it\/index.php\/prodotto\/un-enigma-medievale-al-tempo-di-marco-polo\/\" \/>\n<meta property=\"og:site_name\" content=\"Guerini e Associati\" \/>\n<meta property=\"article:modified_time\" content=\"2024-06-09T18:25:50+00:00\" \/>\n<meta property=\"og:image\" content=\"https:\/\/www.guerini.it\/wp-content\/uploads\/2023\/01\/Un-enigma-medievale-al-tempo-di-Marco_Polo.webp\" \/>\n\t<meta property=\"og:image:width\" content=\"643\" \/>\n\t<meta property=\"og:image:height\" content=\"1000\" \/>\n\t<meta property=\"og:image:type\" content=\"image\/webp\" \/>\n<meta name=\"twitter:card\" content=\"summary_large_image\" \/>\n<meta name=\"twitter:label1\" content=\"Tempo di lettura stimato\" \/>\n\t<meta name=\"twitter:data1\" content=\"2 minuti\" \/>\n<!-- \/ Yoast SEO plugin. -->","yoast_head_json":{"title":"M. Paolillo, Un enigma medievale | Guerini Editore","description":"Il volume tratta dei retroscena di un eccezionale episodio storico da cui emerge l\u2019intreccio geopolitico che ha messo in contatto Occidente e Oriente.","robots":{"index":"index","follow":"follow","max-snippet":"max-snippet:-1","max-image-preview":"max-image-preview:large","max-video-preview":"max-video-preview:-1"},"canonical":"https:\/\/www.guerini.it\/index.php\/prodotto\/un-enigma-medievale-al-tempo-di-marco-polo\/","og_locale":"it_IT","og_type":"article","og_title":"M. Paolillo, Un enigma medievale | Guerini Editore","og_description":"Il volume tratta dei retroscena di un eccezionale episodio storico da cui emerge l\u2019intreccio geopolitico che ha messo in contatto Occidente e Oriente.","og_url":"https:\/\/www.guerini.it\/index.php\/prodotto\/un-enigma-medievale-al-tempo-di-marco-polo\/","og_site_name":"Guerini e Associati","article_modified_time":"2024-06-09T18:25:50+00:00","og_image":[{"width":643,"height":1000,"url":"https:\/\/www.guerini.it\/wp-content\/uploads\/2023\/01\/Un-enigma-medievale-al-tempo-di-Marco_Polo.webp","type":"image\/webp"}],"twitter_card":"summary_large_image","twitter_misc":{"Tempo di lettura stimato":"2 minuti"},"schema":{"@context":"https:\/\/schema.org","@graph":[{"@type":"WebPage","@id":"https:\/\/www.guerini.it\/index.php\/prodotto\/un-enigma-medievale-al-tempo-di-marco-polo\/","url":"https:\/\/www.guerini.it\/index.php\/prodotto\/un-enigma-medievale-al-tempo-di-marco-polo\/","name":"M. Paolillo, Un enigma medievale | Guerini Editore","isPartOf":{"@id":"https:\/\/www.guerini.it\/#website"},"primaryImageOfPage":{"@id":"https:\/\/www.guerini.it\/index.php\/prodotto\/un-enigma-medievale-al-tempo-di-marco-polo\/#primaryimage"},"image":{"@id":"https:\/\/www.guerini.it\/index.php\/prodotto\/un-enigma-medievale-al-tempo-di-marco-polo\/#primaryimage"},"thumbnailUrl":"https:\/\/www.guerini.it\/wp-content\/uploads\/2023\/01\/Un-enigma-medievale-al-tempo-di-Marco_Polo.webp","datePublished":"2023-01-12T09:57:45+00:00","dateModified":"2024-06-09T18:25:50+00:00","description":"Il volume tratta dei retroscena di un eccezionale episodio storico da cui emerge l\u2019intreccio geopolitico che ha messo in contatto Occidente e Oriente.","breadcrumb":{"@id":"https:\/\/www.guerini.it\/index.php\/prodotto\/un-enigma-medievale-al-tempo-di-marco-polo\/#breadcrumb"},"inLanguage":"it-IT","potentialAction":[{"@type":"ReadAction","target":["https:\/\/www.guerini.it\/index.php\/prodotto\/un-enigma-medievale-al-tempo-di-marco-polo\/"]}]},{"@type":"ImageObject","inLanguage":"it-IT","@id":"https:\/\/www.guerini.it\/index.php\/prodotto\/un-enigma-medievale-al-tempo-di-marco-polo\/#primaryimage","url":"https:\/\/www.guerini.it\/wp-content\/uploads\/2023\/01\/Un-enigma-medievale-al-tempo-di-Marco_Polo.webp","contentUrl":"https:\/\/www.guerini.it\/wp-content\/uploads\/2023\/01\/Un-enigma-medievale-al-tempo-di-Marco_Polo.webp","width":643,"height":1000,"caption":"Copertina del volume Un enigma medievale al tempo di Marco Polo, Guerini e Associati, 2023"},{"@type":"BreadcrumbList","@id":"https:\/\/www.guerini.it\/index.php\/prodotto\/un-enigma-medievale-al-tempo-di-marco-polo\/#breadcrumb","itemListElement":[{"@type":"ListItem","position":1,"name":"Home","item":"https:\/\/www.guerini.it\/"},{"@type":"ListItem","position":2,"name":"Catalogo","item":"https:\/\/www.guerini.it\/index.php\/negozio\/"},{"@type":"ListItem","position":3,"name":"Un enigma medievale al tempo di Marco Polo"}]},{"@type":"WebSite","@id":"https:\/\/www.guerini.it\/#website","url":"https:\/\/www.guerini.it\/","name":"Guerini e Associati","description":"30 anni di libri, idee e libert\u00e0","publisher":{"@id":"https:\/\/www.guerini.it\/#organization"},"potentialAction":[{"@type":"SearchAction","target":{"@type":"EntryPoint","urlTemplate":"https:\/\/www.guerini.it\/?s={search_term_string}"},"query-input":{"@type":"PropertyValueSpecification","valueRequired":true,"valueName":"search_term_string"}}],"inLanguage":"it-IT"},{"@type":"Organization","@id":"https:\/\/www.guerini.it\/#organization","name":"Guerini e Associati","url":"https:\/\/www.guerini.it\/","logo":{"@type":"ImageObject","inLanguage":"it-IT","@id":"https:\/\/www.guerini.it\/#\/schema\/logo\/image\/","url":"https:\/\/www.guerini.it\/wp-content\/uploads\/2021\/03\/Logo-Guerini-OK_-e1615831292285.png","contentUrl":"https:\/\/www.guerini.it\/wp-content\/uploads\/2021\/03\/Logo-Guerini-OK_-e1615831292285.png","width":2805,"height":1870,"caption":"Guerini e Associati"},"image":{"@id":"https:\/\/www.guerini.it\/#\/schema\/logo\/image\/"}}]}},"_links":{"self":[{"href":"https:\/\/www.guerini.it\/index.php\/wp-json\/wp\/v2\/product\/23613","targetHints":{"allow":["GET"]}}],"collection":[{"href":"https:\/\/www.guerini.it\/index.php\/wp-json\/wp\/v2\/product"}],"about":[{"href":"https:\/\/www.guerini.it\/index.php\/wp-json\/wp\/v2\/types\/product"}],"wp:featuredmedia":[{"embeddable":true,"href":"https:\/\/www.guerini.it\/index.php\/wp-json\/wp\/v2\/media\/23614"}],"wp:attachment":[{"href":"https:\/\/www.guerini.it\/index.php\/wp-json\/wp\/v2\/media?parent=23613"}],"wp:term":[{"taxonomy":"product_brand","embeddable":true,"href":"https:\/\/www.guerini.it\/index.php\/wp-json\/wp\/v2\/product_brand?post=23613"},{"taxonomy":"product_cat","embeddable":true,"href":"https:\/\/www.guerini.it\/index.php\/wp-json\/wp\/v2\/product_cat?post=23613"},{"taxonomy":"product_tag","embeddable":true,"href":"https:\/\/www.guerini.it\/index.php\/wp-json\/wp\/v2\/product_tag?post=23613"}],"curies":[{"name":"wp","href":"https:\/\/api.w.org\/{rel}","templated":true}]}}

<p style="text-align: justify;">Nel 1293, due anni dopo la partenza di Marco Polo dal Catai, il missionario francescano Giovanni da Montecorvino incontrava a Qanbaliq (Pechino) Giorgio, sovrano cristiano nestoriano degli Önggüd alleati dei Mongoli.<br />
L’indagine investigativa del volume, basata sulle fonti occidentali e cinesi, si concentra sui retroscena di questo eccezionale episodio storico da cui emerge l’intreccio geopolitico, culturale e religioso che a partire dall’epoca delle Crociate ha messo in contatto Occidente e Oriente.<br />
Ne è scaturito un quadro della realtà del tempo più complesso dell’abituale narrazione storica, in cui strategia e fede si confondono e si celano dietro l’apparente casualità di un incontro; così come, forse, la perduta Chiesa del misterioso re Giorgio, eroico e colto cavaliere cristiano discendente del Prete Gianni, si cela sotto le remote sabbie della Mongolia Interna.</p>
<hr />
<p style="text-align: justify;"><strong>Maurizio Paolillo</strong> è professore di Filologia cinese presso l’<a href="https://docenti.unior.it/index2.php?content_id=26564&amp;content_id_start=1&amp;ID_Utente=3526">Università di Napoli L’Orientale</a>. Si interessa ai contatti culturali e religiosi tra Occidente e Oriente e alle tradizioni religioso-filosofiche della Cina, con una particolare attenzione alle fonti antiche. Ha inoltre pubblicato studi sul <em>fengshui</em> e sulla letteratura del giardino cinese.<br />
Ha al suo attivo circa novanta pubblicazioni in lingua italiana, inglese, francese e cinese, tra cui alcune monografie, la prima per le nostre edizioni (<a href="https://www.guerini.it/index.php/prodotto/il-giardino-cinese-una-tradizione-millenaria/"><em>Il giardino cinese. Una tradizione millenaria</em></a>, 1996), e l’ultima sul Daoismo (<em>Il Daoismo. Storia, dottrina, pratiche</em>, 2014).</p>

<p>Nel 1293, due anni dopo la partenza di Marco Polo dal Catai, il missionario francescano Giovanni da Montecorvino incontrava a Qanbaliq (Pechino) Giorgio, sovrano cristiano nestoriano degli Önggüd alleati dei [&hellip;]</p>

30 anni di libri, idee e libertà
