{"id":23645,"date":"2023-01-20T10:03:29","date_gmt":"2023-01-20T09:03:29","guid":{"rendered":"https:\/\/www.guerini.it\/?post_type=product&#038;p=23645"},"modified":"2024-06-09T20:25:50","modified_gmt":"2024-06-09T18:25:50","slug":"dizionario-mediologico-della-guerra-in-ucraina","status":"publish","type":"product","link":"https:\/\/www.guerini.it\/index.php\/prodotto\/dizionario-mediologico-della-guerra-in-ucraina\/","title":{"rendered":"Dizionario mediologico della guerra in Ucraina"},"content":{"rendered":"<p style=\"text-align: justify;\">Un testo che prova a interpretare la guerra in Ucraina attraverso le lenti della mediologia non \u00e8 da considerare un volume irriverente o irriguardoso verso le tragiche conseguenze del conflitto. Bens\u00ec \u00e8 un tentativo di andare oltre la dicotomia \u2013 ormai vetusta \u2013 tra un mondo costruito sui fatti e un mondo edificato sulle interpretazioni, per dare spazio a un universo di eventi che si sovrappongono all\u2019immaginario globale. Attribuendo cos\u00ec una nuova consistenza alla realt\u00e0 e in grado di carpire sfumature originali del nostro rapporto con il contemporaneo. In questo senso vanno considerate le ventinove voci che costituiscono questo dizionario: un tentativo di comprendere la realt\u00e0 che emerge dalla somma delle sue narrazioni. Perch\u00e9 in un mondo in cui i media non servono solo per raccontare, sono i media a fornire un accesso privilegiato alla comprensione della condizione sociale che stiamo vivendo. Anche nel parlare di guerra.<\/p>\n<p>Il volume fa parte della collana <a href=\"https:\/\/www.guerini.it\/index.php\/categoria-prodotto\/sociologia-e-comunicazione\/culturologica\/\"><em>Culturologica<\/em><\/a>.<\/p>\n<hr \/>\n<p style=\"text-align: justify;\"><strong>Davide Bennato<\/strong> \u00e8 professore associato di <a href=\"https:\/\/www.disum.unict.it\/docenti\/davide.bennato\">Sociologia dei media digitali<\/a> presso il Dipartimento di Scienze Umanistiche (DISUM) dell\u2019Universit\u00e0 di Catania. \u00c8 presidente del corso di Laurea in Scienze e Lingue per la Comunicazione, membro del Centro Informatica Umanistica (CINUM) e membro del Dottorato in Sistemi Complessi del Dipartimento di Fisica e Astronomia dell\u2019Universit\u00e0 di Catania. Si occupa di comportamenti collettivi nei social media, etica dei big data, sociologia digitale. Su questi temi cura il blog Tecnoetica.it e scrive per il magazine Agenda Digitale.<\/p>\n<p style=\"text-align: justify;\"><strong>Manolo Farci<\/strong> \u00e8 professore associato presso il Dipartimento DISCUI dell\u2019Universit\u00e0 di Urbino Carlo Bo dove insegna <a href=\"https:\/\/www.uniurb.it\/persone\/manolo-farci\">Sociologia della comunicazione e dei media digitali<\/a>. I suoi principali interessi di ricerca sono nel campo dei media e Internet studies, con un focus sulla maschilit\u00e0. \u00c8 journal manager di \u00abMediascapes Journal\u00bb. Tra le sue pi\u00f9 recenti pubblicazioni: <em><a href=\"https:\/\/www.guerini.it\/index.php\/prodotto\/fenomenologia-dei-social-network\/\">Fenomenologia dei social network. Presenza, relazioni e consumi mediali degli italiani online<\/a><\/em> (Guerini e Associati, 2017) con Giovanni Boccia Artieri, Laura Gemini, Francesca Pasquali, Simone Carlo, Marco Pedroni e ha curato<em> Genere, sessualit\u00e0 e media digitali<\/em> (2022) con Cosimo Marco Scarcelli.<\/p>\n<p style=\"text-align: justify;\"><strong>Giovanni Fiorentino<\/strong> \u00e8 professore ordinario di <a href=\"https:\/\/unitus-public.gomp.it\/\/Docenti\/Render.aspx?UID=2fa8f3b4-70b3-4b78-84ad-2b3f8269999a\">Teorie e tecniche dei media<\/a> all\u2019Universit\u00e0 degli Studi della Tuscia, dove \u00e8 Direttore del Dipartimento di Scienze Umanistiche, della Comunicazione e del Turismo. Presidente della Societ\u00e0 Italiana per lo Studio della Fotografia (SISF), studia i media in una prospettiva di storia sociale e teoria culturale, dedicando particolare attenzione al medium fotografico nella transizione dall\u2019analogico al digitale. Ha curato mostre fotografiche e diretto Corsi di Alta Formazione per il Centro di Eccellenza del Distretto Tecnologico per i Beni e le Attivit\u00e0 Culturali Regione Lazio. Nel 2022 ha pubblicato <em>La mascherina \u00e8 il messaggio. Le relazioni sociali al tempo del Covid-19<\/em> con Bianca Terracciano.<\/p>\n","protected":false},"excerpt":{"rendered":"<p>Un testo che prova a interpretare la guerra in Ucraina attraverso le lenti della mediologia non \u00e8 da considerare un volume irriverente o irriguardoso verso le tragiche conseguenze del conflitto. [&hellip;]<\/p>\n","protected":false},"featured_media":23646,"template":"","meta":{"_editorskit_title_hidden":false,"_editorskit_reading_time":0,"_editorskit_is_block_options_detached":false,"_editorskit_block_options_position":"{}","_monsterinsights_skip_tracking":false,"_monsterinsights_sitenote_active":false,"_monsterinsights_sitenote_note":"","_monsterinsights_sitenote_category":0},"product_brand":[],"product_cat":[7603,6538],"product_tag":[8475,6814,10589,10591,10588,8223,10590,6816,8224,10592],"class_list":{"0":"post-23645","1":"product","2":"type-product","3":"status-publish","4":"has-post-thumbnail","6":"product_cat-culturologica","7":"product_cat-sociologia-e-comunicazione","8":"product_tag-attualita","9":"product_tag-comunicazione","10":"product_tag-conflitto","11":"product_tag-contemporaneita","12":"product_tag-dizionario","13":"product_tag-guerra","14":"product_tag-mediologia","15":"product_tag-societa","16":"product_tag-ucraina","17":"product_tag-universitaria","18":"pa_guerini_amazon_link-https-www-amazon-it-dizionario-mediologico-della-guerra-ucraina-dp-8881074745","19":"pa_guerini_feltrinelli_link-https-www-lafeltrinelli-it-dizionario-mediologico-della-guerra-in-libro-d-bennato-m-farci-e-9788881074747","20":"pa_guerini_ibs_link-https-www-ibs-it-dizionario-mediologico-della-guerra-in-libro-d-bennato-m-farci-e-9788881074747","21":"pa_guerini_libruniver_link-https-www-libreriauniversitaria-it-dizionario-mediologico-guerra-ucraina-bennato-libro-9788881074747","22":"pa_guerini_mondadori_link-https-www-mondadoristore-it-dizionario-mediologico-guerra-d-bennato-m-farci-eai978888107474","24":"first","25":"instock","26":"sale","27":"shipping-taxable","28":"purchasable","29":"product-type-simple"},"yoast_head":"<!-- This site is optimized with the Yoast SEO plugin v25.4 - https:\/\/yoast.com\/wordpress\/plugins\/seo\/ -->\n<title>Dizionario mediologico della guerra in Ucraina | Guerini Editore<\/title>\n<meta name=\"description\" content=\"Il volume a cura di D. Bennato, M. Farci, G. Fiorentino prova a interpretare la guerra in Ucraina attraverso le lenti della mediologia.\" \/>\n<meta name=\"robots\" content=\"index, follow, max-snippet:-1, max-image-preview:large, max-video-preview:-1\" \/>\n<link rel=\"canonical\" href=\"https:\/\/www.guerini.it\/index.php\/prodotto\/dizionario-mediologico-della-guerra-in-ucraina\/\" \/>\n<meta property=\"og:locale\" content=\"it_IT\" \/>\n<meta property=\"og:type\" content=\"article\" \/>\n<meta property=\"og:title\" content=\"Dizionario mediologico della guerra in Ucraina | Guerini Editore\" \/>\n<meta property=\"og:description\" content=\"Il volume a cura di D. Bennato, M. Farci, G. Fiorentino prova a interpretare la guerra in Ucraina attraverso le lenti della mediologia.\" \/>\n<meta property=\"og:url\" content=\"https:\/\/www.guerini.it\/index.php\/prodotto\/dizionario-mediologico-della-guerra-in-ucraina\/\" \/>\n<meta property=\"og:site_name\" content=\"Guerini e Associati\" \/>\n<meta property=\"article:modified_time\" content=\"2024-06-09T18:25:50+00:00\" \/>\n<meta property=\"og:image\" content=\"https:\/\/www.guerini.it\/wp-content\/uploads\/2023\/01\/Dizionario-mediologico-della-guerra-in-Ucraina.webp\" \/>\n\t<meta property=\"og:image:width\" content=\"667\" \/>\n\t<meta property=\"og:image:height\" content=\"1000\" \/>\n\t<meta property=\"og:image:type\" content=\"image\/webp\" \/>\n<meta name=\"twitter:card\" content=\"summary_large_image\" \/>\n<meta name=\"twitter:label1\" content=\"Tempo di lettura stimato\" \/>\n\t<meta name=\"twitter:data1\" content=\"3 minuti\" \/>\n<!-- \/ Yoast SEO plugin. -->","yoast_head_json":{"title":"Dizionario mediologico della guerra in Ucraina | Guerini Editore","description":"Il volume a cura di D. Bennato, M. Farci, G. Fiorentino prova a interpretare la guerra in Ucraina attraverso le lenti della mediologia.","robots":{"index":"index","follow":"follow","max-snippet":"max-snippet:-1","max-image-preview":"max-image-preview:large","max-video-preview":"max-video-preview:-1"},"canonical":"https:\/\/www.guerini.it\/index.php\/prodotto\/dizionario-mediologico-della-guerra-in-ucraina\/","og_locale":"it_IT","og_type":"article","og_title":"Dizionario mediologico della guerra in Ucraina | Guerini Editore","og_description":"Il volume a cura di D. Bennato, M. Farci, G. Fiorentino prova a interpretare la guerra in Ucraina attraverso le lenti della mediologia.","og_url":"https:\/\/www.guerini.it\/index.php\/prodotto\/dizionario-mediologico-della-guerra-in-ucraina\/","og_site_name":"Guerini e Associati","article_modified_time":"2024-06-09T18:25:50+00:00","og_image":[{"width":667,"height":1000,"url":"https:\/\/www.guerini.it\/wp-content\/uploads\/2023\/01\/Dizionario-mediologico-della-guerra-in-Ucraina.webp","type":"image\/webp"}],"twitter_card":"summary_large_image","twitter_misc":{"Tempo di lettura stimato":"3 minuti"},"schema":{"@context":"https:\/\/schema.org","@graph":[{"@type":"WebPage","@id":"https:\/\/www.guerini.it\/index.php\/prodotto\/dizionario-mediologico-della-guerra-in-ucraina\/","url":"https:\/\/www.guerini.it\/index.php\/prodotto\/dizionario-mediologico-della-guerra-in-ucraina\/","name":"Dizionario mediologico della guerra in Ucraina | Guerini Editore","isPartOf":{"@id":"https:\/\/www.guerini.it\/#website"},"primaryImageOfPage":{"@id":"https:\/\/www.guerini.it\/index.php\/prodotto\/dizionario-mediologico-della-guerra-in-ucraina\/#primaryimage"},"image":{"@id":"https:\/\/www.guerini.it\/index.php\/prodotto\/dizionario-mediologico-della-guerra-in-ucraina\/#primaryimage"},"thumbnailUrl":"https:\/\/www.guerini.it\/wp-content\/uploads\/2023\/01\/Dizionario-mediologico-della-guerra-in-Ucraina.webp","datePublished":"2023-01-20T09:03:29+00:00","dateModified":"2024-06-09T18:25:50+00:00","description":"Il volume a cura di D. Bennato, M. Farci, G. Fiorentino prova a interpretare la guerra in Ucraina attraverso le lenti della mediologia.","breadcrumb":{"@id":"https:\/\/www.guerini.it\/index.php\/prodotto\/dizionario-mediologico-della-guerra-in-ucraina\/#breadcrumb"},"inLanguage":"it-IT","potentialAction":[{"@type":"ReadAction","target":["https:\/\/www.guerini.it\/index.php\/prodotto\/dizionario-mediologico-della-guerra-in-ucraina\/"]}]},{"@type":"ImageObject","inLanguage":"it-IT","@id":"https:\/\/www.guerini.it\/index.php\/prodotto\/dizionario-mediologico-della-guerra-in-ucraina\/#primaryimage","url":"https:\/\/www.guerini.it\/wp-content\/uploads\/2023\/01\/Dizionario-mediologico-della-guerra-in-Ucraina.webp","contentUrl":"https:\/\/www.guerini.it\/wp-content\/uploads\/2023\/01\/Dizionario-mediologico-della-guerra-in-Ucraina.webp","width":667,"height":1000,"caption":"Copertina del volume Dizionario mediologico della guerra in Ucraina, Guerini e Associati, 2023"},{"@type":"BreadcrumbList","@id":"https:\/\/www.guerini.it\/index.php\/prodotto\/dizionario-mediologico-della-guerra-in-ucraina\/#breadcrumb","itemListElement":[{"@type":"ListItem","position":1,"name":"Home","item":"https:\/\/www.guerini.it\/"},{"@type":"ListItem","position":2,"name":"Catalogo","item":"https:\/\/www.guerini.it\/index.php\/negozio\/"},{"@type":"ListItem","position":3,"name":"Dizionario mediologico della guerra in Ucraina"}]},{"@type":"WebSite","@id":"https:\/\/www.guerini.it\/#website","url":"https:\/\/www.guerini.it\/","name":"Guerini e Associati","description":"30 anni di libri, idee e libert\u00e0","publisher":{"@id":"https:\/\/www.guerini.it\/#organization"},"potentialAction":[{"@type":"SearchAction","target":{"@type":"EntryPoint","urlTemplate":"https:\/\/www.guerini.it\/?s={search_term_string}"},"query-input":{"@type":"PropertyValueSpecification","valueRequired":true,"valueName":"search_term_string"}}],"inLanguage":"it-IT"},{"@type":"Organization","@id":"https:\/\/www.guerini.it\/#organization","name":"Guerini e Associati","url":"https:\/\/www.guerini.it\/","logo":{"@type":"ImageObject","inLanguage":"it-IT","@id":"https:\/\/www.guerini.it\/#\/schema\/logo\/image\/","url":"https:\/\/www.guerini.it\/wp-content\/uploads\/2021\/03\/Logo-Guerini-OK_-e1615831292285.png","contentUrl":"https:\/\/www.guerini.it\/wp-content\/uploads\/2021\/03\/Logo-Guerini-OK_-e1615831292285.png","width":2805,"height":1870,"caption":"Guerini e Associati"},"image":{"@id":"https:\/\/www.guerini.it\/#\/schema\/logo\/image\/"}}]}},"_links":{"self":[{"href":"https:\/\/www.guerini.it\/index.php\/wp-json\/wp\/v2\/product\/23645","targetHints":{"allow":["GET"]}}],"collection":[{"href":"https:\/\/www.guerini.it\/index.php\/wp-json\/wp\/v2\/product"}],"about":[{"href":"https:\/\/www.guerini.it\/index.php\/wp-json\/wp\/v2\/types\/product"}],"wp:featuredmedia":[{"embeddable":true,"href":"https:\/\/www.guerini.it\/index.php\/wp-json\/wp\/v2\/media\/23646"}],"wp:attachment":[{"href":"https:\/\/www.guerini.it\/index.php\/wp-json\/wp\/v2\/media?parent=23645"}],"wp:term":[{"taxonomy":"product_brand","embeddable":true,"href":"https:\/\/www.guerini.it\/index.php\/wp-json\/wp\/v2\/product_brand?post=23645"},{"taxonomy":"product_cat","embeddable":true,"href":"https:\/\/www.guerini.it\/index.php\/wp-json\/wp\/v2\/product_cat?post=23645"},{"taxonomy":"product_tag","embeddable":true,"href":"https:\/\/www.guerini.it\/index.php\/wp-json\/wp\/v2\/product_tag?post=23645"}],"curies":[{"name":"wp","href":"https:\/\/api.w.org\/{rel}","templated":true}]}}

<p style="text-align: justify;">Un testo che prova a interpretare la guerra in Ucraina attraverso le lenti della mediologia non è da considerare un volume irriverente o irriguardoso verso le tragiche conseguenze del conflitto. Bensì è un tentativo di andare oltre la dicotomia – ormai vetusta – tra un mondo costruito sui fatti e un mondo edificato sulle interpretazioni, per dare spazio a un universo di eventi che si sovrappongono all’immaginario globale. Attribuendo così una nuova consistenza alla realtà e in grado di carpire sfumature originali del nostro rapporto con il contemporaneo. In questo senso vanno considerate le ventinove voci che costituiscono questo dizionario: un tentativo di comprendere la realtà che emerge dalla somma delle sue narrazioni. Perché in un mondo in cui i media non servono solo per raccontare, sono i media a fornire un accesso privilegiato alla comprensione della condizione sociale che stiamo vivendo. Anche nel parlare di guerra.</p>
<p>Il volume fa parte della collana <a href="https://www.guerini.it/index.php/categoria-prodotto/sociologia-e-comunicazione/culturologica/"><em>Culturologica</em></a>.</p>
<hr />
<p style="text-align: justify;"><strong>Davide Bennato</strong> è professore associato di <a href="https://www.disum.unict.it/docenti/davide.bennato">Sociologia dei media digitali</a> presso il Dipartimento di Scienze Umanistiche (DISUM) dell’Università di Catania. È presidente del corso di Laurea in Scienze e Lingue per la Comunicazione, membro del Centro Informatica Umanistica (CINUM) e membro del Dottorato in Sistemi Complessi del Dipartimento di Fisica e Astronomia dell’Università di Catania. Si occupa di comportamenti collettivi nei social media, etica dei big data, sociologia digitale. Su questi temi cura il blog Tecnoetica.it e scrive per il magazine Agenda Digitale.</p>
<p style="text-align: justify;"><strong>Manolo Farci</strong> è professore associato presso il Dipartimento DISCUI dell’Università di Urbino Carlo Bo dove insegna <a href="https://www.uniurb.it/persone/manolo-farci">Sociologia della comunicazione e dei media digitali</a>. I suoi principali interessi di ricerca sono nel campo dei media e Internet studies, con un focus sulla maschilità. È journal manager di «Mediascapes Journal». Tra le sue più recenti pubblicazioni: <em><a href="https://www.guerini.it/index.php/prodotto/fenomenologia-dei-social-network/">Fenomenologia dei social network. Presenza, relazioni e consumi mediali degli italiani online</a></em> (Guerini e Associati, 2017) con Giovanni Boccia Artieri, Laura Gemini, Francesca Pasquali, Simone Carlo, Marco Pedroni e ha curato<em> Genere, sessualità e media digitali</em> (2022) con Cosimo Marco Scarcelli.</p>
<p style="text-align: justify;"><strong>Giovanni Fiorentino</strong> è professore ordinario di <a href="https://unitus-public.gomp.it//Docenti/Render.aspx?UID=2fa8f3b4-70b3-4b78-84ad-2b3f8269999a">Teorie e tecniche dei media</a> all’Università degli Studi della Tuscia, dove è Direttore del Dipartimento di Scienze Umanistiche, della Comunicazione e del Turismo. Presidente della Società Italiana per lo Studio della Fotografia (SISF), studia i media in una prospettiva di storia sociale e teoria culturale, dedicando particolare attenzione al medium fotografico nella transizione dall’analogico al digitale. Ha curato mostre fotografiche e diretto Corsi di Alta Formazione per il Centro di Eccellenza del Distretto Tecnologico per i Beni e le Attività Culturali Regione Lazio. Nel 2022 ha pubblicato <em>La mascherina è il messaggio. Le relazioni sociali al tempo del Covid-19</em> con Bianca Terracciano.</p>

<p>Un testo che prova a interpretare la guerra in Ucraina attraverso le lenti della mediologia non è da considerare un volume irriverente o irriguardoso verso le tragiche conseguenze del conflitto. [&hellip;]</p>

30 anni di libri, idee e libertà
