{"id":23653,"date":"2023-01-27T11:00:29","date_gmt":"2023-01-27T10:00:29","guid":{"rendered":"https:\/\/www.guerini.it\/?post_type=product&#038;p=23653"},"modified":"2024-06-09T20:25:51","modified_gmt":"2024-06-09T18:25:51","slug":"all-u-love-is-need","status":"publish","type":"product","link":"https:\/\/www.guerini.it\/index.php\/prodotto\/all-u-love-is-need\/","title":{"rendered":"All U Love Is Need"},"content":{"rendered":"<p style=\"text-align: justify;\">Vendono. Vendono ovunque. Vendono sempre.<br \/>\nSui social, sulle affissioni, sui giornali, sui banner, in radio, nei podcast, nel metaverso. I brand sono ovunque, purch\u00e9 tu sia sveglio per guardarli, ascoltarli, cliccarli. Ma oggi c\u2019\u00e8 una nuova frontiera che presto ci coinvolger\u00e0 tutti, utenti e professionisti dell\u2019advertising, e che nessuno finora aveva mai osato superare: il sonno.<br \/>\nNon pi\u00f9 un tempo, ma uno spazio dove coinvolgere \u2013 se non travolgere \u2013 gli utenti, facendo dell\u2019unico momento di pausa dal consumo, una pausa pubblicitaria. Un piano andato ben oltre la teoria e in fase avanzata, con tecnologie e prime campagne di comunicazione gi\u00e0 realizzate.<br \/>\n<em>All U Love Is Need<\/em> si inserisce in questa realt\u00e0: un romanzo ambientato in un\u2019agenzia pubblicitaria che deve lanciare un nuovo prodotto capace di liberare la vita diurna dei lavoratori, semplicemente facendoli lavorare mentre dormono. Tra satira, commedia e dramma, un romanzo nato per essere distopico, ma che si \u00e8 rivelato molto pi\u00f9 attuale di quanto si possa pensare. E che vi toglier\u00e0 il sonno.<\/p>\n<p style=\"text-align: center;\"><strong>Un libro da leggere, prima che da romanzo <\/strong><br \/>\n<strong>distopico si trasformi in realt\u00e0.<\/strong><\/p>\n<hr \/>\n<p style=\"text-align: justify;\"><strong>Arnaldo Funaro<\/strong>, una vita passata nella creativit\u00e0, prima come copywriter, poi come direttore creativo e infine come founder dell\u2019agenzia di comunicazione <a href=\"https:\/\/it-it.facebook.com\/missiontoheart\/\">Mission to Heart<\/a>. Autore di diversi libri e soprattutto libri diversi tra loro: <a href=\"https:\/\/www.guerini.it\/index.php\/prodotto\/diversamente-occupati\/\"><em>Diversamente Occupati<\/em><\/a> (per le nostre edizioni, 2009), raccolta nata dall\u2019attivit\u00e0 come vignettista per l\u2019Unit\u00e0, Il Fatto Quotidiano e Il Sole 24 ORE; <a href=\"https:\/\/www.guerini.it\/index.php\/prodotto\/un-bimbo-mi-aspetta\/\"><em>Un bimbo mi aspetta<\/em><\/a> (2017), storia di un\u2019adozione internazionale nata dall\u2019omonima pagina Facebook, attualmente la pi\u00f9 grande community dedicata al tema; <em>#ScappaConMeaRomaNord<\/em>, romanzo teen scritto con lo pseudonimo di Giulio Agricola.<br \/>\nDi lui si dicono molte cose. Quelle brutte sono tutte vere.<\/p>\n","protected":false},"excerpt":{"rendered":"<p>Vendono. Vendono ovunque. Vendono sempre. Sui social, sulle affissioni, sui giornali, sui banner, in radio, nei podcast, nel metaverso. I brand sono ovunque, purch\u00e9 tu sia sveglio per guardarli, ascoltarli, [&hellip;]<\/p>\n","protected":false},"featured_media":23656,"template":"","meta":{"_editorskit_title_hidden":false,"_editorskit_reading_time":0,"_editorskit_is_block_options_detached":false,"_editorskit_block_options_position":"{}","_monsterinsights_skip_tracking":false,"_monsterinsights_sitenote_active":false,"_monsterinsights_sitenote_note":"","_monsterinsights_sitenote_category":0},"product_brand":[],"product_cat":[6805,6529],"product_tag":[10593,6814,10594,7951,10596,10595,7504,6750],"class_list":{"0":"post-23653","1":"product","2":"type-product","3":"status-publish","4":"has-post-thumbnail","6":"product_cat-guerini-next","7":"product_cat-economia-e-management","8":"product_tag-advertising","9":"product_tag-comunicazione","10":"product_tag-copywriting","11":"product_tag-metaverso","12":"product_tag-neuromarketing","13":"product_tag-realta-virtuale","14":"product_tag-social-media","15":"product_tag-tecnologia","16":"pa_guerini_amazon_link-https-www-amazon-it-all-u-love-need-romanzo-dp-8868964740","17":"pa_guerini_feltrinelli_link-https-www-lafeltrinelli-it-all-u-love-is-need-libro-arnaldo-funaro-e-9788868964740","18":"pa_guerini_ibs_link-https-www-ibs-it-all-u-love-is-need-libro-arnaldo-funaro-e-9788868964740","19":"pa_guerini_libruniver_link-https-www-libreriauniversitaria-it-love-is-need-funaro-arnaldo-libro-9788868964740","20":"pa_guerini_link_amazon-https-www-amazon-it-dp-b0c1m8811g","21":"pa_guerini_link_apple_ibook-https-books-apple-com-it-book-all-u-love-is-need-id6447356049","22":"pa_guerini_link_google_play-https-play-google-com-store-books-details-arnaldo_funaro_all_u_love_is_needidb6o3eaaaqbaj","23":"pa_guerini_link_kobo-https-www-kobo-com-it-it-ebook-all-u-love-is-need","24":"pa_guerini_mondadori_link-https-www-mondadoristore-it-all-u-love-is-need-arnaldo-funaro-eai978886896474","26":"first","27":"instock","28":"sale","29":"shipping-taxable","30":"purchasable","31":"product-type-simple"},"yoast_head":"<!-- This site is optimized with the Yoast SEO plugin v25.4 - https:\/\/yoast.com\/wordpress\/plugins\/seo\/ -->\n<title>A. Funaro, All U Love Is Need | Guerini Editore<\/title>\n<meta name=\"description\" content=\"Tra satira, commedia e dramma, All U Love Is Need di A. Funaro \u00e8 un romanzo nato per essere distopico, ma pi\u00f9 attuale di quanto si possa pensare.\" \/>\n<meta name=\"robots\" content=\"index, follow, max-snippet:-1, max-image-preview:large, max-video-preview:-1\" \/>\n<link rel=\"canonical\" href=\"https:\/\/www.guerini.it\/index.php\/prodotto\/all-u-love-is-need\/\" \/>\n<meta property=\"og:locale\" content=\"it_IT\" \/>\n<meta property=\"og:type\" content=\"article\" \/>\n<meta property=\"og:title\" content=\"A. Funaro, All U Love Is Need | Guerini Editore\" \/>\n<meta property=\"og:description\" content=\"Tra satira, commedia e dramma, All U Love Is Need di A. Funaro \u00e8 un romanzo nato per essere distopico, ma pi\u00f9 attuale di quanto si possa pensare.\" \/>\n<meta property=\"og:url\" content=\"https:\/\/www.guerini.it\/index.php\/prodotto\/all-u-love-is-need\/\" \/>\n<meta property=\"og:site_name\" content=\"Guerini e Associati\" \/>\n<meta property=\"article:modified_time\" content=\"2024-06-09T18:25:51+00:00\" \/>\n<meta property=\"og:image\" content=\"https:\/\/www.guerini.it\/wp-content\/uploads\/2023\/01\/All-U-Love-Is-Need-1.webp\" \/>\n\t<meta property=\"og:image:width\" content=\"615\" \/>\n\t<meta property=\"og:image:height\" content=\"1000\" \/>\n\t<meta property=\"og:image:type\" content=\"image\/webp\" \/>\n<meta name=\"twitter:card\" content=\"summary_large_image\" \/>\n<meta name=\"twitter:label1\" content=\"Tempo di lettura stimato\" \/>\n\t<meta name=\"twitter:data1\" content=\"2 minuti\" \/>\n<!-- \/ Yoast SEO plugin. -->","yoast_head_json":{"title":"A. Funaro, All U Love Is Need | Guerini Editore","description":"Tra satira, commedia e dramma, All U Love Is Need di A. Funaro \u00e8 un romanzo nato per essere distopico, ma pi\u00f9 attuale di quanto si possa pensare.","robots":{"index":"index","follow":"follow","max-snippet":"max-snippet:-1","max-image-preview":"max-image-preview:large","max-video-preview":"max-video-preview:-1"},"canonical":"https:\/\/www.guerini.it\/index.php\/prodotto\/all-u-love-is-need\/","og_locale":"it_IT","og_type":"article","og_title":"A. Funaro, All U Love Is Need | Guerini Editore","og_description":"Tra satira, commedia e dramma, All U Love Is Need di A. Funaro \u00e8 un romanzo nato per essere distopico, ma pi\u00f9 attuale di quanto si possa pensare.","og_url":"https:\/\/www.guerini.it\/index.php\/prodotto\/all-u-love-is-need\/","og_site_name":"Guerini e Associati","article_modified_time":"2024-06-09T18:25:51+00:00","og_image":[{"width":615,"height":1000,"url":"https:\/\/www.guerini.it\/wp-content\/uploads\/2023\/01\/All-U-Love-Is-Need-1.webp","type":"image\/webp"}],"twitter_card":"summary_large_image","twitter_misc":{"Tempo di lettura stimato":"2 minuti"},"schema":{"@context":"https:\/\/schema.org","@graph":[{"@type":"WebPage","@id":"https:\/\/www.guerini.it\/index.php\/prodotto\/all-u-love-is-need\/","url":"https:\/\/www.guerini.it\/index.php\/prodotto\/all-u-love-is-need\/","name":"A. Funaro, All U Love Is Need | Guerini Editore","isPartOf":{"@id":"https:\/\/www.guerini.it\/#website"},"primaryImageOfPage":{"@id":"https:\/\/www.guerini.it\/index.php\/prodotto\/all-u-love-is-need\/#primaryimage"},"image":{"@id":"https:\/\/www.guerini.it\/index.php\/prodotto\/all-u-love-is-need\/#primaryimage"},"thumbnailUrl":"https:\/\/www.guerini.it\/wp-content\/uploads\/2023\/01\/All-U-Love-Is-Need-1.webp","datePublished":"2023-01-27T10:00:29+00:00","dateModified":"2024-06-09T18:25:51+00:00","description":"Tra satira, commedia e dramma, All U Love Is Need di A. Funaro \u00e8 un romanzo nato per essere distopico, ma pi\u00f9 attuale di quanto si possa pensare.","breadcrumb":{"@id":"https:\/\/www.guerini.it\/index.php\/prodotto\/all-u-love-is-need\/#breadcrumb"},"inLanguage":"it-IT","potentialAction":[{"@type":"ReadAction","target":["https:\/\/www.guerini.it\/index.php\/prodotto\/all-u-love-is-need\/"]}]},{"@type":"ImageObject","inLanguage":"it-IT","@id":"https:\/\/www.guerini.it\/index.php\/prodotto\/all-u-love-is-need\/#primaryimage","url":"https:\/\/www.guerini.it\/wp-content\/uploads\/2023\/01\/All-U-Love-Is-Need-1.webp","contentUrl":"https:\/\/www.guerini.it\/wp-content\/uploads\/2023\/01\/All-U-Love-Is-Need-1.webp","width":615,"height":1000,"caption":"Copertina del volume All U Love Is Need, Guerini Next, 2023"},{"@type":"BreadcrumbList","@id":"https:\/\/www.guerini.it\/index.php\/prodotto\/all-u-love-is-need\/#breadcrumb","itemListElement":[{"@type":"ListItem","position":1,"name":"Home","item":"https:\/\/www.guerini.it\/"},{"@type":"ListItem","position":2,"name":"Catalogo","item":"https:\/\/www.guerini.it\/index.php\/negozio\/"},{"@type":"ListItem","position":3,"name":"All U Love Is Need"}]},{"@type":"WebSite","@id":"https:\/\/www.guerini.it\/#website","url":"https:\/\/www.guerini.it\/","name":"Guerini e Associati","description":"30 anni di libri, idee e libert\u00e0","publisher":{"@id":"https:\/\/www.guerini.it\/#organization"},"potentialAction":[{"@type":"SearchAction","target":{"@type":"EntryPoint","urlTemplate":"https:\/\/www.guerini.it\/?s={search_term_string}"},"query-input":{"@type":"PropertyValueSpecification","valueRequired":true,"valueName":"search_term_string"}}],"inLanguage":"it-IT"},{"@type":"Organization","@id":"https:\/\/www.guerini.it\/#organization","name":"Guerini e Associati","url":"https:\/\/www.guerini.it\/","logo":{"@type":"ImageObject","inLanguage":"it-IT","@id":"https:\/\/www.guerini.it\/#\/schema\/logo\/image\/","url":"https:\/\/www.guerini.it\/wp-content\/uploads\/2021\/03\/Logo-Guerini-OK_-e1615831292285.png","contentUrl":"https:\/\/www.guerini.it\/wp-content\/uploads\/2021\/03\/Logo-Guerini-OK_-e1615831292285.png","width":2805,"height":1870,"caption":"Guerini e Associati"},"image":{"@id":"https:\/\/www.guerini.it\/#\/schema\/logo\/image\/"}}]}},"_links":{"self":[{"href":"https:\/\/www.guerini.it\/index.php\/wp-json\/wp\/v2\/product\/23653","targetHints":{"allow":["GET"]}}],"collection":[{"href":"https:\/\/www.guerini.it\/index.php\/wp-json\/wp\/v2\/product"}],"about":[{"href":"https:\/\/www.guerini.it\/index.php\/wp-json\/wp\/v2\/types\/product"}],"wp:featuredmedia":[{"embeddable":true,"href":"https:\/\/www.guerini.it\/index.php\/wp-json\/wp\/v2\/media\/23656"}],"wp:attachment":[{"href":"https:\/\/www.guerini.it\/index.php\/wp-json\/wp\/v2\/media?parent=23653"}],"wp:term":[{"taxonomy":"product_brand","embeddable":true,"href":"https:\/\/www.guerini.it\/index.php\/wp-json\/wp\/v2\/product_brand?post=23653"},{"taxonomy":"product_cat","embeddable":true,"href":"https:\/\/www.guerini.it\/index.php\/wp-json\/wp\/v2\/product_cat?post=23653"},{"taxonomy":"product_tag","embeddable":true,"href":"https:\/\/www.guerini.it\/index.php\/wp-json\/wp\/v2\/product_tag?post=23653"}],"curies":[{"name":"wp","href":"https:\/\/api.w.org\/{rel}","templated":true}]}}