{"id":23706,"date":"2023-02-10T14:20:40","date_gmt":"2023-02-10T13:20:40","guid":{"rendered":"https:\/\/www.guerini.it\/?post_type=product&#038;p=23706"},"modified":"2024-06-09T20:25:51","modified_gmt":"2024-06-09T18:25:51","slug":"il-consumatore-narratore-di-se","status":"publish","type":"product","link":"https:\/\/www.guerini.it\/index.php\/prodotto\/il-consumatore-narratore-di-se\/","title":{"rendered":"Il consumatore narratore di s\u00e9"},"content":{"rendered":"<p style=\"text-align: justify;\">L\u2019immaginario collettivo e il suo accumulo di spettacoli permea la societ\u00e0 connettendo persone, generi, et\u00e0, pulsioni, desideri, luoghi, storie, tempi, sogni e valori. Esso \u00e8 il mondo dei significati che condiziona l\u2019andamento magmatico e cangiante della costruzione delle identit\u00e0 delle persone e delle scelte di acquisto. Il volume <em>Il consumatore narratore di s\u00e9<\/em> offre una cassetta degli attrezzi per decodificare l\u2019immaginario contemporaneo, analizzando luoghi comuni, desideri, ricerca di affinit\u00e0, simboli del successo, driver di scelte, pulsioni materialiste, archetipi e significazioni immaginarie sociali. Ricco di dati demoscopici, evidenzia i principali istinti di consumo, nonch\u00e9 gli ecosistemi narrativi di felicit\u00e0, comunit\u00e0, nostalgia, lavoro, famiglia, amore, ambiente e futuro. Un percorso che analizza le molteplici dimensioni dell\u2019immaginario del consumatore di oggi, sempre pi\u00f9 un <em>consumer-teller<\/em>, uno storyteller di s\u00e9.<\/p>\n<p><strong><em>La realt\u00e0 sociale produce delle apparenze. Le apparenze hanno una realt\u00e0 e la realt\u00e0 per essere compresa abbisogna di apparenze.<\/em><\/strong><\/p>\n<hr \/>\n<p style=\"text-align: justify;\"><strong>ENZO RISSO<\/strong> \u00e8 docente di Audience Studies all\u2019Universit\u00e0 La Sapienza di Roma e direttore scientifico di <a href=\"https:\/\/www.ipsos.com\/it-it\">Ipsos<\/a>. Giornalista professionista, editorialista di Domani, ha pubblicato molteplici testi di analisi sociale, politica e valoriale. \u00c8 autore di: <em>La fenomenologia del Covid<\/em> (Quaderno 9 del Cnel, 2020), <em>Oltre il Rancore. Viaggio nel ceto medio italiano dal dopoguerra alla pandemia<\/em> (2021), <em>Elezioni e partiti nell\u2019Italia repubblicana<\/em> (con Piero Ignazi e Spencer Wellhofer, 2022). Per le nostre edizioni ha pubblicato: <a href=\"https:\/\/www.guerini.it\/index.php\/prodotto\/con-rabbia-e-speranza\/\"><em>Con Rabbia e Speranza. Il nuovo volto dell\u2019Italia in cerca di riscatto<\/em><\/a> (2016), <em><a href=\"https:\/\/www.guerini.it\/index.php\/prodotto\/in-modo-diverso\/\">In modo diverso. 1997-2017: come \u00e8 cambiata l\u2019opinione pubblica italiana<\/a><\/em> (2018), <em><a href=\"https:\/\/www.guerini.it\/index.php\/prodotto\/la-conquista-del-popolo\/\">La conquista del popolo. Dalla fine delle grandi ideologie alle nuove identit\u00e0 politiche<\/a><\/em> (2019).<\/p>\n","protected":false},"excerpt":{"rendered":"<p>L\u2019immaginario collettivo e il suo accumulo di spettacoli permea la societ\u00e0 connettendo persone, generi, et\u00e0, pulsioni, desideri, luoghi, storie, tempi, sogni e valori. Esso \u00e8 il mondo dei significati che [&hellip;]<\/p>\n","protected":false},"featured_media":23707,"template":"","meta":{"_editorskit_title_hidden":false,"_editorskit_reading_time":0,"_editorskit_is_block_options_detached":false,"_editorskit_block_options_position":"{}","_monsterinsights_skip_tracking":false,"_monsterinsights_sitenote_active":false,"_monsterinsights_sitenote_note":"","_monsterinsights_sitenote_category":0},"product_brand":[],"product_cat":[6585],"product_tag":[10421,10419,10420,10418,10422],"class_list":{"0":"post-23706","1":"product","2":"type-product","3":"status-publish","4":"has-post-thumbnail","6":"product_cat-sma","7":"product_tag-consumismo","8":"product_tag-felicita","9":"product_tag-lifestyle","10":"product_tag-successo","11":"product_tag-tendenze","12":"pa_guerini_amazon_link-https-www-amazon-it-consumatore-narratore-limmaginario-collettivo-consumo-dp-8862508727","13":"pa_guerini_feltrinelli_link-https-www-lafeltrinelli-it-consumatore-narratore-di-se-immaginario-libro-enzo-risso-e-9788862508728","14":"pa_guerini_ibs_link-https-www-ibs-it-consumatore-narratore-di-se-immaginario-libro-enzo-risso-e-9788862508728","15":"pa_guerini_libruniver_link-https-www-libreriauniversitaria-it-consumatore-narratore-se-immaginario-collettivo-libro-9788862508728","16":"pa_guerini_mondadori_link-https-www-mondadoristore-it-consumatore-narratore-se-enzo-risso-eai978886250872","18":"first","19":"instock","20":"sale","21":"shipping-taxable","22":"purchasable","23":"product-type-simple"},"yoast_head":"<!-- This site is optimized with the Yoast SEO plugin v25.4 - https:\/\/yoast.com\/wordpress\/plugins\/seo\/ -->\n<title>E. Risso, Il consumatore narratore di s\u00e9 | Guerini Editore<\/title>\n<meta name=\"description\" content=\"Ricco di dati demoscopici, il volume evidenzia i principali istinti di consumo e gli ecosistemi narrativi di lavoro, famiglia, amore, ambiente e futuro.\" \/>\n<meta name=\"robots\" content=\"index, follow, max-snippet:-1, max-image-preview:large, max-video-preview:-1\" \/>\n<link rel=\"canonical\" href=\"https:\/\/www.guerini.it\/index.php\/prodotto\/il-consumatore-narratore-di-se\/\" \/>\n<meta property=\"og:locale\" content=\"it_IT\" \/>\n<meta property=\"og:type\" content=\"article\" \/>\n<meta property=\"og:title\" content=\"E. Risso, Il consumatore narratore di s\u00e9 | Guerini Editore\" \/>\n<meta property=\"og:description\" content=\"Ricco di dati demoscopici, il volume evidenzia i principali istinti di consumo e gli ecosistemi narrativi di lavoro, famiglia, amore, ambiente e futuro.\" \/>\n<meta property=\"og:url\" content=\"https:\/\/www.guerini.it\/index.php\/prodotto\/il-consumatore-narratore-di-se\/\" \/>\n<meta property=\"og:site_name\" content=\"Guerini e Associati\" \/>\n<meta property=\"article:modified_time\" content=\"2024-06-09T18:25:51+00:00\" \/>\n<meta property=\"og:image\" content=\"https:\/\/www.guerini.it\/wp-content\/uploads\/2023\/02\/Il-consumatore-narratore-di-se-.webp\" \/>\n\t<meta property=\"og:image:width\" content=\"667\" \/>\n\t<meta property=\"og:image:height\" content=\"1000\" \/>\n\t<meta property=\"og:image:type\" content=\"image\/webp\" \/>\n<meta name=\"twitter:card\" content=\"summary_large_image\" \/>\n<meta name=\"twitter:label1\" content=\"Tempo di lettura stimato\" \/>\n\t<meta name=\"twitter:data1\" content=\"2 minuti\" \/>\n<!-- \/ Yoast SEO plugin. -->","yoast_head_json":{"title":"E. Risso, Il consumatore narratore di s\u00e9 | Guerini Editore","description":"Ricco di dati demoscopici, il volume evidenzia i principali istinti di consumo e gli ecosistemi narrativi di lavoro, famiglia, amore, ambiente e futuro.","robots":{"index":"index","follow":"follow","max-snippet":"max-snippet:-1","max-image-preview":"max-image-preview:large","max-video-preview":"max-video-preview:-1"},"canonical":"https:\/\/www.guerini.it\/index.php\/prodotto\/il-consumatore-narratore-di-se\/","og_locale":"it_IT","og_type":"article","og_title":"E. Risso, Il consumatore narratore di s\u00e9 | Guerini Editore","og_description":"Ricco di dati demoscopici, il volume evidenzia i principali istinti di consumo e gli ecosistemi narrativi di lavoro, famiglia, amore, ambiente e futuro.","og_url":"https:\/\/www.guerini.it\/index.php\/prodotto\/il-consumatore-narratore-di-se\/","og_site_name":"Guerini e Associati","article_modified_time":"2024-06-09T18:25:51+00:00","og_image":[{"width":667,"height":1000,"url":"https:\/\/www.guerini.it\/wp-content\/uploads\/2023\/02\/Il-consumatore-narratore-di-se-.webp","type":"image\/webp"}],"twitter_card":"summary_large_image","twitter_misc":{"Tempo di lettura stimato":"2 minuti"},"schema":{"@context":"https:\/\/schema.org","@graph":[{"@type":"WebPage","@id":"https:\/\/www.guerini.it\/index.php\/prodotto\/il-consumatore-narratore-di-se\/","url":"https:\/\/www.guerini.it\/index.php\/prodotto\/il-consumatore-narratore-di-se\/","name":"E. Risso, Il consumatore narratore di s\u00e9 | Guerini Editore","isPartOf":{"@id":"https:\/\/www.guerini.it\/#website"},"primaryImageOfPage":{"@id":"https:\/\/www.guerini.it\/index.php\/prodotto\/il-consumatore-narratore-di-se\/#primaryimage"},"image":{"@id":"https:\/\/www.guerini.it\/index.php\/prodotto\/il-consumatore-narratore-di-se\/#primaryimage"},"thumbnailUrl":"https:\/\/www.guerini.it\/wp-content\/uploads\/2023\/02\/Il-consumatore-narratore-di-se-.webp","datePublished":"2023-02-10T13:20:40+00:00","dateModified":"2024-06-09T18:25:51+00:00","description":"Ricco di dati demoscopici, il volume evidenzia i principali istinti di consumo e gli ecosistemi narrativi di lavoro, famiglia, amore, ambiente e futuro.","breadcrumb":{"@id":"https:\/\/www.guerini.it\/index.php\/prodotto\/il-consumatore-narratore-di-se\/#breadcrumb"},"inLanguage":"it-IT","potentialAction":[{"@type":"ReadAction","target":["https:\/\/www.guerini.it\/index.php\/prodotto\/il-consumatore-narratore-di-se\/"]}]},{"@type":"ImageObject","inLanguage":"it-IT","@id":"https:\/\/www.guerini.it\/index.php\/prodotto\/il-consumatore-narratore-di-se\/#primaryimage","url":"https:\/\/www.guerini.it\/wp-content\/uploads\/2023\/02\/Il-consumatore-narratore-di-se-.webp","contentUrl":"https:\/\/www.guerini.it\/wp-content\/uploads\/2023\/02\/Il-consumatore-narratore-di-se-.webp","width":667,"height":1000,"caption":"Copertina del volume Il consumatore narratore di s\u00e9, Guerini e Associati, 2023"},{"@type":"BreadcrumbList","@id":"https:\/\/www.guerini.it\/index.php\/prodotto\/il-consumatore-narratore-di-se\/#breadcrumb","itemListElement":[{"@type":"ListItem","position":1,"name":"Home","item":"https:\/\/www.guerini.it\/"},{"@type":"ListItem","position":2,"name":"Catalogo","item":"https:\/\/www.guerini.it\/index.php\/negozio\/"},{"@type":"ListItem","position":3,"name":"Il consumatore narratore di s\u00e9"}]},{"@type":"WebSite","@id":"https:\/\/www.guerini.it\/#website","url":"https:\/\/www.guerini.it\/","name":"Guerini e Associati","description":"30 anni di libri, idee e libert\u00e0","publisher":{"@id":"https:\/\/www.guerini.it\/#organization"},"potentialAction":[{"@type":"SearchAction","target":{"@type":"EntryPoint","urlTemplate":"https:\/\/www.guerini.it\/?s={search_term_string}"},"query-input":{"@type":"PropertyValueSpecification","valueRequired":true,"valueName":"search_term_string"}}],"inLanguage":"it-IT"},{"@type":"Organization","@id":"https:\/\/www.guerini.it\/#organization","name":"Guerini e Associati","url":"https:\/\/www.guerini.it\/","logo":{"@type":"ImageObject","inLanguage":"it-IT","@id":"https:\/\/www.guerini.it\/#\/schema\/logo\/image\/","url":"https:\/\/www.guerini.it\/wp-content\/uploads\/2021\/03\/Logo-Guerini-OK_-e1615831292285.png","contentUrl":"https:\/\/www.guerini.it\/wp-content\/uploads\/2021\/03\/Logo-Guerini-OK_-e1615831292285.png","width":2805,"height":1870,"caption":"Guerini e Associati"},"image":{"@id":"https:\/\/www.guerini.it\/#\/schema\/logo\/image\/"}}]}},"_links":{"self":[{"href":"https:\/\/www.guerini.it\/index.php\/wp-json\/wp\/v2\/product\/23706","targetHints":{"allow":["GET"]}}],"collection":[{"href":"https:\/\/www.guerini.it\/index.php\/wp-json\/wp\/v2\/product"}],"about":[{"href":"https:\/\/www.guerini.it\/index.php\/wp-json\/wp\/v2\/types\/product"}],"wp:featuredmedia":[{"embeddable":true,"href":"https:\/\/www.guerini.it\/index.php\/wp-json\/wp\/v2\/media\/23707"}],"wp:attachment":[{"href":"https:\/\/www.guerini.it\/index.php\/wp-json\/wp\/v2\/media?parent=23706"}],"wp:term":[{"taxonomy":"product_brand","embeddable":true,"href":"https:\/\/www.guerini.it\/index.php\/wp-json\/wp\/v2\/product_brand?post=23706"},{"taxonomy":"product_cat","embeddable":true,"href":"https:\/\/www.guerini.it\/index.php\/wp-json\/wp\/v2\/product_cat?post=23706"},{"taxonomy":"product_tag","embeddable":true,"href":"https:\/\/www.guerini.it\/index.php\/wp-json\/wp\/v2\/product_tag?post=23706"}],"curies":[{"name":"wp","href":"https:\/\/api.w.org\/{rel}","templated":true}]}}

Il consumatore narratore di sé

<p style="text-align: justify;">L’immaginario collettivo e il suo accumulo di spettacoli permea la società connettendo persone, generi, età, pulsioni, desideri, luoghi, storie, tempi, sogni e valori. Esso è il mondo dei significati che condiziona l’andamento magmatico e cangiante della costruzione delle identità delle persone e delle scelte di acquisto. Il volume <em>Il consumatore narratore di sé</em> offre una cassetta degli attrezzi per decodificare l’immaginario contemporaneo, analizzando luoghi comuni, desideri, ricerca di affinità, simboli del successo, driver di scelte, pulsioni materialiste, archetipi e significazioni immaginarie sociali. Ricco di dati demoscopici, evidenzia i principali istinti di consumo, nonché gli ecosistemi narrativi di felicità, comunità, nostalgia, lavoro, famiglia, amore, ambiente e futuro. Un percorso che analizza le molteplici dimensioni dell’immaginario del consumatore di oggi, sempre più un <em>consumer-teller</em>, uno storyteller di sé.</p>
<p><strong><em>La realtà sociale produce delle apparenze. Le apparenze hanno una realtà e la realtà per essere compresa abbisogna di apparenze.</em></strong></p>
<hr />
<p style="text-align: justify;"><strong>ENZO RISSO</strong> è docente di Audience Studies all’Università La Sapienza di Roma e direttore scientifico di <a href="https://www.ipsos.com/it-it">Ipsos</a>. Giornalista professionista, editorialista di Domani, ha pubblicato molteplici testi di analisi sociale, politica e valoriale. È autore di: <em>La fenomenologia del Covid</em> (Quaderno 9 del Cnel, 2020), <em>Oltre il Rancore. Viaggio nel ceto medio italiano dal dopoguerra alla pandemia</em> (2021), <em>Elezioni e partiti nell’Italia repubblicana</em> (con Piero Ignazi e Spencer Wellhofer, 2022). Per le nostre edizioni ha pubblicato: <a href="https://www.guerini.it/index.php/prodotto/con-rabbia-e-speranza/"><em>Con Rabbia e Speranza. Il nuovo volto dell’Italia in cerca di riscatto</em></a> (2016), <em><a href="https://www.guerini.it/index.php/prodotto/in-modo-diverso/">In modo diverso. 1997-2017: come è cambiata l’opinione pubblica italiana</a></em> (2018), <em><a href="https://www.guerini.it/index.php/prodotto/la-conquista-del-popolo/">La conquista del popolo. Dalla fine delle grandi ideologie alle nuove identità politiche</a></em> (2019).</p>

<p>L’immaginario collettivo e il suo accumulo di spettacoli permea la società connettendo persone, generi, età, pulsioni, desideri, luoghi, storie, tempi, sogni e valori. Esso è il mondo dei significati che [&hellip;]</p>

<!-- This site is optimized with the Yoast SEO plugin v25.4 - https://yoast.com/wordpress/plugins/seo/ -->
<title>E. Risso, Il consumatore narratore di sé | Guerini Editore</title>
<meta name="description" content="Ricco di dati demoscopici, il volume evidenzia i principali istinti di consumo e gli ecosistemi narrativi di lavoro, famiglia, amore, ambiente e futuro." />
<meta name="robots" content="index, follow, max-snippet:-1, max-image-preview:large, max-video-preview:-1" />
<link rel="canonical" href="https://www.guerini.it/index.php/prodotto/il-consumatore-narratore-di-se/" />
<meta property="og:locale" content="it_IT" />
<meta property="og:type" content="article" />
<meta property="og:title" content="E. Risso, Il consumatore narratore di sé | Guerini Editore" />
<meta property="og:description" content="Ricco di dati demoscopici, il volume evidenzia i principali istinti di consumo e gli ecosistemi narrativi di lavoro, famiglia, amore, ambiente e futuro." />
<meta property="og:url" content="https://www.guerini.it/index.php/prodotto/il-consumatore-narratore-di-se/" />
<meta property="og:site_name" content="Guerini e Associati" />
<meta property="article:modified_time" content="2024-06-09T18:25:51+00:00" />
<meta property="og:image" content="https://www.guerini.it/wp-content/uploads/2023/02/Il-consumatore-narratore-di-se-.webp" />
	<meta property="og:image:width" content="667" />
	<meta property="og:image:height" content="1000" />
	<meta property="og:image:type" content="image/webp" />
<meta name="twitter:card" content="summary_large_image" />
<meta name="twitter:label1" content="Tempo di lettura stimato" />
	<meta name="twitter:data1" content="2 minuti" />
<!-- / Yoast SEO plugin. -->

E. Risso, Il consumatore narratore di sé | Guerini Editore

Copertina del volume Il consumatore narratore di sé, Guerini e Associati, 2023

30 anni di libri, idee e libertà
