{"id":23788,"date":"2023-03-07T09:19:27","date_gmt":"2023-03-07T08:19:27","guid":{"rendered":"https:\/\/www.guerini.it\/?post_type=product&#038;p=23788"},"modified":"2024-06-09T20:25:52","modified_gmt":"2024-06-09T18:25:52","slug":"educare-al-mare","status":"publish","type":"product","link":"https:\/\/www.guerini.it\/index.php\/prodotto\/educare-al-mare\/","title":{"rendered":"Educare al mare"},"content":{"rendered":"<p style=\"text-align: justify;\">Il nostro pianeta si chiama Terra ma, nonostante il perdurante atteggiamento terracentrico degli umani, la vita su di esso dipende in gran parte dal mare. Proprio per questo l\u2019Assemblea Generale delle Nazioni Unite ha promulgato per la decade 2021-2030 il <em>Decennio delle scienze oceaniche per lo sviluppo sostenibile<\/em> il cui scopo \u00e8 quello di stimolare la ricerca scientifica sulla parte liquida del pianeta e di divulgarne la conoscenza. Promuovere la conoscenza del mare significa permettere a un vasto pubblico di farlo proprio in modo cognitivo e affettivo, stimolare il senso di cittadinanza oceanica che ci fa sentire responsabili nei confronti di quella che \u00e8 la parte pi\u00f9 estesa e al tempo stesso la meno conosciuta della superficie terrestre. Si tratta non solo di conoscere ma di educare. Il presente volume propone al lettore una serie di contributi che illustrano esempi di politiche educative, tra cui quelle possibili attraverso lo sport, l\u2019analisi dell\u2019efficacia di alcuni metodi didattici, la possibilit\u00e0 di utilizzare strumenti nati con finalit\u00e0 ludiche per scopi formativi e divulgativi e il resoconto di esperienze educative significative. Ci\u00f2 che li unisce, infine, non \u00e8 solo l\u2019essere riferiti al mare ma anche lo spirito autoriflessivo e critico che li anima.<\/p>\n<hr \/>\n<p style=\"text-align: justify;\"><strong>Enrico Squarcina<\/strong> insegna <a href=\"https:\/\/www.unimib.it\/enrico-squarcina\">Geografia e didattica della geografia<\/a> e Geografia culturale presso l\u2019Universit\u00e0 degli Studi di Milano-Bicocca. I suoi campi di ricerca riguardano soprattutto la didattica della geografia, la geografia culturale, la geografia umana del mare e l\u2019educazione geografico-ambientale degli spazi marini. Per le nostre edizioni ha pubblicato i volumi: <a href=\"https:\/\/www.guerini.it\/index.php\/prodotto\/un-mondo-di-carta-e-di-carte\/\"><em>Un mondo di carta e di carte<\/em><\/a> (2007), <a href=\"https:\/\/www.guerini.it\/index.php\/prodotto\/l-ultimo-spazio-di-liberta\/\"><em>L\u2019ultimo spazio di libert\u00e0<\/em><\/a> (2015) e <a href=\"https:\/\/www.guerini.it\/index.php\/prodotto\/diventare-grandi-come-il-mare\/\"><em>Diventare grandi come il mare<\/em><\/a> (insieme a Valeria Pecorelli, 2018).<\/p>\n","protected":false},"excerpt":{"rendered":"<p>Il nostro pianeta si chiama Terra ma, nonostante il perdurante atteggiamento terracentrico degli umani, la vita su di esso dipende in gran parte dal mare. Proprio per questo l\u2019Assemblea Generale [&hellip;]<\/p>\n","protected":false},"featured_media":23790,"template":"","meta":{"_editorskit_title_hidden":false,"_editorskit_reading_time":0,"_editorskit_is_block_options_detached":false,"_editorskit_block_options_position":"{}","_monsterinsights_skip_tracking":false,"_monsterinsights_sitenote_active":false,"_monsterinsights_sitenote_note":"","_monsterinsights_sitenote_category":0},"product_brand":[],"product_cat":[6586,6539],"product_tag":[10524,6819,6822,10523,7532],"class_list":{"0":"post-23788","1":"product","2":"type-product","3":"status-publish","4":"has-post-thumbnail","6":"product_cat-sp","7":"product_cat-storia-e-geografia","8":"product_tag-cittadinanza","9":"product_tag-didattica","10":"product_tag-educazione","11":"product_tag-scienze-oceaniche","12":"product_tag-universita","13":"pa_guerini_amazon_link-https-www-amazon-it-riflessioni-esperienze-unappropriazione-cognitiva-affettiva-dp-8881074788","14":"pa_guerini_feltrinelli_link-https-www-lafeltrinelli-it-educare-al-mare-riflessioni-esperienze-libro-vari-e-9788881074785","15":"pa_guerini_ibs_link-https-www-ibs-it-educare-al-mare-riflessioni-esperienze-libro-vari-e-9788881074785","16":"pa_guerini_libruniver_link-https-www-libreriauniversitaria-it-educare-mare-riflessioni-esperienze-progetti-libro-9788881074785","17":"pa_guerini_mondadori_link-https-www-mondadoristore-it-educare-mare-riflessioni-na-eai978888107478","19":"first","20":"instock","21":"sale","22":"shipping-taxable","23":"purchasable","24":"product-type-simple"},"yoast_head":"<!-- This site is optimized with the Yoast SEO plugin v25.4 - https:\/\/yoast.com\/wordpress\/plugins\/seo\/ -->\n<title>E. Squarcina (a cura di), Educare al mare | Guerini Editore<\/title>\n<meta name=\"description\" content=\"Educare al mare propone al lettore contributi uniti non solo dal loro legame con il mare ma anche dallo spirito autoriflessivo e critico che li anima.\" \/>\n<meta name=\"robots\" content=\"index, follow, max-snippet:-1, max-image-preview:large, max-video-preview:-1\" \/>\n<link rel=\"canonical\" href=\"https:\/\/www.guerini.it\/index.php\/prodotto\/educare-al-mare\/\" \/>\n<meta property=\"og:locale\" content=\"it_IT\" \/>\n<meta property=\"og:type\" content=\"article\" \/>\n<meta property=\"og:title\" content=\"E. Squarcina (a cura di), Educare al mare | Guerini Editore\" \/>\n<meta property=\"og:description\" content=\"Educare al mare propone al lettore contributi uniti non solo dal loro legame con il mare ma anche dallo spirito autoriflessivo e critico che li anima.\" \/>\n<meta property=\"og:url\" content=\"https:\/\/www.guerini.it\/index.php\/prodotto\/educare-al-mare\/\" \/>\n<meta property=\"og:site_name\" content=\"Guerini e Associati\" \/>\n<meta property=\"article:modified_time\" content=\"2024-06-09T18:25:52+00:00\" \/>\n<meta property=\"og:image\" content=\"https:\/\/www.guerini.it\/wp-content\/uploads\/2023\/03\/Educare-al-mare-1.webp\" \/>\n\t<meta property=\"og:image:width\" content=\"643\" \/>\n\t<meta property=\"og:image:height\" content=\"1000\" \/>\n\t<meta property=\"og:image:type\" content=\"image\/webp\" \/>\n<meta name=\"twitter:card\" content=\"summary_large_image\" \/>\n<meta name=\"twitter:label1\" content=\"Tempo di lettura stimato\" \/>\n\t<meta name=\"twitter:data1\" content=\"2 minuti\" \/>\n<!-- \/ Yoast SEO plugin. -->","yoast_head_json":{"title":"E. Squarcina (a cura di), Educare al mare | Guerini Editore","description":"Educare al mare propone al lettore contributi uniti non solo dal loro legame con il mare ma anche dallo spirito autoriflessivo e critico che li anima.","robots":{"index":"index","follow":"follow","max-snippet":"max-snippet:-1","max-image-preview":"max-image-preview:large","max-video-preview":"max-video-preview:-1"},"canonical":"https:\/\/www.guerini.it\/index.php\/prodotto\/educare-al-mare\/","og_locale":"it_IT","og_type":"article","og_title":"E. Squarcina (a cura di), Educare al mare | Guerini Editore","og_description":"Educare al mare propone al lettore contributi uniti non solo dal loro legame con il mare ma anche dallo spirito autoriflessivo e critico che li anima.","og_url":"https:\/\/www.guerini.it\/index.php\/prodotto\/educare-al-mare\/","og_site_name":"Guerini e Associati","article_modified_time":"2024-06-09T18:25:52+00:00","og_image":[{"width":643,"height":1000,"url":"https:\/\/www.guerini.it\/wp-content\/uploads\/2023\/03\/Educare-al-mare-1.webp","type":"image\/webp"}],"twitter_card":"summary_large_image","twitter_misc":{"Tempo di lettura stimato":"2 minuti"},"schema":{"@context":"https:\/\/schema.org","@graph":[{"@type":"WebPage","@id":"https:\/\/www.guerini.it\/index.php\/prodotto\/educare-al-mare\/","url":"https:\/\/www.guerini.it\/index.php\/prodotto\/educare-al-mare\/","name":"E. Squarcina (a cura di), Educare al mare | Guerini Editore","isPartOf":{"@id":"https:\/\/www.guerini.it\/#website"},"primaryImageOfPage":{"@id":"https:\/\/www.guerini.it\/index.php\/prodotto\/educare-al-mare\/#primaryimage"},"image":{"@id":"https:\/\/www.guerini.it\/index.php\/prodotto\/educare-al-mare\/#primaryimage"},"thumbnailUrl":"https:\/\/www.guerini.it\/wp-content\/uploads\/2023\/03\/Educare-al-mare-1.webp","datePublished":"2023-03-07T08:19:27+00:00","dateModified":"2024-06-09T18:25:52+00:00","description":"Educare al mare propone al lettore contributi uniti non solo dal loro legame con il mare ma anche dallo spirito autoriflessivo e critico che li anima.","breadcrumb":{"@id":"https:\/\/www.guerini.it\/index.php\/prodotto\/educare-al-mare\/#breadcrumb"},"inLanguage":"it-IT","potentialAction":[{"@type":"ReadAction","target":["https:\/\/www.guerini.it\/index.php\/prodotto\/educare-al-mare\/"]}]},{"@type":"ImageObject","inLanguage":"it-IT","@id":"https:\/\/www.guerini.it\/index.php\/prodotto\/educare-al-mare\/#primaryimage","url":"https:\/\/www.guerini.it\/wp-content\/uploads\/2023\/03\/Educare-al-mare-1.webp","contentUrl":"https:\/\/www.guerini.it\/wp-content\/uploads\/2023\/03\/Educare-al-mare-1.webp","width":643,"height":1000,"caption":"Copertina del volume Educare al mare, Guerini Scientifica, 2023"},{"@type":"BreadcrumbList","@id":"https:\/\/www.guerini.it\/index.php\/prodotto\/educare-al-mare\/#breadcrumb","itemListElement":[{"@type":"ListItem","position":1,"name":"Home","item":"https:\/\/www.guerini.it\/"},{"@type":"ListItem","position":2,"name":"Catalogo","item":"https:\/\/www.guerini.it\/index.php\/negozio\/"},{"@type":"ListItem","position":3,"name":"Educare al mare"}]},{"@type":"WebSite","@id":"https:\/\/www.guerini.it\/#website","url":"https:\/\/www.guerini.it\/","name":"Guerini e Associati","description":"30 anni di libri, idee e libert\u00e0","publisher":{"@id":"https:\/\/www.guerini.it\/#organization"},"potentialAction":[{"@type":"SearchAction","target":{"@type":"EntryPoint","urlTemplate":"https:\/\/www.guerini.it\/?s={search_term_string}"},"query-input":{"@type":"PropertyValueSpecification","valueRequired":true,"valueName":"search_term_string"}}],"inLanguage":"it-IT"},{"@type":"Organization","@id":"https:\/\/www.guerini.it\/#organization","name":"Guerini e Associati","url":"https:\/\/www.guerini.it\/","logo":{"@type":"ImageObject","inLanguage":"it-IT","@id":"https:\/\/www.guerini.it\/#\/schema\/logo\/image\/","url":"https:\/\/www.guerini.it\/wp-content\/uploads\/2021\/03\/Logo-Guerini-OK_-e1615831292285.png","contentUrl":"https:\/\/www.guerini.it\/wp-content\/uploads\/2021\/03\/Logo-Guerini-OK_-e1615831292285.png","width":2805,"height":1870,"caption":"Guerini e Associati"},"image":{"@id":"https:\/\/www.guerini.it\/#\/schema\/logo\/image\/"}}]}},"_links":{"self":[{"href":"https:\/\/www.guerini.it\/index.php\/wp-json\/wp\/v2\/product\/23788","targetHints":{"allow":["GET"]}}],"collection":[{"href":"https:\/\/www.guerini.it\/index.php\/wp-json\/wp\/v2\/product"}],"about":[{"href":"https:\/\/www.guerini.it\/index.php\/wp-json\/wp\/v2\/types\/product"}],"wp:featuredmedia":[{"embeddable":true,"href":"https:\/\/www.guerini.it\/index.php\/wp-json\/wp\/v2\/media\/23790"}],"wp:attachment":[{"href":"https:\/\/www.guerini.it\/index.php\/wp-json\/wp\/v2\/media?parent=23788"}],"wp:term":[{"taxonomy":"product_brand","embeddable":true,"href":"https:\/\/www.guerini.it\/index.php\/wp-json\/wp\/v2\/product_brand?post=23788"},{"taxonomy":"product_cat","embeddable":true,"href":"https:\/\/www.guerini.it\/index.php\/wp-json\/wp\/v2\/product_cat?post=23788"},{"taxonomy":"product_tag","embeddable":true,"href":"https:\/\/www.guerini.it\/index.php\/wp-json\/wp\/v2\/product_tag?post=23788"}],"curies":[{"name":"wp","href":"https:\/\/api.w.org\/{rel}","templated":true}]}}

<p style="text-align: justify;">Il nostro pianeta si chiama Terra ma, nonostante il perdurante atteggiamento terracentrico degli umani, la vita su di esso dipende in gran parte dal mare. Proprio per questo l’Assemblea Generale delle Nazioni Unite ha promulgato per la decade 2021-2030 il <em>Decennio delle scienze oceaniche per lo sviluppo sostenibile</em> il cui scopo è quello di stimolare la ricerca scientifica sulla parte liquida del pianeta e di divulgarne la conoscenza. Promuovere la conoscenza del mare significa permettere a un vasto pubblico di farlo proprio in modo cognitivo e affettivo, stimolare il senso di cittadinanza oceanica che ci fa sentire responsabili nei confronti di quella che è la parte più estesa e al tempo stesso la meno conosciuta della superficie terrestre. Si tratta non solo di conoscere ma di educare. Il presente volume propone al lettore una serie di contributi che illustrano esempi di politiche educative, tra cui quelle possibili attraverso lo sport, l’analisi dell’efficacia di alcuni metodi didattici, la possibilità di utilizzare strumenti nati con finalità ludiche per scopi formativi e divulgativi e il resoconto di esperienze educative significative. Ciò che li unisce, infine, non è solo l’essere riferiti al mare ma anche lo spirito autoriflessivo e critico che li anima.</p>
<hr />
<p style="text-align: justify;"><strong>Enrico Squarcina</strong> insegna <a href="https://www.unimib.it/enrico-squarcina">Geografia e didattica della geografia</a> e Geografia culturale presso l’Università degli Studi di Milano-Bicocca. I suoi campi di ricerca riguardano soprattutto la didattica della geografia, la geografia culturale, la geografia umana del mare e l’educazione geografico-ambientale degli spazi marini. Per le nostre edizioni ha pubblicato i volumi: <a href="https://www.guerini.it/index.php/prodotto/un-mondo-di-carta-e-di-carte/"><em>Un mondo di carta e di carte</em></a> (2007), <a href="https://www.guerini.it/index.php/prodotto/l-ultimo-spazio-di-liberta/"><em>L’ultimo spazio di libertà</em></a> (2015) e <a href="https://www.guerini.it/index.php/prodotto/diventare-grandi-come-il-mare/"><em>Diventare grandi come il mare</em></a> (insieme a Valeria Pecorelli, 2018).</p>

30 anni di libri, idee e libertà
