{"id":23809,"date":"2023-03-10T10:41:46","date_gmt":"2023-03-10T09:41:46","guid":{"rendered":"https:\/\/www.guerini.it\/?post_type=product&#038;p=23809"},"modified":"2024-06-09T20:25:52","modified_gmt":"2024-06-09T18:25:52","slug":"le-costruzioni-nel-terzo-millennio","status":"publish","type":"product","link":"https:\/\/www.guerini.it\/index.php\/prodotto\/le-costruzioni-nel-terzo-millennio\/","title":{"rendered":"Le costruzioni nel terzo millennio"},"content":{"rendered":"<p style=\"text-align: justify;\">Il settore dell\u2019edilizia \u00e8 rimasto per molto tempo ancorato a modelli e culture tradizionali. Ma attorno sono cambiati gli scenari macroeconomici, il rapporto tra impresa, prodotto e cliente e, soprattutto, le tecnologie. Una nuova complessit\u00e0 da comprendere e districare. Le sfide che il settore si trova ad affrontare sono epocali: rigenerare le citt\u00e0 a seguito della deindustrializzazione, confrontarsi con la realt\u00e0 del digitale, interpretare il nuovo paradigma della sostenibilit\u00e0. In questa raccolta di saggi, gli autori offrono la loro ricetta per una nuova edilizia, arrivando anche a toccare i grandi temi che l\u2019impresa e la pubblica amministrazione devono affrontare nel nostro Paese: la messa in sicurezza del territorio, il ripensamento delle citt\u00e0 e dei loro servizi a seguito della pandemia e l\u2019utilizzo dei fondi del PNRR.<\/p>\n<hr \/>\n<p style=\"text-align: justify;\"><strong>Gianfranco Dioguardi<\/strong> ingegnere e professore di Economia e organizzazione aziendale presso il Politecnico di Bari, \u00e8 considerato il fondatore dell\u2019ingegneria gestionale in Italia. Svolge attivit\u00e0 imprenditoriale e consulenziale nei settori dell\u2019edilizia, dell\u2019engineering, dell\u2019innovazione tecnologica, della comunicazione e della formazione professionale. \u00c8 inoltre presente in diversi consigli di amministrazione, riviste, organizzazioni culturali, istituzioni pubbliche e private. Ha studiato a lungo gli enciclopedisti francesi, a cui ha dedicato numerose opere. Nel 1989 gli \u00e8 stata conferita la nomina, da parte del Presidente della Repubblica Italiana, di Cavaliere al merito del Lavoro; nel 2004 \u00e8 stato nominato Cavaliere della Legion d\u2019Onore con decreto del Presidente della Repubblica di Francia. Per le nostre edizioni ha pubblicato <a href=\"https:\/\/www.guerini.it\/index.php\/prodotto\/limpresa-enciclopedia\/\"><em>L\u2019impresa enciclopedia<\/em><\/a> (2022).<\/p>\n<p style=\"text-align: justify;\"><strong>Alfredo Martini<\/strong> giornalista e ricercatore, ha un\u2019esperienza pluridecennale nel campo della storia economica e sociale e in particolare nel settore del building e della trasformazione del territorio. Dal 2006 al 2018 \u00e8 CEO della societ\u00e0 Strategie &amp; Comunicazione Srl. Nel 2014 promuove il think tank nazionale Civilt\u00e0 di Cantiere e crea l\u2019omonimo Magazine, di cui \u00e8 stato direttore fino alla chiusura nel dicembre 2020. Attualmente \u00e8 direttore di <a href=\"https:\/\/infrastrutturesostenibili.org\/\">AIS<\/a> \u2013 Associazione italiana per la sostenibilit\u00e0 delle infrastrutture.<\/p>\n","protected":false},"excerpt":{"rendered":"<p>Il settore dell\u2019edilizia \u00e8 rimasto per molto tempo ancorato a modelli e culture tradizionali. Ma attorno sono cambiati gli scenari macroeconomici, il rapporto tra impresa, prodotto e cliente e, soprattutto, [&hellip;]<\/p>\n","protected":false},"featured_media":23810,"template":"","meta":{"_editorskit_title_hidden":false,"_editorskit_reading_time":0,"_editorskit_is_block_options_detached":false,"_editorskit_block_options_position":"{}","_monsterinsights_skip_tracking":false,"_monsterinsights_sitenote_active":false,"_monsterinsights_sitenote_note":"","_monsterinsights_sitenote_category":0},"product_brand":[],"product_cat":[6805,6529],"product_tag":[7021,10560,6748,10561,10563,10562,6754,6969],"class_list":{"0":"post-23809","1":"product","2":"type-product","3":"status-publish","4":"has-post-thumbnail","6":"product_cat-guerini-next","7":"product_cat-economia-e-management","8":"product_tag-competenze","9":"product_tag-complessita","10":"product_tag-digitalizzazione","11":"product_tag-ingegneria","12":"product_tag-pnrr","13":"product_tag-rigenerazione","14":"product_tag-sostenibilita","15":"product_tag-vuca","16":"pa_guerini_amazon_link-https-www-amazon-it-costruzioni-nel-terzo-millennio-dp-8868964821","17":"pa_guerini_feltrinelli_link-https-www-lafeltrinelli-it-costruzioni-nel-terzo-millennio-dialogo-libro-gianfranco-dioguardi-alfredo-martini-e-9788868964825","18":"pa_guerini_ibs_link-https-www-ibs-it-costruzioni-nel-terzo-millennio-dialogo-libro-gianfranco-dioguardi-alfredo-martini-e-9788868964825","19":"pa_guerini_libruniver_link-https-www-libreriauniversitaria-it-costruzioni-terzo-millennio-dialogo-passato-libro-9788868964825","20":"pa_guerini_mondadori_link-https-www-mondadoristore-it-costruzioni-terzo-millennio-alfredo-martini-gianfranco-dioguardi-eai978886896482","22":"first","23":"instock","24":"sale","25":"shipping-taxable","26":"purchasable","27":"product-type-simple"},"yoast_head":"<!-- This site is optimized with the Yoast SEO plugin v25.4 - https:\/\/yoast.com\/wordpress\/plugins\/seo\/ -->\n<title>Le costruzioni nel terzo millennio | Guerini Editore<\/title>\n<meta name=\"description\" content=\"Questo volume offre la ricetta per una nuova edilizia, toccando temi che l\u2019impresa e la pubblica amministrazione devono affrontare nel nostro Paese.\" \/>\n<meta name=\"robots\" content=\"index, follow, max-snippet:-1, max-image-preview:large, max-video-preview:-1\" \/>\n<link rel=\"canonical\" href=\"https:\/\/www.guerini.it\/index.php\/prodotto\/le-costruzioni-nel-terzo-millennio\/\" \/>\n<meta property=\"og:locale\" content=\"it_IT\" \/>\n<meta property=\"og:type\" content=\"article\" \/>\n<meta property=\"og:title\" content=\"Le costruzioni nel terzo millennio | Guerini Editore\" \/>\n<meta property=\"og:description\" content=\"Questo volume offre la ricetta per una nuova edilizia, toccando temi che l\u2019impresa e la pubblica amministrazione devono affrontare nel nostro Paese.\" \/>\n<meta property=\"og:url\" content=\"https:\/\/www.guerini.it\/index.php\/prodotto\/le-costruzioni-nel-terzo-millennio\/\" \/>\n<meta property=\"og:site_name\" content=\"Guerini e Associati\" \/>\n<meta property=\"article:modified_time\" content=\"2024-06-09T18:25:52+00:00\" \/>\n<meta property=\"og:image\" content=\"https:\/\/www.guerini.it\/wp-content\/uploads\/2023\/03\/Le-costruzioni-nel-terzo-millennio.webp\" \/>\n\t<meta property=\"og:image:width\" content=\"667\" \/>\n\t<meta property=\"og:image:height\" content=\"1000\" \/>\n\t<meta property=\"og:image:type\" content=\"image\/webp\" \/>\n<meta name=\"twitter:card\" content=\"summary_large_image\" \/>\n<meta name=\"twitter:label1\" content=\"Tempo di lettura stimato\" \/>\n\t<meta name=\"twitter:data1\" content=\"2 minuti\" \/>\n<!-- \/ Yoast SEO plugin. -->","yoast_head_json":{"title":"Le costruzioni nel terzo millennio | Guerini Editore","description":"Questo volume offre la ricetta per una nuova edilizia, toccando temi che l\u2019impresa e la pubblica amministrazione devono affrontare nel nostro Paese.","robots":{"index":"index","follow":"follow","max-snippet":"max-snippet:-1","max-image-preview":"max-image-preview:large","max-video-preview":"max-video-preview:-1"},"canonical":"https:\/\/www.guerini.it\/index.php\/prodotto\/le-costruzioni-nel-terzo-millennio\/","og_locale":"it_IT","og_type":"article","og_title":"Le costruzioni nel terzo millennio | Guerini Editore","og_description":"Questo volume offre la ricetta per una nuova edilizia, toccando temi che l\u2019impresa e la pubblica amministrazione devono affrontare nel nostro Paese.","og_url":"https:\/\/www.guerini.it\/index.php\/prodotto\/le-costruzioni-nel-terzo-millennio\/","og_site_name":"Guerini e Associati","article_modified_time":"2024-06-09T18:25:52+00:00","og_image":[{"width":667,"height":1000,"url":"https:\/\/www.guerini.it\/wp-content\/uploads\/2023\/03\/Le-costruzioni-nel-terzo-millennio.webp","type":"image\/webp"}],"twitter_card":"summary_large_image","twitter_misc":{"Tempo di lettura stimato":"2 minuti"},"schema":{"@context":"https:\/\/schema.org","@graph":[{"@type":"WebPage","@id":"https:\/\/www.guerini.it\/index.php\/prodotto\/le-costruzioni-nel-terzo-millennio\/","url":"https:\/\/www.guerini.it\/index.php\/prodotto\/le-costruzioni-nel-terzo-millennio\/","name":"Le costruzioni nel terzo millennio | Guerini Editore","isPartOf":{"@id":"https:\/\/www.guerini.it\/#website"},"primaryImageOfPage":{"@id":"https:\/\/www.guerini.it\/index.php\/prodotto\/le-costruzioni-nel-terzo-millennio\/#primaryimage"},"image":{"@id":"https:\/\/www.guerini.it\/index.php\/prodotto\/le-costruzioni-nel-terzo-millennio\/#primaryimage"},"thumbnailUrl":"https:\/\/www.guerini.it\/wp-content\/uploads\/2023\/03\/Le-costruzioni-nel-terzo-millennio.webp","datePublished":"2023-03-10T09:41:46+00:00","dateModified":"2024-06-09T18:25:52+00:00","description":"Questo volume offre la ricetta per una nuova edilizia, toccando temi che l\u2019impresa e la pubblica amministrazione devono affrontare nel nostro Paese.","breadcrumb":{"@id":"https:\/\/www.guerini.it\/index.php\/prodotto\/le-costruzioni-nel-terzo-millennio\/#breadcrumb"},"inLanguage":"it-IT","potentialAction":[{"@type":"ReadAction","target":["https:\/\/www.guerini.it\/index.php\/prodotto\/le-costruzioni-nel-terzo-millennio\/"]}]},{"@type":"ImageObject","inLanguage":"it-IT","@id":"https:\/\/www.guerini.it\/index.php\/prodotto\/le-costruzioni-nel-terzo-millennio\/#primaryimage","url":"https:\/\/www.guerini.it\/wp-content\/uploads\/2023\/03\/Le-costruzioni-nel-terzo-millennio.webp","contentUrl":"https:\/\/www.guerini.it\/wp-content\/uploads\/2023\/03\/Le-costruzioni-nel-terzo-millennio.webp","width":667,"height":1000,"caption":"Copertina del volume Le costruzioni nel terzo millennio, Guerini Next, 2023"},{"@type":"BreadcrumbList","@id":"https:\/\/www.guerini.it\/index.php\/prodotto\/le-costruzioni-nel-terzo-millennio\/#breadcrumb","itemListElement":[{"@type":"ListItem","position":1,"name":"Home","item":"https:\/\/www.guerini.it\/"},{"@type":"ListItem","position":2,"name":"Catalogo","item":"https:\/\/www.guerini.it\/index.php\/negozio\/"},{"@type":"ListItem","position":3,"name":"Le costruzioni nel terzo millennio"}]},{"@type":"WebSite","@id":"https:\/\/www.guerini.it\/#website","url":"https:\/\/www.guerini.it\/","name":"Guerini e Associati","description":"30 anni di libri, idee e libert\u00e0","publisher":{"@id":"https:\/\/www.guerini.it\/#organization"},"potentialAction":[{"@type":"SearchAction","target":{"@type":"EntryPoint","urlTemplate":"https:\/\/www.guerini.it\/?s={search_term_string}"},"query-input":{"@type":"PropertyValueSpecification","valueRequired":true,"valueName":"search_term_string"}}],"inLanguage":"it-IT"},{"@type":"Organization","@id":"https:\/\/www.guerini.it\/#organization","name":"Guerini e Associati","url":"https:\/\/www.guerini.it\/","logo":{"@type":"ImageObject","inLanguage":"it-IT","@id":"https:\/\/www.guerini.it\/#\/schema\/logo\/image\/","url":"https:\/\/www.guerini.it\/wp-content\/uploads\/2021\/03\/Logo-Guerini-OK_-e1615831292285.png","contentUrl":"https:\/\/www.guerini.it\/wp-content\/uploads\/2021\/03\/Logo-Guerini-OK_-e1615831292285.png","width":2805,"height":1870,"caption":"Guerini e Associati"},"image":{"@id":"https:\/\/www.guerini.it\/#\/schema\/logo\/image\/"}}]}},"_links":{"self":[{"href":"https:\/\/www.guerini.it\/index.php\/wp-json\/wp\/v2\/product\/23809","targetHints":{"allow":["GET"]}}],"collection":[{"href":"https:\/\/www.guerini.it\/index.php\/wp-json\/wp\/v2\/product"}],"about":[{"href":"https:\/\/www.guerini.it\/index.php\/wp-json\/wp\/v2\/types\/product"}],"wp:featuredmedia":[{"embeddable":true,"href":"https:\/\/www.guerini.it\/index.php\/wp-json\/wp\/v2\/media\/23810"}],"wp:attachment":[{"href":"https:\/\/www.guerini.it\/index.php\/wp-json\/wp\/v2\/media?parent=23809"}],"wp:term":[{"taxonomy":"product_brand","embeddable":true,"href":"https:\/\/www.guerini.it\/index.php\/wp-json\/wp\/v2\/product_brand?post=23809"},{"taxonomy":"product_cat","embeddable":true,"href":"https:\/\/www.guerini.it\/index.php\/wp-json\/wp\/v2\/product_cat?post=23809"},{"taxonomy":"product_tag","embeddable":true,"href":"https:\/\/www.guerini.it\/index.php\/wp-json\/wp\/v2\/product_tag?post=23809"}],"curies":[{"name":"wp","href":"https:\/\/api.w.org\/{rel}","templated":true}]}}

<p style="text-align: justify;">Il settore dell’edilizia è rimasto per molto tempo ancorato a modelli e culture tradizionali. Ma attorno sono cambiati gli scenari macroeconomici, il rapporto tra impresa, prodotto e cliente e, soprattutto, le tecnologie. Una nuova complessità da comprendere e districare. Le sfide che il settore si trova ad affrontare sono epocali: rigenerare le città a seguito della deindustrializzazione, confrontarsi con la realtà del digitale, interpretare il nuovo paradigma della sostenibilità. In questa raccolta di saggi, gli autori offrono la loro ricetta per una nuova edilizia, arrivando anche a toccare i grandi temi che l’impresa e la pubblica amministrazione devono affrontare nel nostro Paese: la messa in sicurezza del territorio, il ripensamento delle città e dei loro servizi a seguito della pandemia e l’utilizzo dei fondi del PNRR.</p>
<hr />
<p style="text-align: justify;"><strong>Gianfranco Dioguardi</strong> ingegnere e professore di Economia e organizzazione aziendale presso il Politecnico di Bari, è considerato il fondatore dell’ingegneria gestionale in Italia. Svolge attività imprenditoriale e consulenziale nei settori dell’edilizia, dell’engineering, dell’innovazione tecnologica, della comunicazione e della formazione professionale. È inoltre presente in diversi consigli di amministrazione, riviste, organizzazioni culturali, istituzioni pubbliche e private. Ha studiato a lungo gli enciclopedisti francesi, a cui ha dedicato numerose opere. Nel 1989 gli è stata conferita la nomina, da parte del Presidente della Repubblica Italiana, di Cavaliere al merito del Lavoro; nel 2004 è stato nominato Cavaliere della Legion d’Onore con decreto del Presidente della Repubblica di Francia. Per le nostre edizioni ha pubblicato <a href="https://www.guerini.it/index.php/prodotto/limpresa-enciclopedia/"><em>L’impresa enciclopedia</em></a> (2022).</p>
<p style="text-align: justify;"><strong>Alfredo Martini</strong> giornalista e ricercatore, ha un’esperienza pluridecennale nel campo della storia economica e sociale e in particolare nel settore del building e della trasformazione del territorio. Dal 2006 al 2018 è CEO della società Strategie &amp; Comunicazione Srl. Nel 2014 promuove il think tank nazionale Civiltà di Cantiere e crea l’omonimo Magazine, di cui è stato direttore fino alla chiusura nel dicembre 2020. Attualmente è direttore di <a href="https://infrastrutturesostenibili.org/">AIS</a> – Associazione italiana per la sostenibilità delle infrastrutture.</p>

<p>Il settore dell’edilizia è rimasto per molto tempo ancorato a modelli e culture tradizionali. Ma attorno sono cambiati gli scenari macroeconomici, il rapporto tra impresa, prodotto e cliente e, soprattutto, [&hellip;]</p>

30 anni di libri, idee e libertà
