{"id":23848,"date":"2023-03-31T15:04:45","date_gmt":"2023-03-31T13:04:45","guid":{"rendered":"https:\/\/www.guerini.it\/?post_type=product&#038;p=23848"},"modified":"2024-06-09T20:25:55","modified_gmt":"2024-06-09T18:25:55","slug":"il-bilancio-degli-enti-del-terzo-settore","status":"publish","type":"product","link":"https:\/\/www.guerini.it\/index.php\/prodotto\/il-bilancio-degli-enti-del-terzo-settore\/","title":{"rendered":"Il bilancio degli Enti del Terzo Settore"},"content":{"rendered":"<p style=\"text-align: justify;\">Il tema della sostenibilit\u00e0 e degli indicatori ESG \u00e8 sempre pi\u00f9 centrale per le imprese di ogni settore. Nel contesto<em> non profit<\/em>, l\u2019entrata in vigore del Codice del Terzo Settore ha sancito l\u2019inizio di una riforma di tale comparto, evidenziando il ruolo di quest\u2019ultimo come punto di incontro tra le istituzioni pubbliche e il settore privato. Quali sono i mezzi per raggiungere le finalit\u00e0 sociali richieste agli ETS? Qual \u00e8 l\u2019impatto delle recenti riforme in ambito giuridico e contabile? Quali sono i benefici fiscali di cui godono gli Enti del Terzo Settore, e a fronte di quali impegni? Il presente volume si propone di rispondere a questi e altri quesiti, con un\u2019analisi approfondita sulla realt\u00e0 degli ETS nel nostro Paese, arricchita dalla presentazione di casi studio.<\/p>\n<p>Il volume fa parte della collana <a href=\"https:\/\/www.guerini.it\/index.php\/categoria-prodotto\/default-category\/economia-e-management\/universita-cattaneo-libri\/\"><em>Universit\u00e0 Cattaneo Libri<\/em><\/a>.<\/p>\n<hr \/>\n<p style=\"text-align: justify;\"><strong>Patrizia Tettamanzi<\/strong> (Ph.D.) \u00e8 Professore ordinario di Financial Accounting e Sustainability Reporting presso LIUC \u2013 Universit\u00e0 Cattaneo. \u00c8 coordinatrice dell\u2019orientamento Sustainability management presso lo stesso Ateneo e professore a contratto di Financial Reporting and Analysis presso l\u2019Universit\u00e0 Bocconi. \u00c8 dottore commercialista e revisore legale. \u00c8 autrice di numerose pubblicazioni su riviste e testi nazionali e internazionali.<\/p>\n<p style=\"text-align: justify;\"><strong>Valentina Minutiello<\/strong> (Ph.D.) \u00e8 Ricercatrice PON in Accounting presso LIUC \u2013 Universit\u00e0 Cattaneo e Assistant Professor di Management and Principles of Accounting e Accounting and Financial Reporting presso lo stesso Ateneo. \u00c8 dottore commercialista e autrice di pubblicazioni su riviste e testi nazionali e internazionali.<\/p>\n","protected":false},"excerpt":{"rendered":"<p>Il tema della sostenibilit\u00e0 e degli indicatori ESG \u00e8 sempre pi\u00f9 centrale per le imprese di ogni settore. Nel contesto non profit, l\u2019entrata in vigore del Codice del Terzo Settore [&hellip;]<\/p>\n","protected":false},"featured_media":23849,"template":"","meta":{"_editorskit_title_hidden":false,"_editorskit_reading_time":0,"_editorskit_is_block_options_detached":false,"_editorskit_block_options_position":"{}","_monsterinsights_skip_tracking":false,"_monsterinsights_sitenote_active":false,"_monsterinsights_sitenote_note":"","_monsterinsights_sitenote_category":0},"product_brand":[],"product_cat":[6805,6529,6700],"product_tag":[10678,6756,7975,10674,10673,8540,10676,10677,6754,7205,10675],"class_list":{"0":"post-23848","1":"product","2":"type-product","3":"status-publish","4":"has-post-thumbnail","6":"product_cat-guerini-next","7":"product_cat-economia-e-management","8":"product_cat-universita-cattaneo-libri","9":"product_tag-accountability","10":"product_tag-ambiente","11":"product_tag-bilancio","12":"product_tag-esg","13":"product_tag-ets","14":"product_tag-governance","15":"product_tag-non-profit","16":"product_tag-purpose","17":"product_tag-sostenibilita","18":"product_tag-terzo-settore","19":"product_tag-valutazione","20":"pa_guerini_amazon_link-https-www-amazon-it-bilancio-degli-enti-terzo-settore-dp-8868964759","21":"pa_guerini_feltrinelli_link-https-www-lafeltrinelli-it-bilancio-degli-enti-del-terzo-libro-vari-e-9788868964757","22":"pa_guerini_ibs_link-https-www-ibs-it-bilancio-degli-enti-del-terzo-libro-vari-e-9788868964757","23":"pa_guerini_libruniver_link-https-www-libreriauniversitaria-it-bilancio-enti-terzo-settore-guerini-libro-9788868964757","24":"pa_guerini_mondadori_link-https-www-mondadoristore-it-bilancio-enti-terzo-settore-na-eai978886896475","26":"first","27":"instock","28":"sale","29":"shipping-taxable","30":"purchasable","31":"product-type-simple"},"yoast_head":"<!-- This site is optimized with the Yoast SEO plugin v25.4 - https:\/\/yoast.com\/wordpress\/plugins\/seo\/ -->\n<title>Il bilancio degli Enti del Terzo Settore | Guerini Editore<\/title>\n<meta name=\"description\" content=\"Il presente volume propone un\u2019analisi approfondita sulla realt\u00e0 degli ETS nel nostro Paese, arricchita dalla presentazione di casi studio.\" \/>\n<meta name=\"robots\" content=\"index, follow, max-snippet:-1, max-image-preview:large, max-video-preview:-1\" \/>\n<link rel=\"canonical\" href=\"https:\/\/www.guerini.it\/index.php\/prodotto\/il-bilancio-degli-enti-del-terzo-settore\/\" \/>\n<meta property=\"og:locale\" content=\"it_IT\" \/>\n<meta property=\"og:type\" content=\"article\" \/>\n<meta property=\"og:title\" content=\"Il bilancio degli Enti del Terzo Settore | Guerini Editore\" \/>\n<meta property=\"og:description\" content=\"Il presente volume propone un\u2019analisi approfondita sulla realt\u00e0 degli ETS nel nostro Paese, arricchita dalla presentazione di casi studio.\" \/>\n<meta property=\"og:url\" content=\"https:\/\/www.guerini.it\/index.php\/prodotto\/il-bilancio-degli-enti-del-terzo-settore\/\" \/>\n<meta property=\"og:site_name\" content=\"Guerini e Associati\" \/>\n<meta property=\"article:modified_time\" content=\"2024-06-09T18:25:55+00:00\" \/>\n<meta property=\"og:image\" content=\"https:\/\/www.guerini.it\/wp-content\/uploads\/2023\/03\/Il-bilancio-degli-enti-del-terzo-settore.webp\" \/>\n\t<meta property=\"og:image:width\" content=\"652\" \/>\n\t<meta property=\"og:image:height\" content=\"1000\" \/>\n\t<meta property=\"og:image:type\" content=\"image\/webp\" \/>\n<meta name=\"twitter:card\" content=\"summary_large_image\" \/>\n<meta name=\"twitter:label1\" content=\"Tempo di lettura stimato\" \/>\n\t<meta name=\"twitter:data1\" content=\"2 minuti\" \/>\n<!-- \/ Yoast SEO plugin. -->","yoast_head_json":{"title":"Il bilancio degli Enti del Terzo Settore | Guerini Editore","description":"Il presente volume propone un\u2019analisi approfondita sulla realt\u00e0 degli ETS nel nostro Paese, arricchita dalla presentazione di casi studio.","robots":{"index":"index","follow":"follow","max-snippet":"max-snippet:-1","max-image-preview":"max-image-preview:large","max-video-preview":"max-video-preview:-1"},"canonical":"https:\/\/www.guerini.it\/index.php\/prodotto\/il-bilancio-degli-enti-del-terzo-settore\/","og_locale":"it_IT","og_type":"article","og_title":"Il bilancio degli Enti del Terzo Settore | Guerini Editore","og_description":"Il presente volume propone un\u2019analisi approfondita sulla realt\u00e0 degli ETS nel nostro Paese, arricchita dalla presentazione di casi studio.","og_url":"https:\/\/www.guerini.it\/index.php\/prodotto\/il-bilancio-degli-enti-del-terzo-settore\/","og_site_name":"Guerini e Associati","article_modified_time":"2024-06-09T18:25:55+00:00","og_image":[{"width":652,"height":1000,"url":"https:\/\/www.guerini.it\/wp-content\/uploads\/2023\/03\/Il-bilancio-degli-enti-del-terzo-settore.webp","type":"image\/webp"}],"twitter_card":"summary_large_image","twitter_misc":{"Tempo di lettura stimato":"2 minuti"},"schema":{"@context":"https:\/\/schema.org","@graph":[{"@type":"WebPage","@id":"https:\/\/www.guerini.it\/index.php\/prodotto\/il-bilancio-degli-enti-del-terzo-settore\/","url":"https:\/\/www.guerini.it\/index.php\/prodotto\/il-bilancio-degli-enti-del-terzo-settore\/","name":"Il bilancio degli Enti del Terzo Settore | Guerini Editore","isPartOf":{"@id":"https:\/\/www.guerini.it\/#website"},"primaryImageOfPage":{"@id":"https:\/\/www.guerini.it\/index.php\/prodotto\/il-bilancio-degli-enti-del-terzo-settore\/#primaryimage"},"image":{"@id":"https:\/\/www.guerini.it\/index.php\/prodotto\/il-bilancio-degli-enti-del-terzo-settore\/#primaryimage"},"thumbnailUrl":"https:\/\/www.guerini.it\/wp-content\/uploads\/2023\/03\/Il-bilancio-degli-enti-del-terzo-settore.webp","datePublished":"2023-03-31T13:04:45+00:00","dateModified":"2024-06-09T18:25:55+00:00","description":"Il presente volume propone un\u2019analisi approfondita sulla realt\u00e0 degli ETS nel nostro Paese, arricchita dalla presentazione di casi studio.","breadcrumb":{"@id":"https:\/\/www.guerini.it\/index.php\/prodotto\/il-bilancio-degli-enti-del-terzo-settore\/#breadcrumb"},"inLanguage":"it-IT","potentialAction":[{"@type":"ReadAction","target":["https:\/\/www.guerini.it\/index.php\/prodotto\/il-bilancio-degli-enti-del-terzo-settore\/"]}]},{"@type":"ImageObject","inLanguage":"it-IT","@id":"https:\/\/www.guerini.it\/index.php\/prodotto\/il-bilancio-degli-enti-del-terzo-settore\/#primaryimage","url":"https:\/\/www.guerini.it\/wp-content\/uploads\/2023\/03\/Il-bilancio-degli-enti-del-terzo-settore.webp","contentUrl":"https:\/\/www.guerini.it\/wp-content\/uploads\/2023\/03\/Il-bilancio-degli-enti-del-terzo-settore.webp","width":652,"height":1000,"caption":"Copertina del volume Il bilancio degli Enti del Terzo Settore, Guerini Next, 2023"},{"@type":"BreadcrumbList","@id":"https:\/\/www.guerini.it\/index.php\/prodotto\/il-bilancio-degli-enti-del-terzo-settore\/#breadcrumb","itemListElement":[{"@type":"ListItem","position":1,"name":"Home","item":"https:\/\/www.guerini.it\/"},{"@type":"ListItem","position":2,"name":"Catalogo","item":"https:\/\/www.guerini.it\/index.php\/negozio\/"},{"@type":"ListItem","position":3,"name":"Il bilancio degli Enti del Terzo Settore"}]},{"@type":"WebSite","@id":"https:\/\/www.guerini.it\/#website","url":"https:\/\/www.guerini.it\/","name":"Guerini e Associati","description":"30 anni di libri, idee e libert\u00e0","publisher":{"@id":"https:\/\/www.guerini.it\/#organization"},"potentialAction":[{"@type":"SearchAction","target":{"@type":"EntryPoint","urlTemplate":"https:\/\/www.guerini.it\/?s={search_term_string}"},"query-input":{"@type":"PropertyValueSpecification","valueRequired":true,"valueName":"search_term_string"}}],"inLanguage":"it-IT"},{"@type":"Organization","@id":"https:\/\/www.guerini.it\/#organization","name":"Guerini e Associati","url":"https:\/\/www.guerini.it\/","logo":{"@type":"ImageObject","inLanguage":"it-IT","@id":"https:\/\/www.guerini.it\/#\/schema\/logo\/image\/","url":"https:\/\/www.guerini.it\/wp-content\/uploads\/2021\/03\/Logo-Guerini-OK_-e1615831292285.png","contentUrl":"https:\/\/www.guerini.it\/wp-content\/uploads\/2021\/03\/Logo-Guerini-OK_-e1615831292285.png","width":2805,"height":1870,"caption":"Guerini e Associati"},"image":{"@id":"https:\/\/www.guerini.it\/#\/schema\/logo\/image\/"}}]}},"_links":{"self":[{"href":"https:\/\/www.guerini.it\/index.php\/wp-json\/wp\/v2\/product\/23848","targetHints":{"allow":["GET"]}}],"collection":[{"href":"https:\/\/www.guerini.it\/index.php\/wp-json\/wp\/v2\/product"}],"about":[{"href":"https:\/\/www.guerini.it\/index.php\/wp-json\/wp\/v2\/types\/product"}],"wp:featuredmedia":[{"embeddable":true,"href":"https:\/\/www.guerini.it\/index.php\/wp-json\/wp\/v2\/media\/23849"}],"wp:attachment":[{"href":"https:\/\/www.guerini.it\/index.php\/wp-json\/wp\/v2\/media?parent=23848"}],"wp:term":[{"taxonomy":"product_brand","embeddable":true,"href":"https:\/\/www.guerini.it\/index.php\/wp-json\/wp\/v2\/product_brand?post=23848"},{"taxonomy":"product_cat","embeddable":true,"href":"https:\/\/www.guerini.it\/index.php\/wp-json\/wp\/v2\/product_cat?post=23848"},{"taxonomy":"product_tag","embeddable":true,"href":"https:\/\/www.guerini.it\/index.php\/wp-json\/wp\/v2\/product_tag?post=23848"}],"curies":[{"name":"wp","href":"https:\/\/api.w.org\/{rel}","templated":true}]}}

<p style="text-align: justify;">Il tema della sostenibilità e degli indicatori ESG è sempre più centrale per le imprese di ogni settore. Nel contesto<em> non profit</em>, l’entrata in vigore del Codice del Terzo Settore ha sancito l’inizio di una riforma di tale comparto, evidenziando il ruolo di quest’ultimo come punto di incontro tra le istituzioni pubbliche e il settore privato. Quali sono i mezzi per raggiungere le finalità sociali richieste agli ETS? Qual è l’impatto delle recenti riforme in ambito giuridico e contabile? Quali sono i benefici fiscali di cui godono gli Enti del Terzo Settore, e a fronte di quali impegni? Il presente volume si propone di rispondere a questi e altri quesiti, con un’analisi approfondita sulla realtà degli ETS nel nostro Paese, arricchita dalla presentazione di casi studio.</p>
<p>Il volume fa parte della collana <a href="https://www.guerini.it/index.php/categoria-prodotto/default-category/economia-e-management/universita-cattaneo-libri/"><em>Università Cattaneo Libri</em></a>.</p>
<hr />
<p style="text-align: justify;"><strong>Patrizia Tettamanzi</strong> (Ph.D.) è Professore ordinario di Financial Accounting e Sustainability Reporting presso LIUC – Università Cattaneo. È coordinatrice dell’orientamento Sustainability management presso lo stesso Ateneo e professore a contratto di Financial Reporting and Analysis presso l’Università Bocconi. È dottore commercialista e revisore legale. È autrice di numerose pubblicazioni su riviste e testi nazionali e internazionali.</p>
<p style="text-align: justify;"><strong>Valentina Minutiello</strong> (Ph.D.) è Ricercatrice PON in Accounting presso LIUC – Università Cattaneo e Assistant Professor di Management and Principles of Accounting e Accounting and Financial Reporting presso lo stesso Ateneo. È dottore commercialista e autrice di pubblicazioni su riviste e testi nazionali e internazionali.</p>

<p>Il tema della sostenibilità e degli indicatori ESG è sempre più centrale per le imprese di ogni settore. Nel contesto non profit, l’entrata in vigore del Codice del Terzo Settore [&hellip;]</p>

<!-- This site is optimized with the Yoast SEO plugin v25.4 - https://yoast.com/wordpress/plugins/seo/ -->
<title>Il bilancio degli Enti del Terzo Settore | Guerini Editore</title>
<meta name="description" content="Il presente volume propone un’analisi approfondita sulla realtà degli ETS nel nostro Paese, arricchita dalla presentazione di casi studio." />
<meta name="robots" content="index, follow, max-snippet:-1, max-image-preview:large, max-video-preview:-1" />
<link rel="canonical" href="https://www.guerini.it/index.php/prodotto/il-bilancio-degli-enti-del-terzo-settore/" />
<meta property="og:locale" content="it_IT" />
<meta property="og:type" content="article" />
<meta property="og:title" content="Il bilancio degli Enti del Terzo Settore | Guerini Editore" />
<meta property="og:description" content="Il presente volume propone un’analisi approfondita sulla realtà degli ETS nel nostro Paese, arricchita dalla presentazione di casi studio." />
<meta property="og:url" content="https://www.guerini.it/index.php/prodotto/il-bilancio-degli-enti-del-terzo-settore/" />
<meta property="og:site_name" content="Guerini e Associati" />
<meta property="article:modified_time" content="2024-06-09T18:25:55+00:00" />
<meta property="og:image" content="https://www.guerini.it/wp-content/uploads/2023/03/Il-bilancio-degli-enti-del-terzo-settore.webp" />
	<meta property="og:image:width" content="652" />
	<meta property="og:image:height" content="1000" />
	<meta property="og:image:type" content="image/webp" />
<meta name="twitter:card" content="summary_large_image" />
<meta name="twitter:label1" content="Tempo di lettura stimato" />
	<meta name="twitter:data1" content="2 minuti" />
<!-- / Yoast SEO plugin. -->

Il presente volume propone un’analisi approfondita sulla realtà degli ETS nel nostro Paese, arricchita dalla presentazione di casi studio.

30 anni di libri, idee e libertà
