{"id":23852,"date":"2023-04-05T08:46:49","date_gmt":"2023-04-05T06:46:49","guid":{"rendered":"https:\/\/www.guerini.it\/?post_type=product&#038;p=23852"},"modified":"2024-06-09T20:25:56","modified_gmt":"2024-06-09T18:25:56","slug":"i-cento-giorni","status":"publish","type":"product","link":"https:\/\/www.guerini.it\/index.php\/prodotto\/i-cento-giorni\/","title":{"rendered":"I cento giorni"},"content":{"rendered":"<p style=\"text-align: justify;\">Alfredo Vizcarrondo, imprenditore nato in Venezuela con cittadinanza statunitense, finisce in manette in Italia. \u00c8 accusato di reati finanziari avvenuti nel 1999. L\u2019autorit\u00e0 giudiziaria venezuelana avanza richiesta di estradizione, ma il trasferimento rappresenta per lui un serio pericolo di vita. Dopo l\u2019incarcerazione finisce ai domiciliari; viene ospitato da un avvocato civilista di Forl\u00ec, Emanuela Bassi. Sar\u00e0 lei a sbrogliare la matassa. Il volume <a href=\"https:\/\/www.guerini.it\/index.php\/prodotto\/i-cento-giorni\/\"><em>I cento giorni<\/em><\/a> racconta, senza cadere nella banalit\u00e0 disfattista, le incrostazioni di un modello giudiziario che alza le mani davanti alla mala-burocrazia, rischiando di spezzare vite, rovinare carriere, ledere la dignit\u00e0 umana e psicologica di chi finisce improvvisamente nel suo tritacarne. Una storia vera.<\/p>\n<hr \/>\n<p style=\"text-align: justify;\"><strong>Emanuela Bassi<\/strong>, \u00e8 un avvocato civilista, specializzata nei concordati extragiudiziari, esperta di diritto bancario, nonch\u00e9 di diritto di famiglia e adozioni. Ha patrocinato molte cause di risparmiatori rimasti vittima di fallimenti, frodi e abusi. Svolge la professione dal 1992. Oggi guida uno studio legale con il collega Giuseppe Lozupone ed \u00e8 capogruppo consiliare di FDI nel Comune di Forl\u00ec, sua citt\u00e0 natale. Amante del bello e della bellezza come principi di liberazione dell\u2019umanit\u00e0, \u00e8 un\u2019appassionata di arredamento mobili e gioielli antichi. Creativa in ogni ambito della vita, se non avesse intrapreso la via legale, sarebbe stata un\u2019ottima designer.<\/p>\n","protected":false},"excerpt":{"rendered":"<p>Alfredo Vizcarrondo, imprenditore nato in Venezuela con cittadinanza statunitense, finisce in manette in Italia. \u00c8 accusato di reati finanziari avvenuti nel 1999. L\u2019autorit\u00e0 giudiziaria venezuelana avanza richiesta di estradizione, ma [&hellip;]<\/p>\n","protected":false},"featured_media":23853,"template":"","meta":{"_editorskit_title_hidden":false,"_editorskit_reading_time":0,"_editorskit_is_block_options_detached":false,"_editorskit_block_options_position":"{}","_monsterinsights_skip_tracking":false,"_monsterinsights_sitenote_active":false,"_monsterinsights_sitenote_note":"","_monsterinsights_sitenote_category":0},"product_brand":[],"product_cat":[6527],"product_tag":[10683,10684,7824,10685],"class_list":{"0":"post-23852","1":"product","2":"type-product","3":"status-publish","4":"has-post-thumbnail","6":"product_cat-attualita","7":"product_tag-burocrazia","8":"product_tag-colpevole","9":"product_tag-giustizia","10":"product_tag-innocente","11":"pa_guerini_amazon_link-https-www-amazon-it-giorni-viaggio-dallinferno-giudiziario-italiano-dp-8862508832","12":"pa_guerini_feltrinelli_link-https-www-lafeltrinelli-it-cento-giorni-viaggio-di-andata-libro-emanuela-bassi-e-9788862508834","13":"pa_guerini_ibs_link-https-www-ibs-it-cento-giorni-viaggio-di-andata-libro-emanuela-bassi-e-9788862508834","14":"pa_guerini_libruniver_link-https-www-libreriauniversitaria-it-cento-giorni-viaggio-andata-ritorno-libro-9788862508834","15":"pa_guerini_mondadori_link-https-www-mondadoristore-it-cento-giorni-viaggio-andata-emanuela-bassi-eai978886250883","17":"first","18":"instock","19":"sale","20":"shipping-taxable","21":"purchasable","22":"product-type-simple"},"yoast_head":"<!-- This site is optimized with the Yoast SEO plugin v25.4 - https:\/\/yoast.com\/wordpress\/plugins\/seo\/ -->\n<title>E. Bassi, I cento giorni | Guerini Editore<\/title>\n<meta name=\"description\" content=\"I cento giorni racconta, senza cadere nella banalit\u00e0 disfattista, le incrostazioni di un modello giudiziario che alza le mani davanti alla mala-burocrazia.\" \/>\n<meta name=\"robots\" content=\"index, follow, max-snippet:-1, max-image-preview:large, max-video-preview:-1\" \/>\n<link rel=\"canonical\" href=\"https:\/\/www.guerini.it\/index.php\/prodotto\/i-cento-giorni\/\" \/>\n<meta property=\"og:locale\" content=\"it_IT\" \/>\n<meta property=\"og:type\" content=\"article\" \/>\n<meta property=\"og:title\" content=\"E. Bassi, I cento giorni | Guerini Editore\" \/>\n<meta property=\"og:description\" content=\"I cento giorni racconta, senza cadere nella banalit\u00e0 disfattista, le incrostazioni di un modello giudiziario che alza le mani davanti alla mala-burocrazia.\" \/>\n<meta property=\"og:url\" content=\"https:\/\/www.guerini.it\/index.php\/prodotto\/i-cento-giorni\/\" \/>\n<meta property=\"og:site_name\" content=\"Guerini e Associati\" \/>\n<meta property=\"article:modified_time\" content=\"2024-06-09T18:25:56+00:00\" \/>\n<meta property=\"og:image\" content=\"https:\/\/www.guerini.it\/wp-content\/uploads\/2023\/04\/I-cento-giorni.webp\" \/>\n\t<meta property=\"og:image:width\" content=\"667\" \/>\n\t<meta property=\"og:image:height\" content=\"1000\" \/>\n\t<meta property=\"og:image:type\" content=\"image\/webp\" \/>\n<meta name=\"twitter:card\" content=\"summary_large_image\" \/>\n<meta name=\"twitter:label1\" content=\"Tempo di lettura stimato\" \/>\n\t<meta name=\"twitter:data1\" content=\"2 minuti\" \/>\n<!-- \/ Yoast SEO plugin. -->","yoast_head_json":{"title":"E. Bassi, I cento giorni | Guerini Editore","description":"I cento giorni racconta, senza cadere nella banalit\u00e0 disfattista, le incrostazioni di un modello giudiziario che alza le mani davanti alla mala-burocrazia.","robots":{"index":"index","follow":"follow","max-snippet":"max-snippet:-1","max-image-preview":"max-image-preview:large","max-video-preview":"max-video-preview:-1"},"canonical":"https:\/\/www.guerini.it\/index.php\/prodotto\/i-cento-giorni\/","og_locale":"it_IT","og_type":"article","og_title":"E. Bassi, I cento giorni | Guerini Editore","og_description":"I cento giorni racconta, senza cadere nella banalit\u00e0 disfattista, le incrostazioni di un modello giudiziario che alza le mani davanti alla mala-burocrazia.","og_url":"https:\/\/www.guerini.it\/index.php\/prodotto\/i-cento-giorni\/","og_site_name":"Guerini e Associati","article_modified_time":"2024-06-09T18:25:56+00:00","og_image":[{"width":667,"height":1000,"url":"https:\/\/www.guerini.it\/wp-content\/uploads\/2023\/04\/I-cento-giorni.webp","type":"image\/webp"}],"twitter_card":"summary_large_image","twitter_misc":{"Tempo di lettura stimato":"2 minuti"},"schema":{"@context":"https:\/\/schema.org","@graph":[{"@type":"WebPage","@id":"https:\/\/www.guerini.it\/index.php\/prodotto\/i-cento-giorni\/","url":"https:\/\/www.guerini.it\/index.php\/prodotto\/i-cento-giorni\/","name":"E. Bassi, I cento giorni | Guerini Editore","isPartOf":{"@id":"https:\/\/www.guerini.it\/#website"},"primaryImageOfPage":{"@id":"https:\/\/www.guerini.it\/index.php\/prodotto\/i-cento-giorni\/#primaryimage"},"image":{"@id":"https:\/\/www.guerini.it\/index.php\/prodotto\/i-cento-giorni\/#primaryimage"},"thumbnailUrl":"https:\/\/www.guerini.it\/wp-content\/uploads\/2023\/04\/I-cento-giorni.webp","datePublished":"2023-04-05T06:46:49+00:00","dateModified":"2024-06-09T18:25:56+00:00","description":"I cento giorni racconta, senza cadere nella banalit\u00e0 disfattista, le incrostazioni di un modello giudiziario che alza le mani davanti alla mala-burocrazia.","breadcrumb":{"@id":"https:\/\/www.guerini.it\/index.php\/prodotto\/i-cento-giorni\/#breadcrumb"},"inLanguage":"it-IT","potentialAction":[{"@type":"ReadAction","target":["https:\/\/www.guerini.it\/index.php\/prodotto\/i-cento-giorni\/"]}]},{"@type":"ImageObject","inLanguage":"it-IT","@id":"https:\/\/www.guerini.it\/index.php\/prodotto\/i-cento-giorni\/#primaryimage","url":"https:\/\/www.guerini.it\/wp-content\/uploads\/2023\/04\/I-cento-giorni.webp","contentUrl":"https:\/\/www.guerini.it\/wp-content\/uploads\/2023\/04\/I-cento-giorni.webp","width":667,"height":1000,"caption":"Copertina del volume I cento giorni, Guerini e Associati, 2023"},{"@type":"BreadcrumbList","@id":"https:\/\/www.guerini.it\/index.php\/prodotto\/i-cento-giorni\/#breadcrumb","itemListElement":[{"@type":"ListItem","position":1,"name":"Home","item":"https:\/\/www.guerini.it\/"},{"@type":"ListItem","position":2,"name":"Catalogo","item":"https:\/\/www.guerini.it\/index.php\/negozio\/"},{"@type":"ListItem","position":3,"name":"I cento giorni"}]},{"@type":"WebSite","@id":"https:\/\/www.guerini.it\/#website","url":"https:\/\/www.guerini.it\/","name":"Guerini e Associati","description":"30 anni di libri, idee e libert\u00e0","publisher":{"@id":"https:\/\/www.guerini.it\/#organization"},"potentialAction":[{"@type":"SearchAction","target":{"@type":"EntryPoint","urlTemplate":"https:\/\/www.guerini.it\/?s={search_term_string}"},"query-input":{"@type":"PropertyValueSpecification","valueRequired":true,"valueName":"search_term_string"}}],"inLanguage":"it-IT"},{"@type":"Organization","@id":"https:\/\/www.guerini.it\/#organization","name":"Guerini e Associati","url":"https:\/\/www.guerini.it\/","logo":{"@type":"ImageObject","inLanguage":"it-IT","@id":"https:\/\/www.guerini.it\/#\/schema\/logo\/image\/","url":"https:\/\/www.guerini.it\/wp-content\/uploads\/2021\/03\/Logo-Guerini-OK_-e1615831292285.png","contentUrl":"https:\/\/www.guerini.it\/wp-content\/uploads\/2021\/03\/Logo-Guerini-OK_-e1615831292285.png","width":2805,"height":1870,"caption":"Guerini e Associati"},"image":{"@id":"https:\/\/www.guerini.it\/#\/schema\/logo\/image\/"}}]}},"_links":{"self":[{"href":"https:\/\/www.guerini.it\/index.php\/wp-json\/wp\/v2\/product\/23852","targetHints":{"allow":["GET"]}}],"collection":[{"href":"https:\/\/www.guerini.it\/index.php\/wp-json\/wp\/v2\/product"}],"about":[{"href":"https:\/\/www.guerini.it\/index.php\/wp-json\/wp\/v2\/types\/product"}],"wp:featuredmedia":[{"embeddable":true,"href":"https:\/\/www.guerini.it\/index.php\/wp-json\/wp\/v2\/media\/23853"}],"wp:attachment":[{"href":"https:\/\/www.guerini.it\/index.php\/wp-json\/wp\/v2\/media?parent=23852"}],"wp:term":[{"taxonomy":"product_brand","embeddable":true,"href":"https:\/\/www.guerini.it\/index.php\/wp-json\/wp\/v2\/product_brand?post=23852"},{"taxonomy":"product_cat","embeddable":true,"href":"https:\/\/www.guerini.it\/index.php\/wp-json\/wp\/v2\/product_cat?post=23852"},{"taxonomy":"product_tag","embeddable":true,"href":"https:\/\/www.guerini.it\/index.php\/wp-json\/wp\/v2\/product_tag?post=23852"}],"curies":[{"name":"wp","href":"https:\/\/api.w.org\/{rel}","templated":true}]}}