{"id":23856,"date":"2023-04-12T11:47:58","date_gmt":"2023-04-12T09:47:58","guid":{"rendered":"https:\/\/www.guerini.it\/?post_type=product&#038;p=23856"},"modified":"2024-06-09T20:25:56","modified_gmt":"2024-06-09T18:25:56","slug":"futures-by-design","status":"publish","type":"product","link":"https:\/\/www.guerini.it\/index.php\/prodotto\/futures-by-design\/","title":{"rendered":"Futures by design"},"content":{"rendered":"<p style=\"text-align: justify;\"><strong>PROGETTARE INNOVAZIONE NELLA COMPLESSIT\u00c0 GUIDATI DAL DESIGN<\/strong><br \/>\nSe ci\u00f2 che ci caratterizzasse come essere umani fosse la nostra innata capacit\u00e0 di orientare le azioni immaginando le molteplici possibilit\u00e0 che si articolano nel domani? In questa pubblicazione condividiamo le metodologie e gli strumenti che possono permettere alle organizzazioni e alle persone che le compongono di affrontare queste sfide oggi. In un mondo complesso e volatile dove gli schemi dati scricchiolano e le metodologie del design sono diventate una chiave possibile per affrontare l\u2019incertezza e l\u2019ambiguit\u00e0.<br \/>\nCi hanno accompagnato in questo viaggio 15 campioni dell\u2019innovazione italiana, provenienti da settori molto diversi, ma sempre manifatturieri, di piccole e grandi aziende, ognuna a suo modo leader nel proprio approccio. Ognuno di loro \u00e8 un testimone di quel \u201csaper fare\u201d che, anche in un mondo sempre pi\u00f9 immateriale, rimane un passaggio fondamentale per disegnare futuro.<\/p>\n<hr \/>\n<p><strong>15 STORIE DI INNOVAZIONE ITALIANA RACCONTATE DAI PROTAGONISTI<\/strong><br \/>\nIl racconto dell\u2019innovazione attraverso le interviste di chi vive la sfida ogni giorno nelle aziende manifatturiere innovative italiane.<br \/>\n\u2022 Filippo Manetti, Musa Director &amp; Marketing e Innovation Director, <strong>Arpa Industriale<\/strong><br \/>\n\u2022 Massimo Ghedin, General Manager, <strong>Cesar Arredamenti<\/strong><br \/>\n\u2022 Albino Celato, CEO, <strong>De Castelli<\/strong><br \/>\n\u2022 Barbara Sala, CEO, <strong>Delcon<\/strong><br \/>\n\u2022 Armido Marana, CEO, <strong>Ecozema<\/strong><br \/>\n\u2022 Davide Benvenuti, Innovation Hub Manager, <strong>Electrolux Professional<\/strong><br \/>\n\u2022 Nicola Bacchetta, Sales and Marketing Manager, <strong>Fiam Utensili Pneumatici<\/strong><br \/>\n\u2022 Alberto Boggian, Marketing Director, <strong>Gibus<\/strong><br \/>\n\u2022 Gianfranco Tonti, Presidente, <strong>Ifi<\/strong> <strong>\u2013<\/strong> <strong>Industria Frigoriferi Italiana<\/strong><br \/>\n\u2022 Gabriele Molari, Head of Marketing and Innovation, <strong>Palladio Group<\/strong><br \/>\n\u2022 Erica Anesi, CEO, <strong>pba<\/strong><br \/>\n\u2022 Luca Sacchi, Head of Strategic Innovation &#8211; SVP, <strong>Piaggio Group<\/strong>, <strong>Piaggio<\/strong> <strong>&amp; C<\/strong><br \/>\n\u2022 Luca Nascimben, People Director, <strong>Rigoni di Asiago<\/strong><br \/>\n\u2022 Riccardo Losio, Strategy &amp; Brands Director, <strong>Selle Royal Group<\/strong><br \/>\n\u2022 Maurizio Zordan, CEO, <strong>Zordan 1965<\/strong><\/p>\n","protected":false},"excerpt":{"rendered":"<p>PROGETTARE INNOVAZIONE NELLA COMPLESSIT\u00c0 GUIDATI DAL DESIGN Se ci\u00f2 che ci caratterizzasse come essere umani fosse la nostra innata capacit\u00e0 di orientare le azioni immaginando le molteplici possibilit\u00e0 che si [&hellip;]<\/p>\n","protected":false},"featured_media":23870,"template":"","meta":{"_editorskit_title_hidden":false,"_editorskit_reading_time":0,"_editorskit_is_block_options_detached":false,"_editorskit_block_options_position":"{}","_monsterinsights_skip_tracking":false,"_monsterinsights_sitenote_active":false,"_monsterinsights_sitenote_note":"","_monsterinsights_sitenote_category":0},"product_brand":[],"product_cat":[6805,6529],"product_tag":[10560,8827,6745,10687,10686,6750,6969],"class_list":{"0":"post-23856","1":"product","2":"type-product","3":"status-publish","4":"has-post-thumbnail","6":"product_cat-guerini-next","7":"product_cat-economia-e-management","8":"product_tag-complessita","9":"product_tag-design","10":"product_tag-innovazione","11":"product_tag-service-design","12":"product_tag-strategia-aziendale","13":"product_tag-tecnologia","14":"product_tag-vuca","15":"pa_guerini_amazon_link-https-www-amazon-it-futures-design-progettare-innovazione-complessit-dp-886896483x","16":"pa_guerini_feltrinelli_link-https-www-lafeltrinelli-it-futures-by-design-progettare-innovazione-libro-vari-e-9788868964832","17":"pa_guerini_ibs_link-https-www-ibs-it-futures-by-design-progettare-innovazione-libro-vari-e-9788868964832","18":"pa_guerini_libruniver_link-https-www-libreriauniversitaria-it-futures-by-design-progettare-innovazione-libro-9788868964832","19":"pa_guerini_mondadori_link-https-www-mondadoristore-it-futures-by-design-progettare-filippo-collura-lucilla-fazio-tommaso-cora-eai978886896483","21":"first","22":"instock","23":"sale","24":"shipping-taxable","25":"purchasable","26":"product-type-simple"},"yoast_head":"<!-- This site is optimized with the Yoast SEO plugin v25.4 - https:\/\/yoast.com\/wordpress\/plugins\/seo\/ -->\n<title>Futures by design | Guerini Editore<\/title>\n<meta name=\"description\" content=\"Futures by design, 15 storie di innovazione italiana con interviste ai professionisti di aziende manifatturiere innovative italiane.\" \/>\n<meta name=\"robots\" content=\"index, follow, max-snippet:-1, max-image-preview:large, max-video-preview:-1\" \/>\n<link rel=\"canonical\" href=\"https:\/\/www.guerini.it\/index.php\/prodotto\/futures-by-design\/\" \/>\n<meta property=\"og:locale\" content=\"it_IT\" \/>\n<meta property=\"og:type\" content=\"article\" \/>\n<meta property=\"og:title\" content=\"Futures by design | Guerini Editore\" \/>\n<meta property=\"og:description\" content=\"Futures by design, 15 storie di innovazione italiana con interviste ai professionisti di aziende manifatturiere innovative italiane.\" \/>\n<meta property=\"og:url\" content=\"https:\/\/www.guerini.it\/index.php\/prodotto\/futures-by-design\/\" \/>\n<meta property=\"og:site_name\" content=\"Guerini e Associati\" \/>\n<meta property=\"article:modified_time\" content=\"2024-06-09T18:25:56+00:00\" \/>\n<meta property=\"og:image\" content=\"https:\/\/www.guerini.it\/wp-content\/uploads\/2023\/04\/Futures-by-design.webp\" \/>\n\t<meta property=\"og:image:width\" content=\"643\" \/>\n\t<meta property=\"og:image:height\" content=\"1000\" \/>\n\t<meta property=\"og:image:type\" content=\"image\/webp\" \/>\n<meta name=\"twitter:card\" content=\"summary_large_image\" \/>\n<meta name=\"twitter:label1\" content=\"Tempo di lettura stimato\" \/>\n\t<meta name=\"twitter:data1\" content=\"2 minuti\" \/>\n<!-- \/ Yoast SEO plugin. -->","yoast_head_json":{"title":"Futures by design | Guerini Editore","description":"Futures by design, 15 storie di innovazione italiana con interviste ai professionisti di aziende manifatturiere innovative italiane.","robots":{"index":"index","follow":"follow","max-snippet":"max-snippet:-1","max-image-preview":"max-image-preview:large","max-video-preview":"max-video-preview:-1"},"canonical":"https:\/\/www.guerini.it\/index.php\/prodotto\/futures-by-design\/","og_locale":"it_IT","og_type":"article","og_title":"Futures by design | Guerini Editore","og_description":"Futures by design, 15 storie di innovazione italiana con interviste ai professionisti di aziende manifatturiere innovative italiane.","og_url":"https:\/\/www.guerini.it\/index.php\/prodotto\/futures-by-design\/","og_site_name":"Guerini e Associati","article_modified_time":"2024-06-09T18:25:56+00:00","og_image":[{"width":643,"height":1000,"url":"https:\/\/www.guerini.it\/wp-content\/uploads\/2023\/04\/Futures-by-design.webp","type":"image\/webp"}],"twitter_card":"summary_large_image","twitter_misc":{"Tempo di lettura stimato":"2 minuti"},"schema":{"@context":"https:\/\/schema.org","@graph":[{"@type":"WebPage","@id":"https:\/\/www.guerini.it\/index.php\/prodotto\/futures-by-design\/","url":"https:\/\/www.guerini.it\/index.php\/prodotto\/futures-by-design\/","name":"Futures by design | Guerini Editore","isPartOf":{"@id":"https:\/\/www.guerini.it\/#website"},"primaryImageOfPage":{"@id":"https:\/\/www.guerini.it\/index.php\/prodotto\/futures-by-design\/#primaryimage"},"image":{"@id":"https:\/\/www.guerini.it\/index.php\/prodotto\/futures-by-design\/#primaryimage"},"thumbnailUrl":"https:\/\/www.guerini.it\/wp-content\/uploads\/2023\/04\/Futures-by-design.webp","datePublished":"2023-04-12T09:47:58+00:00","dateModified":"2024-06-09T18:25:56+00:00","description":"Futures by design, 15 storie di innovazione italiana con interviste ai professionisti di aziende manifatturiere innovative italiane.","breadcrumb":{"@id":"https:\/\/www.guerini.it\/index.php\/prodotto\/futures-by-design\/#breadcrumb"},"inLanguage":"it-IT","potentialAction":[{"@type":"ReadAction","target":["https:\/\/www.guerini.it\/index.php\/prodotto\/futures-by-design\/"]}]},{"@type":"ImageObject","inLanguage":"it-IT","@id":"https:\/\/www.guerini.it\/index.php\/prodotto\/futures-by-design\/#primaryimage","url":"https:\/\/www.guerini.it\/wp-content\/uploads\/2023\/04\/Futures-by-design.webp","contentUrl":"https:\/\/www.guerini.it\/wp-content\/uploads\/2023\/04\/Futures-by-design.webp","width":643,"height":1000,"caption":"Copertina di Futures by design, Guerini Next, 2023"},{"@type":"BreadcrumbList","@id":"https:\/\/www.guerini.it\/index.php\/prodotto\/futures-by-design\/#breadcrumb","itemListElement":[{"@type":"ListItem","position":1,"name":"Home","item":"https:\/\/www.guerini.it\/"},{"@type":"ListItem","position":2,"name":"Catalogo","item":"https:\/\/www.guerini.it\/index.php\/negozio\/"},{"@type":"ListItem","position":3,"name":"Futures by design"}]},{"@type":"WebSite","@id":"https:\/\/www.guerini.it\/#website","url":"https:\/\/www.guerini.it\/","name":"Guerini e Associati","description":"30 anni di libri, idee e libert\u00e0","publisher":{"@id":"https:\/\/www.guerini.it\/#organization"},"potentialAction":[{"@type":"SearchAction","target":{"@type":"EntryPoint","urlTemplate":"https:\/\/www.guerini.it\/?s={search_term_string}"},"query-input":{"@type":"PropertyValueSpecification","valueRequired":true,"valueName":"search_term_string"}}],"inLanguage":"it-IT"},{"@type":"Organization","@id":"https:\/\/www.guerini.it\/#organization","name":"Guerini e Associati","url":"https:\/\/www.guerini.it\/","logo":{"@type":"ImageObject","inLanguage":"it-IT","@id":"https:\/\/www.guerini.it\/#\/schema\/logo\/image\/","url":"https:\/\/www.guerini.it\/wp-content\/uploads\/2021\/03\/Logo-Guerini-OK_-e1615831292285.png","contentUrl":"https:\/\/www.guerini.it\/wp-content\/uploads\/2021\/03\/Logo-Guerini-OK_-e1615831292285.png","width":2805,"height":1870,"caption":"Guerini e Associati"},"image":{"@id":"https:\/\/www.guerini.it\/#\/schema\/logo\/image\/"}}]}},"_links":{"self":[{"href":"https:\/\/www.guerini.it\/index.php\/wp-json\/wp\/v2\/product\/23856","targetHints":{"allow":["GET"]}}],"collection":[{"href":"https:\/\/www.guerini.it\/index.php\/wp-json\/wp\/v2\/product"}],"about":[{"href":"https:\/\/www.guerini.it\/index.php\/wp-json\/wp\/v2\/types\/product"}],"wp:featuredmedia":[{"embeddable":true,"href":"https:\/\/www.guerini.it\/index.php\/wp-json\/wp\/v2\/media\/23870"}],"wp:attachment":[{"href":"https:\/\/www.guerini.it\/index.php\/wp-json\/wp\/v2\/media?parent=23856"}],"wp:term":[{"taxonomy":"product_brand","embeddable":true,"href":"https:\/\/www.guerini.it\/index.php\/wp-json\/wp\/v2\/product_brand?post=23856"},{"taxonomy":"product_cat","embeddable":true,"href":"https:\/\/www.guerini.it\/index.php\/wp-json\/wp\/v2\/product_cat?post=23856"},{"taxonomy":"product_tag","embeddable":true,"href":"https:\/\/www.guerini.it\/index.php\/wp-json\/wp\/v2\/product_tag?post=23856"}],"curies":[{"name":"wp","href":"https:\/\/api.w.org\/{rel}","templated":true}]}}

<p style="text-align: justify;"><strong>PROGETTARE INNOVAZIONE NELLA COMPLESSITÀ GUIDATI DAL DESIGN</strong><br />
Se ciò che ci caratterizzasse come essere umani fosse la nostra innata capacità di orientare le azioni immaginando le molteplici possibilità che si articolano nel domani? In questa pubblicazione condividiamo le metodologie e gli strumenti che possono permettere alle organizzazioni e alle persone che le compongono di affrontare queste sfide oggi. In un mondo complesso e volatile dove gli schemi dati scricchiolano e le metodologie del design sono diventate una chiave possibile per affrontare l’incertezza e l’ambiguità.<br />
Ci hanno accompagnato in questo viaggio 15 campioni dell’innovazione italiana, provenienti da settori molto diversi, ma sempre manifatturieri, di piccole e grandi aziende, ognuna a suo modo leader nel proprio approccio. Ognuno di loro è un testimone di quel “saper fare” che, anche in un mondo sempre più immateriale, rimane un passaggio fondamentale per disegnare futuro.</p>
<hr />
<p><strong>15 STORIE DI INNOVAZIONE ITALIANA RACCONTATE DAI PROTAGONISTI</strong><br />
Il racconto dell’innovazione attraverso le interviste di chi vive la sfida ogni giorno nelle aziende manifatturiere innovative italiane.<br />
• Filippo Manetti, Musa Director &amp; Marketing e Innovation Director, <strong>Arpa Industriale</strong><br />
• Massimo Ghedin, General Manager, <strong>Cesar Arredamenti</strong><br />
• Albino Celato, CEO, <strong>De Castelli</strong><br />
• Barbara Sala, CEO, <strong>Delcon</strong><br />
• Armido Marana, CEO, <strong>Ecozema</strong><br />
• Davide Benvenuti, Innovation Hub Manager, <strong>Electrolux Professional</strong><br />
• Nicola Bacchetta, Sales and Marketing Manager, <strong>Fiam Utensili Pneumatici</strong><br />
• Alberto Boggian, Marketing Director, <strong>Gibus</strong><br />
• Gianfranco Tonti, Presidente, <strong>Ifi</strong> <strong>–</strong> <strong>Industria Frigoriferi Italiana</strong><br />
• Gabriele Molari, Head of Marketing and Innovation, <strong>Palladio Group</strong><br />
• Erica Anesi, CEO, <strong>pba</strong><br />
• Luca Sacchi, Head of Strategic Innovation &#8211; SVP, <strong>Piaggio Group</strong>, <strong>Piaggio</strong> <strong>&amp; C</strong><br />
• Luca Nascimben, People Director, <strong>Rigoni di Asiago</strong><br />
• Riccardo Losio, Strategy &amp; Brands Director, <strong>Selle Royal Group</strong><br />
• Maurizio Zordan, CEO, <strong>Zordan 1965</strong></p>

<p>PROGETTARE INNOVAZIONE NELLA COMPLESSITÀ GUIDATI DAL DESIGN Se ciò che ci caratterizzasse come essere umani fosse la nostra innata capacità di orientare le azioni immaginando le molteplici possibilità che si [&hellip;]</p>

30 anni di libri, idee e libertà
