{"id":23882,"date":"2023-04-21T16:53:24","date_gmt":"2023-04-21T14:53:24","guid":{"rendered":"https:\/\/www.guerini.it\/?post_type=product&#038;p=23882"},"modified":"2024-06-09T20:25:56","modified_gmt":"2024-06-09T18:25:56","slug":"donne-ebree-protagoniste","status":"publish","type":"product","link":"https:\/\/www.guerini.it\/index.php\/prodotto\/donne-ebree-protagoniste\/","title":{"rendered":"Donne ebree protagoniste"},"content":{"rendered":"<p style=\"text-align: justify;\">Straordinarie figure femminili a cavallo tra 1800 e 1900 quali Paola Carrara Lombroso, Clara Archivolti Cavalieri, Anna Kuliscioff e Amelia Rosselli tra le altre, il loro impegno, e il lavoro svolto in seno alle classi svantaggiate, allo scopo di ampliarne la conoscenza e la partecipazione alla vita sociale \u2013 anticipano per molti versi attualissime tematiche di genere. Il libro racconta l\u2019avventura personale di queste donne &#8211; ebree e protagoniste &#8211; che, proprio in quanto donne, sono state poco o per nulla considerate sia dalla societ\u00e0 sia dall\u2019accademia. Non appare casuale l\u2019estrazione israelitica; per via dei valori di solidariet\u00e0 e impegno all\u2019educazione insiti nella tradizione ebraica, e del Selbstdenken, il concetto del pensare da s\u00e9, in modo autonomo e originale, cardine della tradizione del \u00absecolarismo ebraico\u00bb.<\/p>\n<hr \/>\n<p style=\"text-align: justify;\"><strong>ELISA BIANCHI<\/strong> gi\u00e0 docente di Geografia della popolazione presso il Dipartimento di Geografia e Scienze Umane dell\u2019Ambiente dell\u2019Universit\u00e0 degli Studi di Milano, \u00e8 Presidente dell\u2019<a href=\"https:\/\/www.aiaug.org\/\">Associazione Italiana Amici dell\u2019Universit\u00e0 di Gerusalemme<\/a>, che dal 1977 promuove cultura e formazione senza frontiere.<\/p>\n<p style=\"text-align: left;\"><strong>PAOLA VITA FINZI<\/strong> \u00e8 Professore emerito dell\u2019Universit\u00e0 di Pavia, dove \u00e8 stata ricercatore e docente. Nel 1980 \u00e8 diventata Professore ordinario di Chimica organica. All\u2019Universit\u00e0 di Pavia ha svolto tutta la carriera accademica ricoprendo numerosi incarichi tra cui quello di prorettore vicario. Attualmente \u00e8 Presidente de \u00abIl Nuovo Convegno\u00bb, circolo ebraico milanese di cultura, e Vicepresidente dell\u2019Associazione Italiana Amici dell\u2019Universit\u00e0 di Gerusalemme.<\/p>\n<hr \/>\n<p><strong>Rassegna Stampa<\/strong><\/p>\n<p><em>Femministe pratiche, albabetizzate e cosmopolite<\/em> di Santina Mobiglia, L&#8217;Indice, 07\/03\/2024, p.35 n. 3<\/p>\n","protected":false},"excerpt":{"rendered":"<p>Straordinarie figure femminili a cavallo tra 1800 e 1900 quali Paola Carrara Lombroso, Clara Archivolti Cavalieri, Anna Kuliscioff e Amelia Rosselli tra le altre, il loro impegno, e il lavoro [&hellip;]<\/p>\n","protected":false},"featured_media":23888,"template":"","meta":{"_editorskit_title_hidden":false,"_editorskit_reading_time":0,"_editorskit_is_block_options_detached":false,"_editorskit_block_options_position":"{}","_monsterinsights_skip_tracking":false,"_monsterinsights_sitenote_active":false,"_monsterinsights_sitenote_note":"","_monsterinsights_sitenote_category":0},"product_brand":[],"product_cat":[6617],"product_tag":[10719,7332,6822,10718,10716,10715,10720],"class_list":{"0":"post-23882","1":"product","2":"type-product","3":"status-publish","4":"has-post-thumbnail","6":"product_cat-bc","7":"product_tag-anna-kuliscioff","8":"product_tag-ebraismo","9":"product_tag-educazione","10":"product_tag-emancipazione-femminile","11":"product_tag-istruzione","12":"product_tag-solidarieta","13":"product_tag-studi-di-genere","14":"pa_guerini_amazon_link-https-www-amazon-it-donne-ebree-protagoniste-tra-secolo-dp-8862508875","15":"pa_guerini_feltrinelli_link-https-www-lafeltrinelli-it-donne-ebree-protagoniste-tra-xix-libro-vari-e-9788862508872","16":"pa_guerini_ibs_link-https-www-ibs-it-donne-ebree-protagoniste-tra-xix-libro-vari-e-9788862508872","17":"pa_guerini_libruniver_link-https-www-libreriauniversitaria-it-donne-ebree-protagoniste-xix-xx-libro-9788862508872","18":"pa_guerini_mondadori_link-https-www-mondadoristore-it-donne-ebree-protagoniste-xix-na-eai978886250887","20":"first","21":"instock","22":"sale","23":"shipping-taxable","24":"purchasable","25":"product-type-simple"},"yoast_head":"<!-- This site is optimized with the Yoast SEO plugin v25.4 - https:\/\/yoast.com\/wordpress\/plugins\/seo\/ -->\n<title>Donne ebree protagoniste | Guerini Editore<\/title>\n<meta name=\"description\" content=\"Un libro che racconta storie di emancipazione femminile agli albori del Novecento attraverso le figure di donne ebree protagoniste.\" \/>\n<meta name=\"robots\" content=\"index, follow, max-snippet:-1, max-image-preview:large, max-video-preview:-1\" \/>\n<link rel=\"canonical\" href=\"https:\/\/www.guerini.it\/index.php\/prodotto\/donne-ebree-protagoniste\/\" \/>\n<meta property=\"og:locale\" content=\"it_IT\" \/>\n<meta property=\"og:type\" content=\"article\" \/>\n<meta property=\"og:title\" content=\"Donne ebree protagoniste | Guerini Editore\" \/>\n<meta property=\"og:description\" content=\"Un libro che racconta storie di emancipazione femminile agli albori del Novecento attraverso le figure di donne ebree protagoniste.\" \/>\n<meta property=\"og:url\" content=\"https:\/\/www.guerini.it\/index.php\/prodotto\/donne-ebree-protagoniste\/\" \/>\n<meta property=\"og:site_name\" content=\"Guerini e Associati\" \/>\n<meta property=\"article:modified_time\" content=\"2024-06-09T18:25:56+00:00\" \/>\n<meta property=\"og:image\" content=\"https:\/\/www.guerini.it\/wp-content\/uploads\/2023\/04\/Front-Cover-DONNE-EBREE-PROTAGONISTE.webp\" \/>\n\t<meta property=\"og:image:width\" content=\"1654\" \/>\n\t<meta property=\"og:image:height\" content=\"2480\" \/>\n\t<meta property=\"og:image:type\" content=\"image\/webp\" \/>\n<meta name=\"twitter:card\" content=\"summary_large_image\" \/>\n<meta name=\"twitter:label1\" content=\"Tempo di lettura stimato\" \/>\n\t<meta name=\"twitter:data1\" content=\"2 minuti\" \/>\n<!-- \/ Yoast SEO plugin. -->","yoast_head_json":{"title":"Donne ebree protagoniste | Guerini Editore","description":"Un libro che racconta storie di emancipazione femminile agli albori del Novecento attraverso le figure di donne ebree protagoniste.","robots":{"index":"index","follow":"follow","max-snippet":"max-snippet:-1","max-image-preview":"max-image-preview:large","max-video-preview":"max-video-preview:-1"},"canonical":"https:\/\/www.guerini.it\/index.php\/prodotto\/donne-ebree-protagoniste\/","og_locale":"it_IT","og_type":"article","og_title":"Donne ebree protagoniste | Guerini Editore","og_description":"Un libro che racconta storie di emancipazione femminile agli albori del Novecento attraverso le figure di donne ebree protagoniste.","og_url":"https:\/\/www.guerini.it\/index.php\/prodotto\/donne-ebree-protagoniste\/","og_site_name":"Guerini e Associati","article_modified_time":"2024-06-09T18:25:56+00:00","og_image":[{"width":1654,"height":2480,"url":"https:\/\/www.guerini.it\/wp-content\/uploads\/2023\/04\/Front-Cover-DONNE-EBREE-PROTAGONISTE.webp","type":"image\/webp"}],"twitter_card":"summary_large_image","twitter_misc":{"Tempo di lettura stimato":"2 minuti"},"schema":{"@context":"https:\/\/schema.org","@graph":[{"@type":"WebPage","@id":"https:\/\/www.guerini.it\/index.php\/prodotto\/donne-ebree-protagoniste\/","url":"https:\/\/www.guerini.it\/index.php\/prodotto\/donne-ebree-protagoniste\/","name":"Donne ebree protagoniste | Guerini Editore","isPartOf":{"@id":"https:\/\/www.guerini.it\/#website"},"primaryImageOfPage":{"@id":"https:\/\/www.guerini.it\/index.php\/prodotto\/donne-ebree-protagoniste\/#primaryimage"},"image":{"@id":"https:\/\/www.guerini.it\/index.php\/prodotto\/donne-ebree-protagoniste\/#primaryimage"},"thumbnailUrl":"https:\/\/www.guerini.it\/wp-content\/uploads\/2023\/04\/Front-Cover-DONNE-EBREE-PROTAGONISTE.webp","datePublished":"2023-04-21T14:53:24+00:00","dateModified":"2024-06-09T18:25:56+00:00","description":"Un libro che racconta storie di emancipazione femminile agli albori del Novecento attraverso le figure di donne ebree protagoniste.","breadcrumb":{"@id":"https:\/\/www.guerini.it\/index.php\/prodotto\/donne-ebree-protagoniste\/#breadcrumb"},"inLanguage":"it-IT","potentialAction":[{"@type":"ReadAction","target":["https:\/\/www.guerini.it\/index.php\/prodotto\/donne-ebree-protagoniste\/"]}]},{"@type":"ImageObject","inLanguage":"it-IT","@id":"https:\/\/www.guerini.it\/index.php\/prodotto\/donne-ebree-protagoniste\/#primaryimage","url":"https:\/\/www.guerini.it\/wp-content\/uploads\/2023\/04\/Front-Cover-DONNE-EBREE-PROTAGONISTE.webp","contentUrl":"https:\/\/www.guerini.it\/wp-content\/uploads\/2023\/04\/Front-Cover-DONNE-EBREE-PROTAGONISTE.webp","width":1654,"height":2480,"caption":"Copertina di E. Bianchi, P. Vita Finzi, Donne ebree protagoniste"},{"@type":"BreadcrumbList","@id":"https:\/\/www.guerini.it\/index.php\/prodotto\/donne-ebree-protagoniste\/#breadcrumb","itemListElement":[{"@type":"ListItem","position":1,"name":"Home","item":"https:\/\/www.guerini.it\/"},{"@type":"ListItem","position":2,"name":"Catalogo","item":"https:\/\/www.guerini.it\/index.php\/negozio\/"},{"@type":"ListItem","position":3,"name":"Donne ebree protagoniste"}]},{"@type":"WebSite","@id":"https:\/\/www.guerini.it\/#website","url":"https:\/\/www.guerini.it\/","name":"Guerini e Associati","description":"30 anni di libri, idee e libert\u00e0","publisher":{"@id":"https:\/\/www.guerini.it\/#organization"},"potentialAction":[{"@type":"SearchAction","target":{"@type":"EntryPoint","urlTemplate":"https:\/\/www.guerini.it\/?s={search_term_string}"},"query-input":{"@type":"PropertyValueSpecification","valueRequired":true,"valueName":"search_term_string"}}],"inLanguage":"it-IT"},{"@type":"Organization","@id":"https:\/\/www.guerini.it\/#organization","name":"Guerini e Associati","url":"https:\/\/www.guerini.it\/","logo":{"@type":"ImageObject","inLanguage":"it-IT","@id":"https:\/\/www.guerini.it\/#\/schema\/logo\/image\/","url":"https:\/\/www.guerini.it\/wp-content\/uploads\/2021\/03\/Logo-Guerini-OK_-e1615831292285.png","contentUrl":"https:\/\/www.guerini.it\/wp-content\/uploads\/2021\/03\/Logo-Guerini-OK_-e1615831292285.png","width":2805,"height":1870,"caption":"Guerini e Associati"},"image":{"@id":"https:\/\/www.guerini.it\/#\/schema\/logo\/image\/"}}]}},"_links":{"self":[{"href":"https:\/\/www.guerini.it\/index.php\/wp-json\/wp\/v2\/product\/23882","targetHints":{"allow":["GET"]}}],"collection":[{"href":"https:\/\/www.guerini.it\/index.php\/wp-json\/wp\/v2\/product"}],"about":[{"href":"https:\/\/www.guerini.it\/index.php\/wp-json\/wp\/v2\/types\/product"}],"wp:featuredmedia":[{"embeddable":true,"href":"https:\/\/www.guerini.it\/index.php\/wp-json\/wp\/v2\/media\/23888"}],"wp:attachment":[{"href":"https:\/\/www.guerini.it\/index.php\/wp-json\/wp\/v2\/media?parent=23882"}],"wp:term":[{"taxonomy":"product_brand","embeddable":true,"href":"https:\/\/www.guerini.it\/index.php\/wp-json\/wp\/v2\/product_brand?post=23882"},{"taxonomy":"product_cat","embeddable":true,"href":"https:\/\/www.guerini.it\/index.php\/wp-json\/wp\/v2\/product_cat?post=23882"},{"taxonomy":"product_tag","embeddable":true,"href":"https:\/\/www.guerini.it\/index.php\/wp-json\/wp\/v2\/product_tag?post=23882"}],"curies":[{"name":"wp","href":"https:\/\/api.w.org\/{rel}","templated":true}]}}

<p style="text-align: justify;">Straordinarie figure femminili a cavallo tra 1800 e 1900 quali Paola Carrara Lombroso, Clara Archivolti Cavalieri, Anna Kuliscioff e Amelia Rosselli tra le altre, il loro impegno, e il lavoro svolto in seno alle classi svantaggiate, allo scopo di ampliarne la conoscenza e la partecipazione alla vita sociale – anticipano per molti versi attualissime tematiche di genere. Il libro racconta l’avventura personale di queste donne &#8211; ebree e protagoniste &#8211; che, proprio in quanto donne, sono state poco o per nulla considerate sia dalla società sia dall’accademia. Non appare casuale l’estrazione israelitica; per via dei valori di solidarietà e impegno all’educazione insiti nella tradizione ebraica, e del Selbstdenken, il concetto del pensare da sé, in modo autonomo e originale, cardine della tradizione del «secolarismo ebraico».</p>
<hr />
<p style="text-align: justify;"><strong>ELISA BIANCHI</strong> già docente di Geografia della popolazione presso il Dipartimento di Geografia e Scienze Umane dell’Ambiente dell’Università degli Studi di Milano, è Presidente dell’<a href="https://www.aiaug.org/">Associazione Italiana Amici dell’Università di Gerusalemme</a>, che dal 1977 promuove cultura e formazione senza frontiere.</p>
<p style="text-align: left;"><strong>PAOLA VITA FINZI</strong> è Professore emerito dell’Università di Pavia, dove è stata ricercatore e docente. Nel 1980 è diventata Professore ordinario di Chimica organica. All’Università di Pavia ha svolto tutta la carriera accademica ricoprendo numerosi incarichi tra cui quello di prorettore vicario. Attualmente è Presidente de «Il Nuovo Convegno», circolo ebraico milanese di cultura, e Vicepresidente dell’Associazione Italiana Amici dell’Università di Gerusalemme.</p>
<hr />
<p><strong>Rassegna Stampa</strong></p>
<p><em>Femministe pratiche, albabetizzate e cosmopolite</em> di Santina Mobiglia, L&#8217;Indice, 07/03/2024, p.35 n. 3</p>

30 anni di libri, idee e libertà
