{"id":23924,"date":"2023-06-05T14:53:16","date_gmt":"2023-06-05T12:53:16","guid":{"rendered":"https:\/\/www.guerini.it\/?post_type=product&#038;p=23924"},"modified":"2024-06-09T20:25:58","modified_gmt":"2024-06-09T18:25:58","slug":"le-cattedrali-dellindustria","status":"publish","type":"product","link":"https:\/\/www.guerini.it\/index.php\/prodotto\/le-cattedrali-dellindustria\/","title":{"rendered":"Le cattedrali dell&#8217;industria"},"content":{"rendered":"<p style=\"text-align: justify;\"><strong>Accettai, senza passione, di essere \u00abprestato\u00bb al management, senza lontanamente sospettare che non sarei mai stato restituito al mittente. E dunque sono stato un manager, anzi meglio, ho fatto il manager. <\/strong><\/p>\n<p style=\"text-align: justify;\">Dopo un passaggio in Olivetti, Mario Rosso entra in Fiat nei primi anni Settanta. Da allora \u00e8 stato ai vertici di alcune delle pi\u00f9 grandi aziende dell&#8217;industria italiana, e da quella prospettiva \u00e8 stato testimone degli snodi fondamentali nella storia del nostro Paese. Era nella direzione del personale di Fiat durante il periodo del terrorismo, quando si registravano duemila attentati all\u2019anno. Gestiva a Roma i rapporti di Fiat con le istituzioni e il mondo politico durante Tangentopoli.\u00a0 In Telecom ha partecipato da posizioni apicali al drammatico scontro azionario dell\u2019OPA. \u00c8 stato amministratore delegato di Tiscali, un\u2019azienda che dalla Sardegna ha fatto la storia di Intenet in Italia.<br \/>\nCon uno stile raffinato e tagliente l\u2019autore offre una visione personale e fuori dagli schemi del mondo industriale italiano, dei suoi retroscena e delle sue contraddizioni.<\/p>\n<hr \/>\n<p style=\"text-align: justify;\"><strong>Mario Rosso<\/strong> \u00e8 nato a Roma e si \u00e8 laureato in Filosofia teoretica all\u2019Universit\u00e0 di Torino. Dopo un\u2019esperienza presso l\u2019Olivetti, entra nella Direzione personale e organizzazione del Gruppo Fiat, dove rimane per oltre quindici anni. Da allora \u00e8 stato, tra gli altri ruoli, Direttore del personale e della comunicazione del Gruppo La Rinascente, Responsabile risorse umane di Telecom Italia, Senior Vice President in New Holland a Londra, Amministratore delegato dell\u2019agenzia <a href=\"https:\/\/www.ansa.it\/\">ANSA<\/a>, e del Gruppo Tiscali.<\/p>\n","protected":false},"excerpt":{"rendered":"<p>Accettai, senza passione, di essere \u00abprestato\u00bb al management, senza lontanamente sospettare che non sarei mai stato restituito al mittente. E dunque sono stato un manager, anzi meglio, ho fatto il [&hellip;]<\/p>\n","protected":false},"featured_media":23925,"template":"","meta":{"_editorskit_title_hidden":false,"_editorskit_reading_time":0,"_editorskit_is_block_options_detached":false,"_editorskit_block_options_position":"{}","_monsterinsights_skip_tracking":false,"_monsterinsights_sitenote_active":false,"_monsterinsights_sitenote_note":"","_monsterinsights_sitenote_category":0},"product_brand":[],"product_cat":[6805],"product_tag":[10769,6803,10770,10768,6951,10771,10772],"class_list":{"0":"post-23924","1":"product","2":"type-product","3":"status-publish","4":"has-post-thumbnail","6":"product_cat-guerini-next","7":"product_tag-fiat","8":"product_tag-management","9":"product_tag-olivetti","10":"product_tag-storia-dimpresa","11":"product_tag-storia-economica","12":"product_tag-telecom","13":"product_tag-tiscali","14":"pa_guerini_amazon_link-https-www-amazon-it-cattedrali-dellindustria-uninsolita-management-olivetti-dp-8868964899","15":"pa_guerini_feltrinelli_link-https-www-lafeltrinelli-it-cattedrali-dell-industria-insolita-storia-libro-mario-rosso-e-9788868964894","16":"pa_guerini_ibs_link-https-www-ibs-it-cattedrali-dell-industria-insolita-storia-libro-mario-rosso-e-9788868964894","17":"pa_guerini_libruniver_link-https-www-libreriauniversitaria-it-cattedrali-industria-insolita-storia-management-libro-9788868964894","18":"pa_guerini_mondadori_link-https-www-mondadoristore-it-cattedrali-dell-industria-mario-rosso-eai978886896489","20":"first","21":"instock","22":"sale","23":"shipping-taxable","24":"purchasable","25":"product-type-simple"},"yoast_head":"<!-- This site is optimized with the Yoast SEO plugin v25.4 - https:\/\/yoast.com\/wordpress\/plugins\/seo\/ -->\n<title>Le cattedrali dell&#039;industria | Guerini Editore<\/title>\n<meta name=\"description\" content=\"Un&#039;insolita storia di management tra Olivetti, Fiat e Telecom (le &quot;cattedrali&quot; dell&#039;industria italiana) raccontata da chi ne ha vissuto i principali snodi.\" \/>\n<meta name=\"robots\" content=\"index, follow, max-snippet:-1, max-image-preview:large, max-video-preview:-1\" \/>\n<link rel=\"canonical\" href=\"https:\/\/www.guerini.it\/index.php\/prodotto\/le-cattedrali-dellindustria\/\" \/>\n<meta property=\"og:locale\" content=\"it_IT\" \/>\n<meta property=\"og:type\" content=\"article\" \/>\n<meta property=\"og:title\" content=\"Le cattedrali dell&#039;industria | Guerini Editore\" \/>\n<meta property=\"og:description\" content=\"Un&#039;insolita storia di management tra Olivetti, Fiat e Telecom (le &quot;cattedrali&quot; dell&#039;industria italiana) raccontata da chi ne ha vissuto i principali snodi.\" \/>\n<meta property=\"og:url\" content=\"https:\/\/www.guerini.it\/index.php\/prodotto\/le-cattedrali-dellindustria\/\" \/>\n<meta property=\"og:site_name\" content=\"Guerini e Associati\" \/>\n<meta property=\"article:modified_time\" content=\"2024-06-09T18:25:58+00:00\" \/>\n<meta property=\"og:image\" content=\"https:\/\/www.guerini.it\/wp-content\/uploads\/2023\/06\/Front-Cover-LE-CATTEDRALI-DELLINDUSTRIA-Rosso.webp\" \/>\n\t<meta property=\"og:image:width\" content=\"1654\" \/>\n\t<meta property=\"og:image:height\" content=\"2480\" \/>\n\t<meta property=\"og:image:type\" content=\"image\/webp\" \/>\n<meta name=\"twitter:card\" content=\"summary_large_image\" \/>\n<meta name=\"twitter:label1\" content=\"Tempo di lettura stimato\" \/>\n\t<meta name=\"twitter:data1\" content=\"2 minuti\" \/>\n<!-- \/ Yoast SEO plugin. -->","yoast_head_json":{"title":"Le cattedrali dell'industria | Guerini Editore","description":"Un'insolita storia di management tra Olivetti, Fiat e Telecom (le \"cattedrali\" dell'industria italiana) raccontata da chi ne ha vissuto i principali snodi.","robots":{"index":"index","follow":"follow","max-snippet":"max-snippet:-1","max-image-preview":"max-image-preview:large","max-video-preview":"max-video-preview:-1"},"canonical":"https:\/\/www.guerini.it\/index.php\/prodotto\/le-cattedrali-dellindustria\/","og_locale":"it_IT","og_type":"article","og_title":"Le cattedrali dell'industria | Guerini Editore","og_description":"Un'insolita storia di management tra Olivetti, Fiat e Telecom (le \"cattedrali\" dell'industria italiana) raccontata da chi ne ha vissuto i principali snodi.","og_url":"https:\/\/www.guerini.it\/index.php\/prodotto\/le-cattedrali-dellindustria\/","og_site_name":"Guerini e Associati","article_modified_time":"2024-06-09T18:25:58+00:00","og_image":[{"width":1654,"height":2480,"url":"https:\/\/www.guerini.it\/wp-content\/uploads\/2023\/06\/Front-Cover-LE-CATTEDRALI-DELLINDUSTRIA-Rosso.webp","type":"image\/webp"}],"twitter_card":"summary_large_image","twitter_misc":{"Tempo di lettura stimato":"2 minuti"},"schema":{"@context":"https:\/\/schema.org","@graph":[{"@type":"WebPage","@id":"https:\/\/www.guerini.it\/index.php\/prodotto\/le-cattedrali-dellindustria\/","url":"https:\/\/www.guerini.it\/index.php\/prodotto\/le-cattedrali-dellindustria\/","name":"Le cattedrali dell'industria | Guerini Editore","isPartOf":{"@id":"https:\/\/www.guerini.it\/#website"},"primaryImageOfPage":{"@id":"https:\/\/www.guerini.it\/index.php\/prodotto\/le-cattedrali-dellindustria\/#primaryimage"},"image":{"@id":"https:\/\/www.guerini.it\/index.php\/prodotto\/le-cattedrali-dellindustria\/#primaryimage"},"thumbnailUrl":"https:\/\/www.guerini.it\/wp-content\/uploads\/2023\/06\/Front-Cover-LE-CATTEDRALI-DELLINDUSTRIA-Rosso.webp","datePublished":"2023-06-05T12:53:16+00:00","dateModified":"2024-06-09T18:25:58+00:00","description":"Un'insolita storia di management tra Olivetti, Fiat e Telecom (le \"cattedrali\" dell'industria italiana) raccontata da chi ne ha vissuto i principali snodi.","breadcrumb":{"@id":"https:\/\/www.guerini.it\/index.php\/prodotto\/le-cattedrali-dellindustria\/#breadcrumb"},"inLanguage":"it-IT","potentialAction":[{"@type":"ReadAction","target":["https:\/\/www.guerini.it\/index.php\/prodotto\/le-cattedrali-dellindustria\/"]}]},{"@type":"ImageObject","inLanguage":"it-IT","@id":"https:\/\/www.guerini.it\/index.php\/prodotto\/le-cattedrali-dellindustria\/#primaryimage","url":"https:\/\/www.guerini.it\/wp-content\/uploads\/2023\/06\/Front-Cover-LE-CATTEDRALI-DELLINDUSTRIA-Rosso.webp","contentUrl":"https:\/\/www.guerini.it\/wp-content\/uploads\/2023\/06\/Front-Cover-LE-CATTEDRALI-DELLINDUSTRIA-Rosso.webp","width":1654,"height":2480,"caption":"Copertina di M. Rosso, Le cattedrali dell'industria, Guerini Next, 2023"},{"@type":"BreadcrumbList","@id":"https:\/\/www.guerini.it\/index.php\/prodotto\/le-cattedrali-dellindustria\/#breadcrumb","itemListElement":[{"@type":"ListItem","position":1,"name":"Home","item":"https:\/\/www.guerini.it\/"},{"@type":"ListItem","position":2,"name":"Catalogo","item":"https:\/\/www.guerini.it\/index.php\/negozio\/"},{"@type":"ListItem","position":3,"name":"Le cattedrali dell&#8217;industria"}]},{"@type":"WebSite","@id":"https:\/\/www.guerini.it\/#website","url":"https:\/\/www.guerini.it\/","name":"Guerini e Associati","description":"30 anni di libri, idee e libert\u00e0","publisher":{"@id":"https:\/\/www.guerini.it\/#organization"},"potentialAction":[{"@type":"SearchAction","target":{"@type":"EntryPoint","urlTemplate":"https:\/\/www.guerini.it\/?s={search_term_string}"},"query-input":{"@type":"PropertyValueSpecification","valueRequired":true,"valueName":"search_term_string"}}],"inLanguage":"it-IT"},{"@type":"Organization","@id":"https:\/\/www.guerini.it\/#organization","name":"Guerini e Associati","url":"https:\/\/www.guerini.it\/","logo":{"@type":"ImageObject","inLanguage":"it-IT","@id":"https:\/\/www.guerini.it\/#\/schema\/logo\/image\/","url":"https:\/\/www.guerini.it\/wp-content\/uploads\/2021\/03\/Logo-Guerini-OK_-e1615831292285.png","contentUrl":"https:\/\/www.guerini.it\/wp-content\/uploads\/2021\/03\/Logo-Guerini-OK_-e1615831292285.png","width":2805,"height":1870,"caption":"Guerini e Associati"},"image":{"@id":"https:\/\/www.guerini.it\/#\/schema\/logo\/image\/"}}]}},"_links":{"self":[{"href":"https:\/\/www.guerini.it\/index.php\/wp-json\/wp\/v2\/product\/23924","targetHints":{"allow":["GET"]}}],"collection":[{"href":"https:\/\/www.guerini.it\/index.php\/wp-json\/wp\/v2\/product"}],"about":[{"href":"https:\/\/www.guerini.it\/index.php\/wp-json\/wp\/v2\/types\/product"}],"wp:featuredmedia":[{"embeddable":true,"href":"https:\/\/www.guerini.it\/index.php\/wp-json\/wp\/v2\/media\/23925"}],"wp:attachment":[{"href":"https:\/\/www.guerini.it\/index.php\/wp-json\/wp\/v2\/media?parent=23924"}],"wp:term":[{"taxonomy":"product_brand","embeddable":true,"href":"https:\/\/www.guerini.it\/index.php\/wp-json\/wp\/v2\/product_brand?post=23924"},{"taxonomy":"product_cat","embeddable":true,"href":"https:\/\/www.guerini.it\/index.php\/wp-json\/wp\/v2\/product_cat?post=23924"},{"taxonomy":"product_tag","embeddable":true,"href":"https:\/\/www.guerini.it\/index.php\/wp-json\/wp\/v2\/product_tag?post=23924"}],"curies":[{"name":"wp","href":"https:\/\/api.w.org\/{rel}","templated":true}]}}

<p style="text-align: justify;"><strong>Accettai, senza passione, di essere «prestato» al management, senza lontanamente sospettare che non sarei mai stato restituito al mittente. E dunque sono stato un manager, anzi meglio, ho fatto il manager. </strong></p>
<p style="text-align: justify;">Dopo un passaggio in Olivetti, Mario Rosso entra in Fiat nei primi anni Settanta. Da allora è stato ai vertici di alcune delle più grandi aziende dell&#8217;industria italiana, e da quella prospettiva è stato testimone degli snodi fondamentali nella storia del nostro Paese. Era nella direzione del personale di Fiat durante il periodo del terrorismo, quando si registravano duemila attentati all’anno. Gestiva a Roma i rapporti di Fiat con le istituzioni e il mondo politico durante Tangentopoli.  In Telecom ha partecipato da posizioni apicali al drammatico scontro azionario dell’OPA. È stato amministratore delegato di Tiscali, un’azienda che dalla Sardegna ha fatto la storia di Intenet in Italia.<br />
Con uno stile raffinato e tagliente l’autore offre una visione personale e fuori dagli schemi del mondo industriale italiano, dei suoi retroscena e delle sue contraddizioni.</p>
<hr />
<p style="text-align: justify;"><strong>Mario Rosso</strong> è nato a Roma e si è laureato in Filosofia teoretica all’Università di Torino. Dopo un’esperienza presso l’Olivetti, entra nella Direzione personale e organizzazione del Gruppo Fiat, dove rimane per oltre quindici anni. Da allora è stato, tra gli altri ruoli, Direttore del personale e della comunicazione del Gruppo La Rinascente, Responsabile risorse umane di Telecom Italia, Senior Vice President in New Holland a Londra, Amministratore delegato dell’agenzia <a href="https://www.ansa.it/">ANSA</a>, e del Gruppo Tiscali.</p>

30 anni di libri, idee e libertà
