{"id":23935,"date":"2023-06-14T16:05:32","date_gmt":"2023-06-14T14:05:32","guid":{"rendered":"https:\/\/www.guerini.it\/?post_type=product&#038;p=23935"},"modified":"2024-06-09T20:25:59","modified_gmt":"2024-06-09T18:25:59","slug":"con-le-mie-mani","status":"publish","type":"product","link":"https:\/\/www.guerini.it\/index.php\/prodotto\/con-le-mie-mani\/","title":{"rendered":"Con le mie mani"},"content":{"rendered":"<p style=\"text-align: justify;\">Nel 1956 Rino Perlati arriv\u00f2 bambino a Badia Calavena, in provincia di Verona, sopra un carretto pieno di ciliegie. La sua famiglia si era trasferita dalla campagna per cercare lavoro e su quel carretto stavano tutte le loro cose. Rino cominci\u00f2 a lavorare nella bottega del fabbro del paese quando ancora andava alle elementari. Nel 1980 affitt\u00f2 un terreno agricolo e vi costru\u00ec un capannone industriale. Oggi quel capannone \u00e8 diventato la Penta Systems, un\u2019azienda di arredi in metallo con oltre cento dipendenti.<br \/>\nDopo oltre quarant\u2019anni di crescita e innovazione, Perlati racconta la storia di un\u2019azienda nata dal nulla, che \u00e8 anche una riflessione sullo sviluppo industriale del Nord Est.<\/p>\n<hr \/>\n<p style=\"text-align: justify;\"><strong>RINO PERLATI<\/strong> \u00e8 un imprenditore veneto. Ha fondato nel 1980 la <a href=\"https:\/\/www.pentasystems.it\/\">Penta Systems<\/a>, un\u2019azienda manifatturiera che dirige tutt\u2019oggi. Tra i suoi clienti vi sono Luxottica, Geox e Tezenis.<\/p>\n","protected":false},"excerpt":{"rendered":"<p>Nel 1956 Rino Perlati arriv\u00f2 bambino a Badia Calavena, in provincia di Verona, sopra un carretto pieno di ciliegie. La sua famiglia si era trasferita dalla campagna per cercare lavoro [&hellip;]<\/p>\n","protected":false},"featured_media":23936,"template":"","meta":{"_editorskit_title_hidden":false,"_editorskit_reading_time":0,"_editorskit_is_block_options_detached":false,"_editorskit_block_options_position":"{}","_monsterinsights_skip_tracking":false,"_monsterinsights_sitenote_active":false,"_monsterinsights_sitenote_note":"","_monsterinsights_sitenote_category":0},"product_brand":[],"product_cat":[6805],"product_tag":[10835,10833,10768,10834,10832],"class_list":{"0":"post-23935","1":"product","2":"type-product","3":"status-publish","4":"has-post-thumbnail","6":"product_cat-guerini-next","7":"product_tag-imprenditore","8":"product_tag-nord-est","9":"product_tag-storia-dimpresa","10":"product_tag-tessuto-produttivo-italiano","11":"product_tag-triveneto","12":"pa_guerini_amazon_link-https-www-amazon-it-mani-fucina-fabbro-successo-systems-dp-8868964864","13":"pa_guerini_feltrinelli_link-https-www-lafeltrinelli-it-con-mie-mani-dalla-fucina-libro-rino-perlati-e-9788868964863","14":"pa_guerini_ibs_link-https-www-ibs-it-con-mie-mani-dalla-fucina-libro-rino-perlati-e-9788868964863","15":"pa_guerini_libruniver_link-https-www-libreriauniversitaria-it-mie-mani-fucina-fabbro-successo-libro-9788868964863","16":"pa_guerini_mondadori_link-https-www-mondadoristore-it-mie-mani-dalla-fucina-fabbro-rino-perlati-eai978886896486","18":"first","19":"instock","20":"sale","21":"shipping-taxable","22":"purchasable","23":"product-type-simple"},"yoast_head":"<!-- This site is optimized with the Yoast SEO plugin v25.4 - https:\/\/yoast.com\/wordpress\/plugins\/seo\/ -->\n<title>R. Perlati, Con le mie mani | Guerini Editore<\/title>\n<meta name=\"description\" content=\"A 40 anni dalla fondazione della sua Penta System, Rino Perlati si racconta in un libro che \u00e8 anche una riflessione sullo sviluppo industriale del Nord-Est.\" \/>\n<meta name=\"robots\" content=\"index, follow, max-snippet:-1, max-image-preview:large, max-video-preview:-1\" \/>\n<link rel=\"canonical\" href=\"https:\/\/www.guerini.it\/index.php\/prodotto\/con-le-mie-mani\/\" \/>\n<meta property=\"og:locale\" content=\"it_IT\" \/>\n<meta property=\"og:type\" content=\"article\" \/>\n<meta property=\"og:title\" content=\"R. Perlati, Con le mie mani | Guerini Editore\" \/>\n<meta property=\"og:description\" content=\"A 40 anni dalla fondazione della sua Penta System, Rino Perlati si racconta in un libro che \u00e8 anche una riflessione sullo sviluppo industriale del Nord-Est.\" \/>\n<meta property=\"og:url\" content=\"https:\/\/www.guerini.it\/index.php\/prodotto\/con-le-mie-mani\/\" \/>\n<meta property=\"og:site_name\" content=\"Guerini e Associati\" \/>\n<meta property=\"article:modified_time\" content=\"2024-06-09T18:25:59+00:00\" \/>\n<meta property=\"og:image\" content=\"https:\/\/www.guerini.it\/wp-content\/uploads\/2023\/06\/Front-Cover-CON-LE-MIE-MANI-Perlati.webp\" \/>\n\t<meta property=\"og:image:width\" content=\"1654\" \/>\n\t<meta property=\"og:image:height\" content=\"2480\" \/>\n\t<meta property=\"og:image:type\" content=\"image\/webp\" \/>\n<meta name=\"twitter:card\" content=\"summary_large_image\" \/>\n<meta name=\"twitter:label1\" content=\"Tempo di lettura stimato\" \/>\n\t<meta name=\"twitter:data1\" content=\"1 minuto\" \/>\n<!-- \/ Yoast SEO plugin. -->","yoast_head_json":{"title":"R. Perlati, Con le mie mani | Guerini Editore","description":"A 40 anni dalla fondazione della sua Penta System, Rino Perlati si racconta in un libro che \u00e8 anche una riflessione sullo sviluppo industriale del Nord-Est.","robots":{"index":"index","follow":"follow","max-snippet":"max-snippet:-1","max-image-preview":"max-image-preview:large","max-video-preview":"max-video-preview:-1"},"canonical":"https:\/\/www.guerini.it\/index.php\/prodotto\/con-le-mie-mani\/","og_locale":"it_IT","og_type":"article","og_title":"R. Perlati, Con le mie mani | Guerini Editore","og_description":"A 40 anni dalla fondazione della sua Penta System, Rino Perlati si racconta in un libro che \u00e8 anche una riflessione sullo sviluppo industriale del Nord-Est.","og_url":"https:\/\/www.guerini.it\/index.php\/prodotto\/con-le-mie-mani\/","og_site_name":"Guerini e Associati","article_modified_time":"2024-06-09T18:25:59+00:00","og_image":[{"width":1654,"height":2480,"url":"https:\/\/www.guerini.it\/wp-content\/uploads\/2023\/06\/Front-Cover-CON-LE-MIE-MANI-Perlati.webp","type":"image\/webp"}],"twitter_card":"summary_large_image","twitter_misc":{"Tempo di lettura stimato":"1 minuto"},"schema":{"@context":"https:\/\/schema.org","@graph":[{"@type":"WebPage","@id":"https:\/\/www.guerini.it\/index.php\/prodotto\/con-le-mie-mani\/","url":"https:\/\/www.guerini.it\/index.php\/prodotto\/con-le-mie-mani\/","name":"R. Perlati, Con le mie mani | Guerini Editore","isPartOf":{"@id":"https:\/\/www.guerini.it\/#website"},"primaryImageOfPage":{"@id":"https:\/\/www.guerini.it\/index.php\/prodotto\/con-le-mie-mani\/#primaryimage"},"image":{"@id":"https:\/\/www.guerini.it\/index.php\/prodotto\/con-le-mie-mani\/#primaryimage"},"thumbnailUrl":"https:\/\/www.guerini.it\/wp-content\/uploads\/2023\/06\/Front-Cover-CON-LE-MIE-MANI-Perlati.webp","datePublished":"2023-06-14T14:05:32+00:00","dateModified":"2024-06-09T18:25:59+00:00","description":"A 40 anni dalla fondazione della sua Penta System, Rino Perlati si racconta in un libro che \u00e8 anche una riflessione sullo sviluppo industriale del Nord-Est.","breadcrumb":{"@id":"https:\/\/www.guerini.it\/index.php\/prodotto\/con-le-mie-mani\/#breadcrumb"},"inLanguage":"it-IT","potentialAction":[{"@type":"ReadAction","target":["https:\/\/www.guerini.it\/index.php\/prodotto\/con-le-mie-mani\/"]}]},{"@type":"ImageObject","inLanguage":"it-IT","@id":"https:\/\/www.guerini.it\/index.php\/prodotto\/con-le-mie-mani\/#primaryimage","url":"https:\/\/www.guerini.it\/wp-content\/uploads\/2023\/06\/Front-Cover-CON-LE-MIE-MANI-Perlati.webp","contentUrl":"https:\/\/www.guerini.it\/wp-content\/uploads\/2023\/06\/Front-Cover-CON-LE-MIE-MANI-Perlati.webp","width":1654,"height":2480,"caption":"Copertina del libro di R. Perlati, Con le mie mani, Guerini Next, 2023"},{"@type":"BreadcrumbList","@id":"https:\/\/www.guerini.it\/index.php\/prodotto\/con-le-mie-mani\/#breadcrumb","itemListElement":[{"@type":"ListItem","position":1,"name":"Home","item":"https:\/\/www.guerini.it\/"},{"@type":"ListItem","position":2,"name":"Catalogo","item":"https:\/\/www.guerini.it\/index.php\/negozio\/"},{"@type":"ListItem","position":3,"name":"Con le mie mani"}]},{"@type":"WebSite","@id":"https:\/\/www.guerini.it\/#website","url":"https:\/\/www.guerini.it\/","name":"Guerini e Associati","description":"30 anni di libri, idee e libert\u00e0","publisher":{"@id":"https:\/\/www.guerini.it\/#organization"},"potentialAction":[{"@type":"SearchAction","target":{"@type":"EntryPoint","urlTemplate":"https:\/\/www.guerini.it\/?s={search_term_string}"},"query-input":{"@type":"PropertyValueSpecification","valueRequired":true,"valueName":"search_term_string"}}],"inLanguage":"it-IT"},{"@type":"Organization","@id":"https:\/\/www.guerini.it\/#organization","name":"Guerini e Associati","url":"https:\/\/www.guerini.it\/","logo":{"@type":"ImageObject","inLanguage":"it-IT","@id":"https:\/\/www.guerini.it\/#\/schema\/logo\/image\/","url":"https:\/\/www.guerini.it\/wp-content\/uploads\/2021\/03\/Logo-Guerini-OK_-e1615831292285.png","contentUrl":"https:\/\/www.guerini.it\/wp-content\/uploads\/2021\/03\/Logo-Guerini-OK_-e1615831292285.png","width":2805,"height":1870,"caption":"Guerini e Associati"},"image":{"@id":"https:\/\/www.guerini.it\/#\/schema\/logo\/image\/"}}]}},"_links":{"self":[{"href":"https:\/\/www.guerini.it\/index.php\/wp-json\/wp\/v2\/product\/23935","targetHints":{"allow":["GET"]}}],"collection":[{"href":"https:\/\/www.guerini.it\/index.php\/wp-json\/wp\/v2\/product"}],"about":[{"href":"https:\/\/www.guerini.it\/index.php\/wp-json\/wp\/v2\/types\/product"}],"wp:featuredmedia":[{"embeddable":true,"href":"https:\/\/www.guerini.it\/index.php\/wp-json\/wp\/v2\/media\/23936"}],"wp:attachment":[{"href":"https:\/\/www.guerini.it\/index.php\/wp-json\/wp\/v2\/media?parent=23935"}],"wp:term":[{"taxonomy":"product_brand","embeddable":true,"href":"https:\/\/www.guerini.it\/index.php\/wp-json\/wp\/v2\/product_brand?post=23935"},{"taxonomy":"product_cat","embeddable":true,"href":"https:\/\/www.guerini.it\/index.php\/wp-json\/wp\/v2\/product_cat?post=23935"},{"taxonomy":"product_tag","embeddable":true,"href":"https:\/\/www.guerini.it\/index.php\/wp-json\/wp\/v2\/product_tag?post=23935"}],"curies":[{"name":"wp","href":"https:\/\/api.w.org\/{rel}","templated":true}]}}

<p style="text-align: justify;">Nel 1956 Rino Perlati arrivò bambino a Badia Calavena, in provincia di Verona, sopra un carretto pieno di ciliegie. La sua famiglia si era trasferita dalla campagna per cercare lavoro e su quel carretto stavano tutte le loro cose. Rino cominciò a lavorare nella bottega del fabbro del paese quando ancora andava alle elementari. Nel 1980 affittò un terreno agricolo e vi costruì un capannone industriale. Oggi quel capannone è diventato la Penta Systems, un’azienda di arredi in metallo con oltre cento dipendenti.<br />
Dopo oltre quarant’anni di crescita e innovazione, Perlati racconta la storia di un’azienda nata dal nulla, che è anche una riflessione sullo sviluppo industriale del Nord Est.</p>
<hr />
<p style="text-align: justify;"><strong>RINO PERLATI</strong> è un imprenditore veneto. Ha fondato nel 1980 la <a href="https://www.pentasystems.it/">Penta Systems</a>, un’azienda manifatturiera che dirige tutt’oggi. Tra i suoi clienti vi sono Luxottica, Geox e Tezenis.</p>

<p>Nel 1956 Rino Perlati arrivò bambino a Badia Calavena, in provincia di Verona, sopra un carretto pieno di ciliegie. La sua famiglia si era trasferita dalla campagna per cercare lavoro [&hellip;]</p>

<!-- This site is optimized with the Yoast SEO plugin v25.4 - https://yoast.com/wordpress/plugins/seo/ -->
<title>R. Perlati, Con le mie mani | Guerini Editore</title>
<meta name="description" content="A 40 anni dalla fondazione della sua Penta System, Rino Perlati si racconta in un libro che è anche una riflessione sullo sviluppo industriale del Nord-Est." />
<meta name="robots" content="index, follow, max-snippet:-1, max-image-preview:large, max-video-preview:-1" />
<link rel="canonical" href="https://www.guerini.it/index.php/prodotto/con-le-mie-mani/" />
<meta property="og:locale" content="it_IT" />
<meta property="og:type" content="article" />
<meta property="og:title" content="R. Perlati, Con le mie mani | Guerini Editore" />
<meta property="og:description" content="A 40 anni dalla fondazione della sua Penta System, Rino Perlati si racconta in un libro che è anche una riflessione sullo sviluppo industriale del Nord-Est." />
<meta property="og:url" content="https://www.guerini.it/index.php/prodotto/con-le-mie-mani/" />
<meta property="og:site_name" content="Guerini e Associati" />
<meta property="article:modified_time" content="2024-06-09T18:25:59+00:00" />
<meta property="og:image" content="https://www.guerini.it/wp-content/uploads/2023/06/Front-Cover-CON-LE-MIE-MANI-Perlati.webp" />
	<meta property="og:image:width" content="1654" />
	<meta property="og:image:height" content="2480" />
	<meta property="og:image:type" content="image/webp" />
<meta name="twitter:card" content="summary_large_image" />
<meta name="twitter:label1" content="Tempo di lettura stimato" />
	<meta name="twitter:data1" content="1 minuto" />
<!-- / Yoast SEO plugin. -->

A 40 anni dalla fondazione della sua Penta System, Rino Perlati si racconta in un libro che è anche una riflessione sullo sviluppo industriale del Nord-Est.

30 anni di libri, idee e libertà
