{"id":23940,"date":"2023-06-27T16:16:26","date_gmt":"2023-06-27T14:16:26","guid":{"rendered":"https:\/\/www.guerini.it\/?post_type=product&#038;p=23940"},"modified":"2024-06-09T20:25:59","modified_gmt":"2024-06-09T18:25:59","slug":"giuliano-zuccoli-lenergia-che-ci-manca","status":"publish","type":"product","link":"https:\/\/www.guerini.it\/index.php\/prodotto\/giuliano-zuccoli-lenergia-che-ci-manca\/","title":{"rendered":"Giuliano Zuccoli. L&#8217;energia che ci manca"},"content":{"rendered":"<blockquote><p>\u00abNel pieno di una crisi energetica ed ecologica mondiale<br \/>\naggravata dalla guerra in Ucraina, risulta ancora<br \/>\npi\u00f9 interessante la portata storica del contributo di<br \/>\nGiuliano Zuccoli all\u2019industria dell\u2019energia in Italia.\u00bb<br \/>\n<em>dalla prefazione di Giuseppe Sala, Sindaco di Milano<\/em><\/p><\/blockquote>\n<p style=\"text-align: justify;\">All\u2019apice della sua vita, l\u2019attivit\u00e0 professionale di Giuliano Zuccoli coincide con la pi\u00f9 straordinaria trasformazione dell\u2019industria energetica e del mondo delle <em>utilities<\/em> in Italia che ha avuto, in lui, un indiscusso protagonista, la cui espressione massima \u00e8 stata la creazione e la nascita del gruppo energetico <a href=\"https:\/\/www.gruppoa2a.it\/it\/home\">a2a<\/a>. Partendo dall\u2019eredit\u00e0 di due secolari aziende municipali quali la Aem di Milano e la Asm di Brescia, in meno di un decennio a2a \u00e8 diventata infatti il secondo polo energetico e ambientale del Paese.<br \/>\nLa portata storica dell\u2019opera di Zuccoli risalta ancora di pi\u00f9 oggi se pensiamo alla crisi energetica ed ecologica mondiale, aggravata dalla guerra in Ucraina: una situazione che d\u00e0 alle azioni e alle parole dell\u2019ingegnere valtellinese il valore di vere e proprie profezie. Con un approccio narrativo, il volume parte dal racconto biografico, attraversa la comunit\u00e0 in cui Zuccoli si \u00e8 formato per arrivare all\u2019intensa attivit\u00e0 volta a costruire una <em>public utility<\/em> moderna.<br \/>\nIl libro mette inoltre a disposizione del lettore la raccolta completa di numerosi documenti tra cui lo strumento principale con cui Zuccoli comunicava, tappa dopo tappa, l\u2019incedere del suo progetto industriale: quella \u00abLettera agli Azionisti\u00bb per l\u2019approvazione del Bilancio tra le cui righe si pu\u00f2 cogliere, anno dopo anno (dal 1996 al 2011), un\u2019architettura industriale unica, finalizzata a stimolare e realizzare l\u2019autonomia energetica del nostro Paese.<\/p>\n<p><iframe loading=\"lazy\" title=\"YouTube video player\" src=\"https:\/\/www.youtube.com\/embed\/yxP61oblQwQ\" width=\"560\" height=\"315\" frameborder=\"0\" allowfullscreen=\"allowfullscreen\"><\/iframe><\/p>\n<hr \/>\n<p style=\"text-align: justify;\"><strong>BIAGIO LONGO<\/strong> \u00e8 giornalista radiofonico e televisivo, ha lavorato a Radio Popolare, Telelombardia, Tg5. Attualmente \u00e8 direttore di <em>Servizi &amp; Societ\u00e0<\/em>, rivista delle Utility Lombarde. Dagli anni Novanta ha assunto la direzione comunicazione e relazioni esterne prima di Aem, poi di Aem Spa fino al lancio di a2a, nel cui ambito ha ideato la Casa dell\u2019Energia e la Fondazione Aem. \u00c8 stato direttore alla Comunicazione, con Alessandro Ortis, e ha sempre affiancato con passione Giuliano Zuccoli nella sua straordinaria avventura per la costruzione di a2a.<\/p>\n<hr \/>\n<p style=\"text-align: justify;\"><strong>RASSEGNA STAMPA<\/strong><\/p>\n<ul>\n<li><em><a href=\"https:\/\/stefanorolando.it\/?p=7880\">La cultura industriale e civica di una classe dirigente<\/a><\/em> di Stefano Rolando<\/li>\n<li><a href=\"https:\/\/www.ilsole24ore.com\/art\/le-lezioni-passato-capire-nuovo-salto-d-epoca-green-AFlvmpP\"><em>Le lezioni del passato per capire il nuovo salto d&#8217;epoca green<\/em><\/a> di Aldo Bonomi (<strong>Il Sole 24 Ore &#8211; rubrica Microcosmi<\/strong>)<\/li>\n<\/ul>\n","protected":false},"excerpt":{"rendered":"<p>\u00abNel pieno di una crisi energetica ed ecologica mondiale aggravata dalla guerra in Ucraina, risulta ancora pi\u00f9 interessante la portata storica del contributo di Giuliano Zuccoli all\u2019industria dell\u2019energia in Italia.\u00bb [&hellip;]<\/p>\n","protected":false},"featured_media":23943,"template":"","meta":{"_editorskit_title_hidden":false,"_editorskit_reading_time":0,"_editorskit_is_block_options_detached":false,"_editorskit_block_options_position":"{}","_monsterinsights_skip_tracking":false,"_monsterinsights_sitenote_active":false,"_monsterinsights_sitenote_note":"","_monsterinsights_sitenote_category":0},"product_brand":[],"product_cat":[6636],"product_tag":[10839,8219,10840,10838,10841],"class_list":{"0":"post-23940","1":"product","2":"type-product","3":"status-publish","4":"has-post-thumbnail","6":"product_cat-di-storie-in-storia","7":"product_tag-a2a","8":"product_tag-energia","9":"product_tag-futuro-energetico","10":"product_tag-industria-elettrica","11":"product_tag-transizione-energetica","12":"pa_guerini_amazon_link-https-www-amazon-it-lenergia-che-manca-biagio-longo-dp-8862508778","13":"pa_guerini_feltrinelli_link-https-www-lafeltrinelli-it-giuliano-zuccoli-energia-che-ci-libro-biagio-longo-e-9788862508773","14":"pa_guerini_ibs_link-https-www-ibs-it-giuliano-zuccoli-energia-che-ci-libro-biagio-longo-e-9788862508773","15":"pa_guerini_libruniver_link-https-www-libreriauniversitaria-it-giuliano-zuccoli-energia-ci-manca-libro-9788862508773","16":"pa_guerini_mondadori_link-https-www-mondadoristore-it-giuliano-zuccoli-energia-che-biagio-longo-eai978886250877","18":"first","19":"instock","20":"sale","21":"shipping-taxable","22":"purchasable","23":"product-type-simple"},"yoast_head":"<!-- This site is optimized with the Yoast SEO plugin v25.4 - https:\/\/yoast.com\/wordpress\/plugins\/seo\/ -->\n<title>B. Longo, Giuliano Zuccoli. L&#039;energia che ci manca | Guerini Editore<\/title>\n<meta name=\"description\" content=\"Una riflessione sul futuro energetico dell&#039;Italia a partire dalla storia di Giuliano Zuccoli, indiscusso protagonista dell&#039;industria elettrica nostrana.\" \/>\n<meta name=\"robots\" content=\"index, follow, max-snippet:-1, max-image-preview:large, max-video-preview:-1\" \/>\n<link rel=\"canonical\" href=\"https:\/\/www.guerini.it\/index.php\/prodotto\/giuliano-zuccoli-lenergia-che-ci-manca\/\" \/>\n<meta property=\"og:locale\" content=\"it_IT\" \/>\n<meta property=\"og:type\" content=\"article\" \/>\n<meta property=\"og:title\" content=\"B. Longo, Giuliano Zuccoli. L&#039;energia che ci manca | Guerini Editore\" \/>\n<meta property=\"og:description\" content=\"Una riflessione sul futuro energetico dell&#039;Italia a partire dalla storia di Giuliano Zuccoli, indiscusso protagonista dell&#039;industria elettrica nostrana.\" \/>\n<meta property=\"og:url\" content=\"https:\/\/www.guerini.it\/index.php\/prodotto\/giuliano-zuccoli-lenergia-che-ci-manca\/\" \/>\n<meta property=\"og:site_name\" content=\"Guerini e Associati\" \/>\n<meta property=\"article:modified_time\" content=\"2024-06-09T18:25:59+00:00\" \/>\n<meta property=\"og:image\" content=\"https:\/\/www.guerini.it\/wp-content\/uploads\/2023\/06\/Front-Cover-GIULIANO-ZUCCOLI-L_ENERGIA-CHE-CI-MANCA-scaled.webp\" \/>\n\t<meta property=\"og:image:width\" content=\"1813\" \/>\n\t<meta property=\"og:image:height\" content=\"2560\" \/>\n\t<meta property=\"og:image:type\" content=\"image\/webp\" \/>\n<meta name=\"twitter:card\" content=\"summary_large_image\" \/>\n<meta name=\"twitter:label1\" content=\"Tempo di lettura stimato\" \/>\n\t<meta name=\"twitter:data1\" content=\"2 minuti\" \/>\n<!-- \/ Yoast SEO plugin. -->","yoast_head_json":{"title":"B. Longo, Giuliano Zuccoli. L'energia che ci manca | Guerini Editore","description":"Una riflessione sul futuro energetico dell'Italia a partire dalla storia di Giuliano Zuccoli, indiscusso protagonista dell'industria elettrica nostrana.","robots":{"index":"index","follow":"follow","max-snippet":"max-snippet:-1","max-image-preview":"max-image-preview:large","max-video-preview":"max-video-preview:-1"},"canonical":"https:\/\/www.guerini.it\/index.php\/prodotto\/giuliano-zuccoli-lenergia-che-ci-manca\/","og_locale":"it_IT","og_type":"article","og_title":"B. Longo, Giuliano Zuccoli. L'energia che ci manca | Guerini Editore","og_description":"Una riflessione sul futuro energetico dell'Italia a partire dalla storia di Giuliano Zuccoli, indiscusso protagonista dell'industria elettrica nostrana.","og_url":"https:\/\/www.guerini.it\/index.php\/prodotto\/giuliano-zuccoli-lenergia-che-ci-manca\/","og_site_name":"Guerini e Associati","article_modified_time":"2024-06-09T18:25:59+00:00","og_image":[{"width":1813,"height":2560,"url":"https:\/\/www.guerini.it\/wp-content\/uploads\/2023\/06\/Front-Cover-GIULIANO-ZUCCOLI-L_ENERGIA-CHE-CI-MANCA-scaled.webp","type":"image\/webp"}],"twitter_card":"summary_large_image","twitter_misc":{"Tempo di lettura stimato":"2 minuti"},"schema":{"@context":"https:\/\/schema.org","@graph":[{"@type":"WebPage","@id":"https:\/\/www.guerini.it\/index.php\/prodotto\/giuliano-zuccoli-lenergia-che-ci-manca\/","url":"https:\/\/www.guerini.it\/index.php\/prodotto\/giuliano-zuccoli-lenergia-che-ci-manca\/","name":"B. Longo, Giuliano Zuccoli. L'energia che ci manca | Guerini Editore","isPartOf":{"@id":"https:\/\/www.guerini.it\/#website"},"primaryImageOfPage":{"@id":"https:\/\/www.guerini.it\/index.php\/prodotto\/giuliano-zuccoli-lenergia-che-ci-manca\/#primaryimage"},"image":{"@id":"https:\/\/www.guerini.it\/index.php\/prodotto\/giuliano-zuccoli-lenergia-che-ci-manca\/#primaryimage"},"thumbnailUrl":"https:\/\/www.guerini.it\/wp-content\/uploads\/2023\/06\/Front-Cover-GIULIANO-ZUCCOLI-L_ENERGIA-CHE-CI-MANCA-scaled.webp","datePublished":"2023-06-27T14:16:26+00:00","dateModified":"2024-06-09T18:25:59+00:00","description":"Una riflessione sul futuro energetico dell'Italia a partire dalla storia di Giuliano Zuccoli, indiscusso protagonista dell'industria elettrica nostrana.","breadcrumb":{"@id":"https:\/\/www.guerini.it\/index.php\/prodotto\/giuliano-zuccoli-lenergia-che-ci-manca\/#breadcrumb"},"inLanguage":"it-IT","potentialAction":[{"@type":"ReadAction","target":["https:\/\/www.guerini.it\/index.php\/prodotto\/giuliano-zuccoli-lenergia-che-ci-manca\/"]}]},{"@type":"ImageObject","inLanguage":"it-IT","@id":"https:\/\/www.guerini.it\/index.php\/prodotto\/giuliano-zuccoli-lenergia-che-ci-manca\/#primaryimage","url":"https:\/\/www.guerini.it\/wp-content\/uploads\/2023\/06\/Front-Cover-GIULIANO-ZUCCOLI-L_ENERGIA-CHE-CI-MANCA-scaled.webp","contentUrl":"https:\/\/www.guerini.it\/wp-content\/uploads\/2023\/06\/Front-Cover-GIULIANO-ZUCCOLI-L_ENERGIA-CHE-CI-MANCA-scaled.webp","width":1813,"height":2560,"caption":"Copertina del libro di B. Longo, Giuliano Zuccoli. L'energia che ci manca, Guerini e Associati, 2023"},{"@type":"BreadcrumbList","@id":"https:\/\/www.guerini.it\/index.php\/prodotto\/giuliano-zuccoli-lenergia-che-ci-manca\/#breadcrumb","itemListElement":[{"@type":"ListItem","position":1,"name":"Home","item":"https:\/\/www.guerini.it\/"},{"@type":"ListItem","position":2,"name":"Catalogo","item":"https:\/\/www.guerini.it\/index.php\/negozio\/"},{"@type":"ListItem","position":3,"name":"Giuliano Zuccoli. L&#8217;energia che ci manca"}]},{"@type":"WebSite","@id":"https:\/\/www.guerini.it\/#website","url":"https:\/\/www.guerini.it\/","name":"Guerini e Associati","description":"30 anni di libri, idee e libert\u00e0","publisher":{"@id":"https:\/\/www.guerini.it\/#organization"},"potentialAction":[{"@type":"SearchAction","target":{"@type":"EntryPoint","urlTemplate":"https:\/\/www.guerini.it\/?s={search_term_string}"},"query-input":{"@type":"PropertyValueSpecification","valueRequired":true,"valueName":"search_term_string"}}],"inLanguage":"it-IT"},{"@type":"Organization","@id":"https:\/\/www.guerini.it\/#organization","name":"Guerini e Associati","url":"https:\/\/www.guerini.it\/","logo":{"@type":"ImageObject","inLanguage":"it-IT","@id":"https:\/\/www.guerini.it\/#\/schema\/logo\/image\/","url":"https:\/\/www.guerini.it\/wp-content\/uploads\/2021\/03\/Logo-Guerini-OK_-e1615831292285.png","contentUrl":"https:\/\/www.guerini.it\/wp-content\/uploads\/2021\/03\/Logo-Guerini-OK_-e1615831292285.png","width":2805,"height":1870,"caption":"Guerini e Associati"},"image":{"@id":"https:\/\/www.guerini.it\/#\/schema\/logo\/image\/"}}]}},"_links":{"self":[{"href":"https:\/\/www.guerini.it\/index.php\/wp-json\/wp\/v2\/product\/23940","targetHints":{"allow":["GET"]}}],"collection":[{"href":"https:\/\/www.guerini.it\/index.php\/wp-json\/wp\/v2\/product"}],"about":[{"href":"https:\/\/www.guerini.it\/index.php\/wp-json\/wp\/v2\/types\/product"}],"wp:featuredmedia":[{"embeddable":true,"href":"https:\/\/www.guerini.it\/index.php\/wp-json\/wp\/v2\/media\/23943"}],"wp:attachment":[{"href":"https:\/\/www.guerini.it\/index.php\/wp-json\/wp\/v2\/media?parent=23940"}],"wp:term":[{"taxonomy":"product_brand","embeddable":true,"href":"https:\/\/www.guerini.it\/index.php\/wp-json\/wp\/v2\/product_brand?post=23940"},{"taxonomy":"product_cat","embeddable":true,"href":"https:\/\/www.guerini.it\/index.php\/wp-json\/wp\/v2\/product_cat?post=23940"},{"taxonomy":"product_tag","embeddable":true,"href":"https:\/\/www.guerini.it\/index.php\/wp-json\/wp\/v2\/product_tag?post=23940"}],"curies":[{"name":"wp","href":"https:\/\/api.w.org\/{rel}","templated":true}]}}

<blockquote><p>«Nel pieno di una crisi energetica ed ecologica mondiale<br />
aggravata dalla guerra in Ucraina, risulta ancora<br />
più interessante la portata storica del contributo di<br />
Giuliano Zuccoli all’industria dell’energia in Italia.»<br />
<em>dalla prefazione di Giuseppe Sala, Sindaco di Milano</em></p></blockquote>
<p style="text-align: justify;">All’apice della sua vita, l’attività professionale di Giuliano Zuccoli coincide con la più straordinaria trasformazione dell’industria energetica e del mondo delle <em>utilities</em> in Italia che ha avuto, in lui, un indiscusso protagonista, la cui espressione massima è stata la creazione e la nascita del gruppo energetico <a href="https://www.gruppoa2a.it/it/home">a2a</a>. Partendo dall’eredità di due secolari aziende municipali quali la Aem di Milano e la Asm di Brescia, in meno di un decennio a2a è diventata infatti il secondo polo energetico e ambientale del Paese.<br />
La portata storica dell’opera di Zuccoli risalta ancora di più oggi se pensiamo alla crisi energetica ed ecologica mondiale, aggravata dalla guerra in Ucraina: una situazione che dà alle azioni e alle parole dell’ingegnere valtellinese il valore di vere e proprie profezie. Con un approccio narrativo, il volume parte dal racconto biografico, attraversa la comunità in cui Zuccoli si è formato per arrivare all’intensa attività volta a costruire una <em>public utility</em> moderna.<br />
Il libro mette inoltre a disposizione del lettore la raccolta completa di numerosi documenti tra cui lo strumento principale con cui Zuccoli comunicava, tappa dopo tappa, l’incedere del suo progetto industriale: quella «Lettera agli Azionisti» per l’approvazione del Bilancio tra le cui righe si può cogliere, anno dopo anno (dal 1996 al 2011), un’architettura industriale unica, finalizzata a stimolare e realizzare l’autonomia energetica del nostro Paese.</p>
<p><iframe loading="lazy" title="YouTube video player" src="https://www.youtube.com/embed/yxP61oblQwQ" width="560" height="315" frameborder="0" allowfullscreen="allowfullscreen"></iframe></p>
<hr />
<p style="text-align: justify;"><strong>BIAGIO LONGO</strong> è giornalista radiofonico e televisivo, ha lavorato a Radio Popolare, Telelombardia, Tg5. Attualmente è direttore di <em>Servizi &amp; Società</em>, rivista delle Utility Lombarde. Dagli anni Novanta ha assunto la direzione comunicazione e relazioni esterne prima di Aem, poi di Aem Spa fino al lancio di a2a, nel cui ambito ha ideato la Casa dell’Energia e la Fondazione Aem. È stato direttore alla Comunicazione, con Alessandro Ortis, e ha sempre affiancato con passione Giuliano Zuccoli nella sua straordinaria avventura per la costruzione di a2a.</p>
<hr />
<p style="text-align: justify;"><strong>RASSEGNA STAMPA</strong></p>
<ul>
<li><em><a href="https://stefanorolando.it/?p=7880">La cultura industriale e civica di una classe dirigente</a></em> di Stefano Rolando</li>
<li><a href="https://www.ilsole24ore.com/art/le-lezioni-passato-capire-nuovo-salto-d-epoca-green-AFlvmpP"><em>Le lezioni del passato per capire il nuovo salto d&#8217;epoca green</em></a> di Aldo Bonomi (<strong>Il Sole 24 Ore &#8211; rubrica Microcosmi</strong>)</li>
</ul>

<p>«Nel pieno di una crisi energetica ed ecologica mondiale aggravata dalla guerra in Ucraina, risulta ancora più interessante la portata storica del contributo di Giuliano Zuccoli all’industria dell’energia in Italia.» [&hellip;]</p>

30 anni di libri, idee e libertà
