{"id":23970,"date":"2023-08-01T12:53:19","date_gmt":"2023-08-01T10:53:19","guid":{"rendered":"https:\/\/www.guerini.it\/?post_type=product&#038;p=23970"},"modified":"2024-06-09T20:26:01","modified_gmt":"2024-06-09T18:26:01","slug":"mafia-una-donna-contro","status":"publish","type":"product","link":"https:\/\/www.guerini.it\/index.php\/prodotto\/mafia-una-donna-contro\/","title":{"rendered":"Mafia, una donna contro"},"content":{"rendered":"<p style=\"text-align: justify;\">Cosa accade quando rifiuti di pagare il pizzo alla mafia? Pu\u00f2 essere che un giorno esci di casa per andare a prendere tuo figlio a scuola, e non fai pi\u00f9 ritorno? Pu\u00f2 essere che scappi per una meta sconosciuta a tutto il mondo, tranne a una manciata di agenti delle forze dell\u2019ordine?<br \/>\nLa storia di Valeria Grasso, testimone di giustizia, ci invita a toccare con mano e a comprendere quali siano le conseguenze drammatiche di una resistenza civile e consapevole.<br \/>\nIl volume offre una lente di ingrandimento per riflettere sul Paese in cui viviamo, aiutandoci a prendere coscienza sull\u2019importanza che le nostre scelte quotidiane hanno sulla Storia.<\/p>\n<hr \/>\n<p style=\"text-align: justify;\"><strong>Valeria Grasso<\/strong> \u00e8 una imprenditrice, ha gestito una palestra nel quartiere San Lorenzo di Palermo fino a 15 anni fa, quando, dopo essersi rifiutata di pagare il pizzo alla mafia, ha denunciato il Clan dei Madonia. \u00abTestimone di giustizia\u00bb, a seguito di numerose minacce di morte, con i suoi tre figli \u00e8 stata trasferita in una localit\u00e0 protetta dove \u00e8 rimasta per alcuni anni. Oggi conduce attivit\u00e0 culturali e informative per la lotta contro la mafia. Lavora per il Ministero della Sanit\u00e0 ed \u00e8 Presidente dell\u2019<a href=\"https:\/\/www.facebook.com\/profile.php?id=100093600113107\">Associazione Contra \u2013 Contro tutte le mafie<\/a>.<\/p>\n","protected":false},"excerpt":{"rendered":"<p>Cosa accade quando rifiuti di pagare il pizzo alla mafia? Pu\u00f2 essere che un giorno esci di casa per andare a prendere tuo figlio a scuola, e non fai pi\u00f9 [&hellip;]<\/p>\n","protected":false},"featured_media":23971,"template":"","meta":{"_editorskit_title_hidden":false,"_editorskit_reading_time":0,"_editorskit_is_block_options_detached":false,"_editorskit_block_options_position":"{}","_monsterinsights_skip_tracking":false,"_monsterinsights_sitenote_active":false,"_monsterinsights_sitenote_note":"","_monsterinsights_sitenote_category":0},"product_brand":[],"product_cat":[6539],"product_tag":[10892,10893,8109,9243,10894],"class_list":{"0":"post-23970","1":"product","2":"type-product","3":"status-publish","4":"has-post-thumbnail","6":"product_cat-storia-e-geografia","7":"product_tag-criminilita-organizzata","8":"product_tag-educazione-civica","9":"product_tag-giovani","10":"product_tag-resistenza","11":"product_tag-scuole","12":"pa_guerini_amazon_link-https-www-amazon-it-mamma-che-combinato-alla-mafia-dp-886250893x","13":"pa_guerini_feltrinelli_link-https-www-lafeltrinelli-it-mafia-donna-contro-testimone-di-libro-valeria-grasso-e-9788862508933","14":"pa_guerini_ibs_link-https-www-ibs-it-mafia-donna-contro-testimone-di-libro-valeria-grasso-e-9788862508933","15":"pa_guerini_libruniver_link-https-www-libreriauniversitaria-it-mafia-donna-contro-testimone-giustizia-libro-9788862508933","16":"pa_guerini_link_amazon-https-www-amazon-it-mafia-una-donna-contro-testimone-ebook-dp-b0clfsqmtl","17":"pa_guerini_link_apple_ibook-https-books-apple-com-it-book-mafia-una-donna-contro-id6470056394","18":"pa_guerini_link_google_play-https-play-google-com-store-books-details-valeria_grasso_mafia_una_donna_contro_testimone_diidqaveeaaaqbaj","19":"pa_guerini_link_ibs-https-www-ibs-it-mafia-donna-contro-testimone-di-ebook-valeria-grasso-e-9788881954865","20":"pa_guerini_link_kobo-https-www-kobo-com-it-it-ebook-mafia-una-donna-contro","21":"pa_guerini_link_lafeltrinelli-https-www-lafeltrinelli-it-mafia-donna-contro-testimone-di-ebook-valeria-grasso-e-9788881954865","22":"pa_guerini_mondadori_link-https-www-mondadoristore-it-mafia-donna-contro-valeria-grasso-eai978886250893","24":"first","25":"instock","26":"sale","27":"shipping-taxable","28":"purchasable","29":"product-type-simple"},"yoast_head":"<!-- This site is optimized with the Yoast SEO plugin v25.4 - https:\/\/yoast.com\/wordpress\/plugins\/seo\/ -->\n<title>V. Grasso, Mafia, una donna contro | Guerini Editore<\/title>\n<meta name=\"description\" content=\"Una donna contro la mafia. La storia di Valeria Grasso, testimone di giustizia, \u00e8 un&#039;avvincente narrazione di coraggio e resilienza.\" \/>\n<meta name=\"robots\" content=\"index, follow, max-snippet:-1, max-image-preview:large, max-video-preview:-1\" \/>\n<link rel=\"canonical\" href=\"https:\/\/www.guerini.it\/index.php\/prodotto\/mafia-una-donna-contro\/\" \/>\n<meta property=\"og:locale\" content=\"it_IT\" \/>\n<meta property=\"og:type\" content=\"article\" \/>\n<meta property=\"og:title\" content=\"V. Grasso, Mafia, una donna contro | Guerini Editore\" \/>\n<meta property=\"og:description\" content=\"Una donna contro la mafia. La storia di Valeria Grasso, testimone di giustizia, \u00e8 un&#039;avvincente narrazione di coraggio e resilienza.\" \/>\n<meta property=\"og:url\" content=\"https:\/\/www.guerini.it\/index.php\/prodotto\/mafia-una-donna-contro\/\" \/>\n<meta property=\"og:site_name\" content=\"Guerini e Associati\" \/>\n<meta property=\"article:modified_time\" content=\"2024-06-09T18:26:01+00:00\" \/>\n<meta property=\"og:image\" content=\"https:\/\/www.guerini.it\/wp-content\/uploads\/2023\/08\/9788862508933-.webp\" \/>\n\t<meta property=\"og:image:width\" content=\"666\" \/>\n\t<meta property=\"og:image:height\" content=\"1000\" \/>\n\t<meta property=\"og:image:type\" content=\"image\/webp\" \/>\n<meta name=\"twitter:card\" content=\"summary_large_image\" \/>\n<meta name=\"twitter:label1\" content=\"Tempo di lettura stimato\" \/>\n\t<meta name=\"twitter:data1\" content=\"2 minuti\" \/>\n<!-- \/ Yoast SEO plugin. -->","yoast_head_json":{"title":"V. Grasso, Mafia, una donna contro | Guerini Editore","description":"Una donna contro la mafia. La storia di Valeria Grasso, testimone di giustizia, \u00e8 un'avvincente narrazione di coraggio e resilienza.","robots":{"index":"index","follow":"follow","max-snippet":"max-snippet:-1","max-image-preview":"max-image-preview:large","max-video-preview":"max-video-preview:-1"},"canonical":"https:\/\/www.guerini.it\/index.php\/prodotto\/mafia-una-donna-contro\/","og_locale":"it_IT","og_type":"article","og_title":"V. Grasso, Mafia, una donna contro | Guerini Editore","og_description":"Una donna contro la mafia. La storia di Valeria Grasso, testimone di giustizia, \u00e8 un'avvincente narrazione di coraggio e resilienza.","og_url":"https:\/\/www.guerini.it\/index.php\/prodotto\/mafia-una-donna-contro\/","og_site_name":"Guerini e Associati","article_modified_time":"2024-06-09T18:26:01+00:00","og_image":[{"width":666,"height":1000,"url":"https:\/\/www.guerini.it\/wp-content\/uploads\/2023\/08\/9788862508933-.webp","type":"image\/webp"}],"twitter_card":"summary_large_image","twitter_misc":{"Tempo di lettura stimato":"2 minuti"},"schema":{"@context":"https:\/\/schema.org","@graph":[{"@type":"WebPage","@id":"https:\/\/www.guerini.it\/index.php\/prodotto\/mafia-una-donna-contro\/","url":"https:\/\/www.guerini.it\/index.php\/prodotto\/mafia-una-donna-contro\/","name":"V. Grasso, Mafia, una donna contro | Guerini Editore","isPartOf":{"@id":"https:\/\/www.guerini.it\/#website"},"primaryImageOfPage":{"@id":"https:\/\/www.guerini.it\/index.php\/prodotto\/mafia-una-donna-contro\/#primaryimage"},"image":{"@id":"https:\/\/www.guerini.it\/index.php\/prodotto\/mafia-una-donna-contro\/#primaryimage"},"thumbnailUrl":"https:\/\/www.guerini.it\/wp-content\/uploads\/2023\/08\/9788862508933-.webp","datePublished":"2023-08-01T10:53:19+00:00","dateModified":"2024-06-09T18:26:01+00:00","description":"Una donna contro la mafia. La storia di Valeria Grasso, testimone di giustizia, \u00e8 un'avvincente narrazione di coraggio e resilienza.","breadcrumb":{"@id":"https:\/\/www.guerini.it\/index.php\/prodotto\/mafia-una-donna-contro\/#breadcrumb"},"inLanguage":"it-IT","potentialAction":[{"@type":"ReadAction","target":["https:\/\/www.guerini.it\/index.php\/prodotto\/mafia-una-donna-contro\/"]}]},{"@type":"ImageObject","inLanguage":"it-IT","@id":"https:\/\/www.guerini.it\/index.php\/prodotto\/mafia-una-donna-contro\/#primaryimage","url":"https:\/\/www.guerini.it\/wp-content\/uploads\/2023\/08\/9788862508933-.webp","contentUrl":"https:\/\/www.guerini.it\/wp-content\/uploads\/2023\/08\/9788862508933-.webp","width":666,"height":1000,"caption":"Copertina del libro di V. Grasso, Mafia, una donna contro, Guerini e Associati, 2023"},{"@type":"BreadcrumbList","@id":"https:\/\/www.guerini.it\/index.php\/prodotto\/mafia-una-donna-contro\/#breadcrumb","itemListElement":[{"@type":"ListItem","position":1,"name":"Home","item":"https:\/\/www.guerini.it\/"},{"@type":"ListItem","position":2,"name":"Catalogo","item":"https:\/\/www.guerini.it\/index.php\/negozio\/"},{"@type":"ListItem","position":3,"name":"Mafia, una donna contro"}]},{"@type":"WebSite","@id":"https:\/\/www.guerini.it\/#website","url":"https:\/\/www.guerini.it\/","name":"Guerini e Associati","description":"30 anni di libri, idee e libert\u00e0","publisher":{"@id":"https:\/\/www.guerini.it\/#organization"},"potentialAction":[{"@type":"SearchAction","target":{"@type":"EntryPoint","urlTemplate":"https:\/\/www.guerini.it\/?s={search_term_string}"},"query-input":{"@type":"PropertyValueSpecification","valueRequired":true,"valueName":"search_term_string"}}],"inLanguage":"it-IT"},{"@type":"Organization","@id":"https:\/\/www.guerini.it\/#organization","name":"Guerini e Associati","url":"https:\/\/www.guerini.it\/","logo":{"@type":"ImageObject","inLanguage":"it-IT","@id":"https:\/\/www.guerini.it\/#\/schema\/logo\/image\/","url":"https:\/\/www.guerini.it\/wp-content\/uploads\/2021\/03\/Logo-Guerini-OK_-e1615831292285.png","contentUrl":"https:\/\/www.guerini.it\/wp-content\/uploads\/2021\/03\/Logo-Guerini-OK_-e1615831292285.png","width":2805,"height":1870,"caption":"Guerini e Associati"},"image":{"@id":"https:\/\/www.guerini.it\/#\/schema\/logo\/image\/"}}]}},"_links":{"self":[{"href":"https:\/\/www.guerini.it\/index.php\/wp-json\/wp\/v2\/product\/23970","targetHints":{"allow":["GET"]}}],"collection":[{"href":"https:\/\/www.guerini.it\/index.php\/wp-json\/wp\/v2\/product"}],"about":[{"href":"https:\/\/www.guerini.it\/index.php\/wp-json\/wp\/v2\/types\/product"}],"wp:featuredmedia":[{"embeddable":true,"href":"https:\/\/www.guerini.it\/index.php\/wp-json\/wp\/v2\/media\/23971"}],"wp:attachment":[{"href":"https:\/\/www.guerini.it\/index.php\/wp-json\/wp\/v2\/media?parent=23970"}],"wp:term":[{"taxonomy":"product_brand","embeddable":true,"href":"https:\/\/www.guerini.it\/index.php\/wp-json\/wp\/v2\/product_brand?post=23970"},{"taxonomy":"product_cat","embeddable":true,"href":"https:\/\/www.guerini.it\/index.php\/wp-json\/wp\/v2\/product_cat?post=23970"},{"taxonomy":"product_tag","embeddable":true,"href":"https:\/\/www.guerini.it\/index.php\/wp-json\/wp\/v2\/product_tag?post=23970"}],"curies":[{"name":"wp","href":"https:\/\/api.w.org\/{rel}","templated":true}]}}