{"id":24069,"date":"2023-09-18T16:43:47","date_gmt":"2023-09-18T14:43:47","guid":{"rendered":"https:\/\/www.guerini.it\/?post_type=product&#038;p=24069"},"modified":"2024-06-09T20:26:03","modified_gmt":"2024-06-09T18:26:03","slug":"mussolini-io-ti-fermo","status":"publish","type":"product","link":"https:\/\/www.guerini.it\/index.php\/prodotto\/mussolini-io-ti-fermo\/","title":{"rendered":"Mussolini io ti fermo"},"content":{"rendered":"<p style=\"text-align: center;\"><em>Nato pochi mesi dopo la sua morte,<\/em><br \/>\n<em>Giuseppe Bottai purtroppo non l\u2019ho mai incontrato.<\/em><br \/>\n<em>Un doppio dispetto del destino: come nipote<\/em><br \/>\n<em>e come giornalista. In questa seconda veste,<\/em><br \/>\n<em>tuttavia, posso raccontare chi \u00e8 stato l\u2019uomo<\/em><br \/>\n<em>che pi\u00f9 di tutti ha rappresentato<\/em><br \/>\n<em>ragione e coscienza del 25 luglio 1943.<\/em><\/p>\n<p style=\"text-align: justify;\">La vita rocambolesca di Giuseppe Bottai, gerarca tra i pi\u00f9 importanti del Ventennio fascista, offre nuovi motivi di riflessione sulla recente e tragica stagione del nostro Paese. Bottai ha rappresentato una figura alternativa che ha creduto in un fascismo diverso. Si \u00e8 battuto contro la violenza, la propaganda di regime, l\u2019affiliazione al nazismo. Si \u00e8 esposto in prima persona. Anche sui giornali da lui fondati. Ha pubblicato libri censurati e articoli dei pi\u00f9 grandi intellettuali antifascisti. Ha cercato di limitare le terribili conseguenze delle leggi razziali. Ha varato una norma fondamentale per difendere l\u2019arte e il paesaggio italiano. Ha organizzato la \u00abResistenza dell\u2019arte\u00bb per sottrarre oltre diecimila capolavori agli appetiti di Hitler. Lo ha fatto, al culmine del suo dissenso, promuovendo l\u2019ordine del giorno che, il 25 luglio del 1943, ha determinato la fine di Mussolini e del fascismo. E non si \u00e8 fermato. Ormai cinquantenne, si \u00e8 arruolato nella Legione Straniera: soldato semplice e sotto falso nome \u00e8 andato al fronte a combattere i nazisti. Chi altro come lui? Quale altro ex ministro, fascista o no, ha riscattato le proprie responsabilit\u00e0 politiche al punto di rischiare la vita? Eppure la figura di Giuseppe Bottai in Italia continua a risultare scomoda. Per i nostalgici del Ventennio \u00e8 un traditore.<br \/>\nPer molti antifascisti nessun protagonista di quella stagione ha diritto all\u2019onore.<\/p>\n<hr \/>\n<p style=\"text-align: justify;\"><strong>Angelo Polimeno Bottai<\/strong> (Roma, 1959) \u00e8 un giornalista del <a href=\"https:\/\/www.rainews.it\/notiziari\/tg1\">Tg1<\/a>. Responsabile della rubrica Libri, giornalista parlamentare e gi\u00e0 vicedirettore. Saggista su temi di politica interna e internazionale \u00a0su avvenimenti storici, \u00e8 presidente di \u00abEURECA, idee per l\u2019Italia e l\u2019Europa\u00bb, associazione senza fini di lucro. Precedenti pubblicazioni: <em>Alto Tradimento<\/em> (2019); <em>Non chiamatelo Euro<\/em> (2015); <em>Repubblica atto terzo<\/em> (2012); <em>Presidente ci consenta<\/em> (2011).<\/p>\n","protected":false},"excerpt":{"rendered":"<p>Nato pochi mesi dopo la sua morte, Giuseppe Bottai purtroppo non l\u2019ho mai incontrato. Un doppio dispetto del destino: come nipote e come giornalista. In questa seconda veste, tuttavia, posso [&hellip;]<\/p>\n","protected":false},"featured_media":24070,"template":"","meta":{"_editorskit_title_hidden":false,"_editorskit_reading_time":0,"_editorskit_is_block_options_detached":false,"_editorskit_block_options_position":"{}","_monsterinsights_skip_tracking":false,"_monsterinsights_sitenote_active":false,"_monsterinsights_sitenote_note":"","_monsterinsights_sitenote_category":0},"product_brand":[],"product_cat":[6560],"product_tag":[10984,10982,7050,10983],"class_list":{"0":"post-24069","1":"product","2":"type-product","3":"status-publish","4":"has-post-thumbnail","6":"product_cat-bl","7":"product_tag-antifascismo","8":"product_tag-mussolini","9":"product_tag-storia","10":"product_tag-ventennio-fascista","11":"pa_guerini_amazon_link-https-www-amazon-it-mussolini-leggendaria-giuseppe-combatt-nazisti-dp-8862508980","12":"pa_guerini_feltrinelli_link-https-www-lafeltrinelli-it-mussolini-io-ti-fermo-storia-libro-angelo-bottai-polimeno-e-9788862508988","13":"pa_guerini_ibs_link-https-www-ibs-it-mussolini-io-ti-fermo-storia-libro-angelo-bottai-polimeno-e-9788862508988","14":"pa_guerini_libruniver_link-https-www-libreriauniversitaria-it-mussolini-io-ti-fermo-storia-libro-9788862508988","15":"pa_guerini_mondadori_link-https-www-mondadoristore-it-mussolini-io-ti-fermo-storia-angelo-bottai-polimeno-eai978886250898","17":"first","18":"instock","19":"sale","20":"shipping-taxable","21":"purchasable","22":"product-type-simple"},"yoast_head":"<!-- This site is optimized with the Yoast SEO plugin v25.4 - https:\/\/yoast.com\/wordpress\/plugins\/seo\/ -->\n<title>A. P. Bottai, Mussolini io ti fermo | Guerini Editore<\/title>\n<meta name=\"description\" content=\"La vita rocambolesca di Giuseppe Bottai, gerarca fascista, offre nuovi motivi di riflessione sulla recente e tragica stagione del nostro Paese.\" \/>\n<meta name=\"robots\" content=\"index, follow, max-snippet:-1, max-image-preview:large, max-video-preview:-1\" \/>\n<link rel=\"canonical\" href=\"https:\/\/www.guerini.it\/index.php\/prodotto\/mussolini-io-ti-fermo\/\" \/>\n<meta property=\"og:locale\" content=\"it_IT\" \/>\n<meta property=\"og:type\" content=\"article\" \/>\n<meta property=\"og:title\" content=\"A. P. Bottai, Mussolini io ti fermo | Guerini Editore\" \/>\n<meta property=\"og:description\" content=\"La vita rocambolesca di Giuseppe Bottai, gerarca fascista, offre nuovi motivi di riflessione sulla recente e tragica stagione del nostro Paese.\" \/>\n<meta property=\"og:url\" content=\"https:\/\/www.guerini.it\/index.php\/prodotto\/mussolini-io-ti-fermo\/\" \/>\n<meta property=\"og:site_name\" content=\"Guerini e Associati\" \/>\n<meta property=\"article:modified_time\" content=\"2024-06-09T18:26:03+00:00\" \/>\n<meta property=\"og:image\" content=\"https:\/\/www.guerini.it\/wp-content\/uploads\/2023\/09\/Front-Cover-MUSSOLINI-IO-TI-FERMO-Bottai.webp\" \/>\n\t<meta property=\"og:image:width\" content=\"1654\" \/>\n\t<meta property=\"og:image:height\" content=\"2480\" \/>\n\t<meta property=\"og:image:type\" content=\"image\/webp\" \/>\n<meta name=\"twitter:card\" content=\"summary_large_image\" \/>\n<meta name=\"twitter:label1\" content=\"Tempo di lettura stimato\" \/>\n\t<meta name=\"twitter:data1\" content=\"2 minuti\" \/>\n<!-- \/ Yoast SEO plugin. -->","yoast_head_json":{"title":"A. P. Bottai, Mussolini io ti fermo | Guerini Editore","description":"La vita rocambolesca di Giuseppe Bottai, gerarca fascista, offre nuovi motivi di riflessione sulla recente e tragica stagione del nostro Paese.","robots":{"index":"index","follow":"follow","max-snippet":"max-snippet:-1","max-image-preview":"max-image-preview:large","max-video-preview":"max-video-preview:-1"},"canonical":"https:\/\/www.guerini.it\/index.php\/prodotto\/mussolini-io-ti-fermo\/","og_locale":"it_IT","og_type":"article","og_title":"A. P. Bottai, Mussolini io ti fermo | Guerini Editore","og_description":"La vita rocambolesca di Giuseppe Bottai, gerarca fascista, offre nuovi motivi di riflessione sulla recente e tragica stagione del nostro Paese.","og_url":"https:\/\/www.guerini.it\/index.php\/prodotto\/mussolini-io-ti-fermo\/","og_site_name":"Guerini e Associati","article_modified_time":"2024-06-09T18:26:03+00:00","og_image":[{"width":1654,"height":2480,"url":"https:\/\/www.guerini.it\/wp-content\/uploads\/2023\/09\/Front-Cover-MUSSOLINI-IO-TI-FERMO-Bottai.webp","type":"image\/webp"}],"twitter_card":"summary_large_image","twitter_misc":{"Tempo di lettura stimato":"2 minuti"},"schema":{"@context":"https:\/\/schema.org","@graph":[{"@type":"WebPage","@id":"https:\/\/www.guerini.it\/index.php\/prodotto\/mussolini-io-ti-fermo\/","url":"https:\/\/www.guerini.it\/index.php\/prodotto\/mussolini-io-ti-fermo\/","name":"A. P. Bottai, Mussolini io ti fermo | Guerini Editore","isPartOf":{"@id":"https:\/\/www.guerini.it\/#website"},"primaryImageOfPage":{"@id":"https:\/\/www.guerini.it\/index.php\/prodotto\/mussolini-io-ti-fermo\/#primaryimage"},"image":{"@id":"https:\/\/www.guerini.it\/index.php\/prodotto\/mussolini-io-ti-fermo\/#primaryimage"},"thumbnailUrl":"https:\/\/www.guerini.it\/wp-content\/uploads\/2023\/09\/Front-Cover-MUSSOLINI-IO-TI-FERMO-Bottai.webp","datePublished":"2023-09-18T14:43:47+00:00","dateModified":"2024-06-09T18:26:03+00:00","description":"La vita rocambolesca di Giuseppe Bottai, gerarca fascista, offre nuovi motivi di riflessione sulla recente e tragica stagione del nostro Paese.","breadcrumb":{"@id":"https:\/\/www.guerini.it\/index.php\/prodotto\/mussolini-io-ti-fermo\/#breadcrumb"},"inLanguage":"it-IT","potentialAction":[{"@type":"ReadAction","target":["https:\/\/www.guerini.it\/index.php\/prodotto\/mussolini-io-ti-fermo\/"]}]},{"@type":"ImageObject","inLanguage":"it-IT","@id":"https:\/\/www.guerini.it\/index.php\/prodotto\/mussolini-io-ti-fermo\/#primaryimage","url":"https:\/\/www.guerini.it\/wp-content\/uploads\/2023\/09\/Front-Cover-MUSSOLINI-IO-TI-FERMO-Bottai.webp","contentUrl":"https:\/\/www.guerini.it\/wp-content\/uploads\/2023\/09\/Front-Cover-MUSSOLINI-IO-TI-FERMO-Bottai.webp","width":1654,"height":2480,"caption":"Copertina del libro di A. P. Bottai, Mussolini io ti fermo, Guerini e Associati, 2023"},{"@type":"BreadcrumbList","@id":"https:\/\/www.guerini.it\/index.php\/prodotto\/mussolini-io-ti-fermo\/#breadcrumb","itemListElement":[{"@type":"ListItem","position":1,"name":"Home","item":"https:\/\/www.guerini.it\/"},{"@type":"ListItem","position":2,"name":"Catalogo","item":"https:\/\/www.guerini.it\/index.php\/negozio\/"},{"@type":"ListItem","position":3,"name":"Mussolini io ti fermo"}]},{"@type":"WebSite","@id":"https:\/\/www.guerini.it\/#website","url":"https:\/\/www.guerini.it\/","name":"Guerini e Associati","description":"30 anni di libri, idee e libert\u00e0","publisher":{"@id":"https:\/\/www.guerini.it\/#organization"},"potentialAction":[{"@type":"SearchAction","target":{"@type":"EntryPoint","urlTemplate":"https:\/\/www.guerini.it\/?s={search_term_string}"},"query-input":{"@type":"PropertyValueSpecification","valueRequired":true,"valueName":"search_term_string"}}],"inLanguage":"it-IT"},{"@type":"Organization","@id":"https:\/\/www.guerini.it\/#organization","name":"Guerini e Associati","url":"https:\/\/www.guerini.it\/","logo":{"@type":"ImageObject","inLanguage":"it-IT","@id":"https:\/\/www.guerini.it\/#\/schema\/logo\/image\/","url":"https:\/\/www.guerini.it\/wp-content\/uploads\/2021\/03\/Logo-Guerini-OK_-e1615831292285.png","contentUrl":"https:\/\/www.guerini.it\/wp-content\/uploads\/2021\/03\/Logo-Guerini-OK_-e1615831292285.png","width":2805,"height":1870,"caption":"Guerini e Associati"},"image":{"@id":"https:\/\/www.guerini.it\/#\/schema\/logo\/image\/"}}]}},"_links":{"self":[{"href":"https:\/\/www.guerini.it\/index.php\/wp-json\/wp\/v2\/product\/24069","targetHints":{"allow":["GET"]}}],"collection":[{"href":"https:\/\/www.guerini.it\/index.php\/wp-json\/wp\/v2\/product"}],"about":[{"href":"https:\/\/www.guerini.it\/index.php\/wp-json\/wp\/v2\/types\/product"}],"wp:featuredmedia":[{"embeddable":true,"href":"https:\/\/www.guerini.it\/index.php\/wp-json\/wp\/v2\/media\/24070"}],"wp:attachment":[{"href":"https:\/\/www.guerini.it\/index.php\/wp-json\/wp\/v2\/media?parent=24069"}],"wp:term":[{"taxonomy":"product_brand","embeddable":true,"href":"https:\/\/www.guerini.it\/index.php\/wp-json\/wp\/v2\/product_brand?post=24069"},{"taxonomy":"product_cat","embeddable":true,"href":"https:\/\/www.guerini.it\/index.php\/wp-json\/wp\/v2\/product_cat?post=24069"},{"taxonomy":"product_tag","embeddable":true,"href":"https:\/\/www.guerini.it\/index.php\/wp-json\/wp\/v2\/product_tag?post=24069"}],"curies":[{"name":"wp","href":"https:\/\/api.w.org\/{rel}","templated":true}]}}

<p style="text-align: center;"><em>Nato pochi mesi dopo la sua morte,</em><br />
<em>Giuseppe Bottai purtroppo non l’ho mai incontrato.</em><br />
<em>Un doppio dispetto del destino: come nipote</em><br />
<em>e come giornalista. In questa seconda veste,</em><br />
<em>tuttavia, posso raccontare chi è stato l’uomo</em><br />
<em>che più di tutti ha rappresentato</em><br />
<em>ragione e coscienza del 25 luglio 1943.</em></p>
<p style="text-align: justify;">La vita rocambolesca di Giuseppe Bottai, gerarca tra i più importanti del Ventennio fascista, offre nuovi motivi di riflessione sulla recente e tragica stagione del nostro Paese. Bottai ha rappresentato una figura alternativa che ha creduto in un fascismo diverso. Si è battuto contro la violenza, la propaganda di regime, l’affiliazione al nazismo. Si è esposto in prima persona. Anche sui giornali da lui fondati. Ha pubblicato libri censurati e articoli dei più grandi intellettuali antifascisti. Ha cercato di limitare le terribili conseguenze delle leggi razziali. Ha varato una norma fondamentale per difendere l’arte e il paesaggio italiano. Ha organizzato la «Resistenza dell’arte» per sottrarre oltre diecimila capolavori agli appetiti di Hitler. Lo ha fatto, al culmine del suo dissenso, promuovendo l’ordine del giorno che, il 25 luglio del 1943, ha determinato la fine di Mussolini e del fascismo. E non si è fermato. Ormai cinquantenne, si è arruolato nella Legione Straniera: soldato semplice e sotto falso nome è andato al fronte a combattere i nazisti. Chi altro come lui? Quale altro ex ministro, fascista o no, ha riscattato le proprie responsabilità politiche al punto di rischiare la vita? Eppure la figura di Giuseppe Bottai in Italia continua a risultare scomoda. Per i nostalgici del Ventennio è un traditore.<br />
Per molti antifascisti nessun protagonista di quella stagione ha diritto all’onore.</p>
<hr />
<p style="text-align: justify;"><strong>Angelo Polimeno Bottai</strong> (Roma, 1959) è un giornalista del <a href="https://www.rainews.it/notiziari/tg1">Tg1</a>. Responsabile della rubrica Libri, giornalista parlamentare e già vicedirettore. Saggista su temi di politica interna e internazionale  su avvenimenti storici, è presidente di «EURECA, idee per l’Italia e l’Europa», associazione senza fini di lucro. Precedenti pubblicazioni: <em>Alto Tradimento</em> (2019); <em>Non chiamatelo Euro</em> (2015); <em>Repubblica atto terzo</em> (2012); <em>Presidente ci consenta</em> (2011).</p>

30 anni di libri, idee e libertà
