{"id":24139,"date":"2023-07-27T17:13:33","date_gmt":"2023-07-27T15:13:33","guid":{"rendered":"https:\/\/www.guerini.it\/?post_type=product&#038;p=24139"},"modified":"2024-06-09T20:26:03","modified_gmt":"2024-06-09T18:26:03","slug":"il-coraggio-di-mediare-2","status":"publish","type":"product","link":"https:\/\/www.guerini.it\/index.php\/prodotto\/il-coraggio-di-mediare-2\/","title":{"rendered":"Il coraggio di mediare"},"content":{"rendered":"<p style=\"text-align: justify;\">Quando, nel 2002, \u00e8 uscita la prima edizione de <a href=\"https:\/\/www.guerini.it\/index.php\/prodotto\/il-coraggio-di-mediare\/\"><em>Il coraggio di mediare<\/em><\/a>, eravamo fiduciosi che invitare a dialogare studiosi e pratici delle mediazioni \u2013 non solo di quella familiare di cui avevamo maggiore esperienza \u2013 fosse una buona idea. La fiducia \u00e8 stata ben ripagata perch\u00e9 a distanza di oltre vent\u2019anni quel testo \u00e8 rimasto un punto di riferimento per chiunque abbia a cuore la pacificazione delle relazioni umane, basata sul reciproco ascolto e tesa a evitare prove di forza troppo spesso foriere di soluzioni ingiuste.<br \/>\nDobbiamo, purtroppo, constatare che in vent\u2019anni non \u00e8 cambiato il clima culturale, ancora pi\u00f9 portato allo scontro che al dialogo, pi\u00f9 teso al raggiungimento del risultato immediato che attento alle conseguenze a medio e lungo termine delle azioni di oggi. Tutti gli ambiti della nostra esistenza quotidiana sono attraversati da conflitti, frutto di relazioni difficoltose, \u00abmalate\u00bb o profondamente in crisi, in cui l\u2019altro non \u00e8 incontrato ma utilizzato per fini egoistici. Di fronte a questa realt\u00e0, noi e tutti i collaboratori del volume, vecchi e nuovi, ciascuno dal proprio punto di vista disciplinare, concordiamo e insistiamo nell\u2019invitare a non temere di aiutare le parti a comunicare: la mediazione si pone come una via per ristabilire il dialogo, cercare soluzioni pacifiche alle dispute, accettare le diversit\u00e0 e risolvere le chiusure, ristabilendo o guarendo le relazioni.<\/p>\n<hr \/>\n<p style=\"text-align: justify;\"><strong>Fulvio Scaparro<\/strong>, gi\u00e0 docente di Psicopedagogia e psicologia dell\u2019et\u00e0 evolutiva all\u2019Universit\u00e0 degli Studi di Milano, psicoterapeuta e direttore scientifico e fondatore dell\u2019<a href=\"https:\/\/www.associazionegea.it\/\">Associazione GeA \u2013 Genitori Anc\u00f3ra ETS<\/a>.<br \/>\n<strong>Daniela Rodella<\/strong>, avvocato, mediatrice familiare professionista e vicepresidente dell\u2019Associazione GeA \u2013 Genitori Anc\u00f3ra ETS.<br \/>\n<strong>Chiara Vendramini<\/strong>, psicologa clinica, mediatrice familiare professionista e presidente dell\u2019Associazione GeA \u2013 Genitori Anc\u00f3ra ETS.<\/p>\n","protected":false},"excerpt":{"rendered":"<p>Quando, nel 2002, \u00e8 uscita la prima edizione de Il coraggio di mediare, eravamo fiduciosi che invitare a dialogare studiosi e pratici delle mediazioni \u2013 non solo di quella familiare [&hellip;]<\/p>\n","protected":false},"featured_media":24148,"template":"","meta":{"_editorskit_title_hidden":false,"_editorskit_reading_time":0,"_editorskit_is_block_options_detached":false,"_editorskit_block_options_position":"{}","_monsterinsights_skip_tracking":false,"_monsterinsights_sitenote_active":false,"_monsterinsights_sitenote_note":"","_monsterinsights_sitenote_category":0},"product_brand":[],"product_cat":[6536,6538],"product_tag":[10589,11012,10972,11011,11010,11013],"class_list":{"0":"post-24139","1":"product","2":"type-product","3":"status-publish","4":"has-post-thumbnail","6":"product_cat-psicologia-pedagogia","7":"product_cat-sociologia-e-comunicazione","8":"product_tag-conflitto","9":"product_tag-crisi","10":"product_tag-dialogo","11":"product_tag-mediatore","12":"product_tag-mediazione","13":"product_tag-relazione","14":"pa_guerini_amazon_link-https-www-amazon-it-coraggio-mediare-contesti-teorie-pratiche-dp-8862509847","15":"pa_guerini_feltrinelli_link-https-www-lafeltrinelli-it-coraggio-di-mediare-contesti-teorie-libro-vari-e-9788862509848","16":"pa_guerini_ibs_link-https-www-ibs-it-coraggio-di-mediare-contesti-teorie-libro-vari-e-9788862509848","17":"pa_guerini_libruniver_link-https-www-libreriauniversitaria-it-coraggio-mediare-contesti-teorie-pratiche-libro-9788862509848","18":"pa_guerini_mondadori_link-https-www-mondadoristore-it-coraggio-mediare-contesti-chiara-vendramini-d-rodella-fulvio-scaparro-eai978886250984","20":"first","21":"instock","22":"sale","23":"shipping-taxable","24":"purchasable","25":"product-type-simple"},"yoast_head":"<!-- This site is optimized with the Yoast SEO plugin v25.4 - https:\/\/yoast.com\/wordpress\/plugins\/seo\/ -->\n<title>A cura di F. Scaparro et alii, Il coraggio di mediare | Guerini Editore<\/title>\n<meta name=\"description\" content=\"Nuova edizione del libro Il coraggio di mediare, un punto di riferimento per chiunque abbia a cuore la pacificazione delle relazioni umane.\" \/>\n<meta name=\"robots\" content=\"index, follow, max-snippet:-1, max-image-preview:large, max-video-preview:-1\" \/>\n<link rel=\"canonical\" href=\"https:\/\/www.guerini.it\/index.php\/prodotto\/il-coraggio-di-mediare-2\/\" \/>\n<meta property=\"og:locale\" content=\"it_IT\" \/>\n<meta property=\"og:type\" content=\"article\" \/>\n<meta property=\"og:title\" content=\"A cura di F. Scaparro et alii, Il coraggio di mediare | Guerini Editore\" \/>\n<meta property=\"og:description\" content=\"Nuova edizione del libro Il coraggio di mediare, un punto di riferimento per chiunque abbia a cuore la pacificazione delle relazioni umane.\" \/>\n<meta property=\"og:url\" content=\"https:\/\/www.guerini.it\/index.php\/prodotto\/il-coraggio-di-mediare-2\/\" \/>\n<meta property=\"og:site_name\" content=\"Guerini e Associati\" \/>\n<meta property=\"article:modified_time\" content=\"2024-06-09T18:26:03+00:00\" \/>\n<meta property=\"og:image\" content=\"https:\/\/www.guerini.it\/wp-content\/uploads\/2023\/09\/Front-Cover-IL-CORAGGIO-DI-MEDIARE-scaled.webp\" \/>\n\t<meta property=\"og:image:width\" content=\"1647\" \/>\n\t<meta property=\"og:image:height\" content=\"2560\" \/>\n\t<meta property=\"og:image:type\" content=\"image\/webp\" \/>\n<meta name=\"twitter:card\" content=\"summary_large_image\" \/>\n<meta name=\"twitter:label1\" content=\"Tempo di lettura stimato\" \/>\n\t<meta name=\"twitter:data1\" content=\"2 minuti\" \/>\n<!-- \/ Yoast SEO plugin. -->","yoast_head_json":{"title":"A cura di F. Scaparro et alii, Il coraggio di mediare | Guerini Editore","description":"Nuova edizione del libro Il coraggio di mediare, un punto di riferimento per chiunque abbia a cuore la pacificazione delle relazioni umane.","robots":{"index":"index","follow":"follow","max-snippet":"max-snippet:-1","max-image-preview":"max-image-preview:large","max-video-preview":"max-video-preview:-1"},"canonical":"https:\/\/www.guerini.it\/index.php\/prodotto\/il-coraggio-di-mediare-2\/","og_locale":"it_IT","og_type":"article","og_title":"A cura di F. Scaparro et alii, Il coraggio di mediare | Guerini Editore","og_description":"Nuova edizione del libro Il coraggio di mediare, un punto di riferimento per chiunque abbia a cuore la pacificazione delle relazioni umane.","og_url":"https:\/\/www.guerini.it\/index.php\/prodotto\/il-coraggio-di-mediare-2\/","og_site_name":"Guerini e Associati","article_modified_time":"2024-06-09T18:26:03+00:00","og_image":[{"width":1647,"height":2560,"url":"https:\/\/www.guerini.it\/wp-content\/uploads\/2023\/09\/Front-Cover-IL-CORAGGIO-DI-MEDIARE-scaled.webp","type":"image\/webp"}],"twitter_card":"summary_large_image","twitter_misc":{"Tempo di lettura stimato":"2 minuti"},"schema":{"@context":"https:\/\/schema.org","@graph":[{"@type":"WebPage","@id":"https:\/\/www.guerini.it\/index.php\/prodotto\/il-coraggio-di-mediare-2\/","url":"https:\/\/www.guerini.it\/index.php\/prodotto\/il-coraggio-di-mediare-2\/","name":"A cura di F. Scaparro et alii, Il coraggio di mediare | Guerini Editore","isPartOf":{"@id":"https:\/\/www.guerini.it\/#website"},"primaryImageOfPage":{"@id":"https:\/\/www.guerini.it\/index.php\/prodotto\/il-coraggio-di-mediare-2\/#primaryimage"},"image":{"@id":"https:\/\/www.guerini.it\/index.php\/prodotto\/il-coraggio-di-mediare-2\/#primaryimage"},"thumbnailUrl":"https:\/\/www.guerini.it\/wp-content\/uploads\/2023\/09\/Front-Cover-IL-CORAGGIO-DI-MEDIARE-scaled.webp","datePublished":"2023-07-27T15:13:33+00:00","dateModified":"2024-06-09T18:26:03+00:00","description":"Nuova edizione del libro Il coraggio di mediare, un punto di riferimento per chiunque abbia a cuore la pacificazione delle relazioni umane.","breadcrumb":{"@id":"https:\/\/www.guerini.it\/index.php\/prodotto\/il-coraggio-di-mediare-2\/#breadcrumb"},"inLanguage":"it-IT","potentialAction":[{"@type":"ReadAction","target":["https:\/\/www.guerini.it\/index.php\/prodotto\/il-coraggio-di-mediare-2\/"]}]},{"@type":"ImageObject","inLanguage":"it-IT","@id":"https:\/\/www.guerini.it\/index.php\/prodotto\/il-coraggio-di-mediare-2\/#primaryimage","url":"https:\/\/www.guerini.it\/wp-content\/uploads\/2023\/09\/Front-Cover-IL-CORAGGIO-DI-MEDIARE-scaled.webp","contentUrl":"https:\/\/www.guerini.it\/wp-content\/uploads\/2023\/09\/Front-Cover-IL-CORAGGIO-DI-MEDIARE-scaled.webp","width":1647,"height":2560,"caption":"Copertina del libro a cura di Scaparro, Rodella, Vendramini, Il coraggio di mediare, Guerini e Associati, 2023"},{"@type":"BreadcrumbList","@id":"https:\/\/www.guerini.it\/index.php\/prodotto\/il-coraggio-di-mediare-2\/#breadcrumb","itemListElement":[{"@type":"ListItem","position":1,"name":"Home","item":"https:\/\/www.guerini.it\/"},{"@type":"ListItem","position":2,"name":"Catalogo","item":"https:\/\/www.guerini.it\/index.php\/negozio\/"},{"@type":"ListItem","position":3,"name":"Il coraggio di mediare"}]},{"@type":"WebSite","@id":"https:\/\/www.guerini.it\/#website","url":"https:\/\/www.guerini.it\/","name":"Guerini e Associati","description":"30 anni di libri, idee e libert\u00e0","publisher":{"@id":"https:\/\/www.guerini.it\/#organization"},"potentialAction":[{"@type":"SearchAction","target":{"@type":"EntryPoint","urlTemplate":"https:\/\/www.guerini.it\/?s={search_term_string}"},"query-input":{"@type":"PropertyValueSpecification","valueRequired":true,"valueName":"search_term_string"}}],"inLanguage":"it-IT"},{"@type":"Organization","@id":"https:\/\/www.guerini.it\/#organization","name":"Guerini e Associati","url":"https:\/\/www.guerini.it\/","logo":{"@type":"ImageObject","inLanguage":"it-IT","@id":"https:\/\/www.guerini.it\/#\/schema\/logo\/image\/","url":"https:\/\/www.guerini.it\/wp-content\/uploads\/2021\/03\/Logo-Guerini-OK_-e1615831292285.png","contentUrl":"https:\/\/www.guerini.it\/wp-content\/uploads\/2021\/03\/Logo-Guerini-OK_-e1615831292285.png","width":2805,"height":1870,"caption":"Guerini e Associati"},"image":{"@id":"https:\/\/www.guerini.it\/#\/schema\/logo\/image\/"}}]}},"_links":{"self":[{"href":"https:\/\/www.guerini.it\/index.php\/wp-json\/wp\/v2\/product\/24139","targetHints":{"allow":["GET"]}}],"collection":[{"href":"https:\/\/www.guerini.it\/index.php\/wp-json\/wp\/v2\/product"}],"about":[{"href":"https:\/\/www.guerini.it\/index.php\/wp-json\/wp\/v2\/types\/product"}],"wp:featuredmedia":[{"embeddable":true,"href":"https:\/\/www.guerini.it\/index.php\/wp-json\/wp\/v2\/media\/24148"}],"wp:attachment":[{"href":"https:\/\/www.guerini.it\/index.php\/wp-json\/wp\/v2\/media?parent=24139"}],"wp:term":[{"taxonomy":"product_brand","embeddable":true,"href":"https:\/\/www.guerini.it\/index.php\/wp-json\/wp\/v2\/product_brand?post=24139"},{"taxonomy":"product_cat","embeddable":true,"href":"https:\/\/www.guerini.it\/index.php\/wp-json\/wp\/v2\/product_cat?post=24139"},{"taxonomy":"product_tag","embeddable":true,"href":"https:\/\/www.guerini.it\/index.php\/wp-json\/wp\/v2\/product_tag?post=24139"}],"curies":[{"name":"wp","href":"https:\/\/api.w.org\/{rel}","templated":true}]}}

<p style="text-align: justify;">Quando, nel 2002, è uscita la prima edizione de <a href="https://www.guerini.it/index.php/prodotto/il-coraggio-di-mediare/"><em>Il coraggio di mediare</em></a>, eravamo fiduciosi che invitare a dialogare studiosi e pratici delle mediazioni – non solo di quella familiare di cui avevamo maggiore esperienza – fosse una buona idea. La fiducia è stata ben ripagata perché a distanza di oltre vent’anni quel testo è rimasto un punto di riferimento per chiunque abbia a cuore la pacificazione delle relazioni umane, basata sul reciproco ascolto e tesa a evitare prove di forza troppo spesso foriere di soluzioni ingiuste.<br />
Dobbiamo, purtroppo, constatare che in vent’anni non è cambiato il clima culturale, ancora più portato allo scontro che al dialogo, più teso al raggiungimento del risultato immediato che attento alle conseguenze a medio e lungo termine delle azioni di oggi. Tutti gli ambiti della nostra esistenza quotidiana sono attraversati da conflitti, frutto di relazioni difficoltose, «malate» o profondamente in crisi, in cui l’altro non è incontrato ma utilizzato per fini egoistici. Di fronte a questa realtà, noi e tutti i collaboratori del volume, vecchi e nuovi, ciascuno dal proprio punto di vista disciplinare, concordiamo e insistiamo nell’invitare a non temere di aiutare le parti a comunicare: la mediazione si pone come una via per ristabilire il dialogo, cercare soluzioni pacifiche alle dispute, accettare le diversità e risolvere le chiusure, ristabilendo o guarendo le relazioni.</p>
<hr />
<p style="text-align: justify;"><strong>Fulvio Scaparro</strong>, già docente di Psicopedagogia e psicologia dell’età evolutiva all’Università degli Studi di Milano, psicoterapeuta e direttore scientifico e fondatore dell’<a href="https://www.associazionegea.it/">Associazione GeA – Genitori Ancóra ETS</a>.<br />
<strong>Daniela Rodella</strong>, avvocato, mediatrice familiare professionista e vicepresidente dell’Associazione GeA – Genitori Ancóra ETS.<br />
<strong>Chiara Vendramini</strong>, psicologa clinica, mediatrice familiare professionista e presidente dell’Associazione GeA – Genitori Ancóra ETS.</p>

<p>Quando, nel 2002, è uscita la prima edizione de Il coraggio di mediare, eravamo fiduciosi che invitare a dialogare studiosi e pratici delle mediazioni – non solo di quella familiare [&hellip;]</p>

30 anni di libri, idee e libertà
