{"id":24215,"date":"2023-10-16T13:05:38","date_gmt":"2023-10-16T11:05:38","guid":{"rendered":"https:\/\/www.guerini.it\/?post_type=product&#038;p=24215"},"modified":"2024-06-09T20:26:07","modified_gmt":"2024-06-09T18:26:07","slug":"parole-trafugate-eduard-kuznekov","status":"publish","type":"product","link":"https:\/\/www.guerini.it\/index.php\/prodotto\/parole-trafugate-eduard-kuznekov\/","title":{"rendered":"Parole trafugate"},"content":{"rendered":"<p style=\"text-align: justify;\">Che cosa significa tenere di nascosto un diario in un campo di lavoro dove tutti i giorni vieni perquisito e vivi sotto la costante minaccia di ricatti e punizioni esemplari? Quale incoercibile determinazione pu\u00f2 spingerti a registrare nella scrittura questa esperienza e a cercare di diffondere la tua testimonianza al di l\u00e0 del filo spinato? \u00c8 quanto si chiede Eduard Kuznecov in questi diari fatti uscire clandestinamente dal Lager speciale n. 10 in Mordovia e miracolosamente giunti nelle mani di Sacharov.<\/p>\n<p style=\"text-align: justify;\">Una coraggiosa prova di resistenza morale e una potente testimonianza sulle degradanti e inumane condizioni di vita dei prigionieri e insieme una lucida denuncia dei mali che minano il sistema giudiziario sovietico e dei meccanismi che regolano uno Stato totalitario; uno Stato \u00abil cui passato, presente e futuro si reggono sul sangue, la menzogna e l\u2019insensibilit\u00e0 e di fronte al cui volto da incubo l\u2019uomo non \u00e8 nulla\u00bb. Pagine scritte tra il 1970 e il 1971, ma di drammatica attualit\u00e0 che ci ricordano come il potere anche nella Russia di oggi continui a ricorrere agli stessi metodi manipolativi e a servirsi degli stessi strumenti coercitivi nei confronti dei suoi nuovi oppositori.<\/p>\n<blockquote><p><em>Sol\u017eenicyn mi ha travolto come nessun altro aveva fatto, a eccezione dei diari di prigionia di Eduard Kuznecov<\/em>.<br \/>\nLeonard Schapiro, The Sunday Times<\/p><\/blockquote>\n<hr \/>\n<p style=\"text-align: justify;\"><strong>EDUARD KUZNECOV<\/strong>, scrittore e giornalista dissidente, nasce a Mosca nel 1939. Nel 1961 \u00e8 arrestato per la prima volta e condannato a sette anni di reclusione per propaganda antisovietica. Nel 1970 viene processato, per aver tentato, insieme a un gruppo di ebrei russi dissidenti, di dirottare un aereo verso Israele e condannato alla pena di morte; pena che gli viene commutata, grazie alla pressione dell\u2019opinione pubblica internazionale, in quindici anni di reclusione in un campo di lavoro a regime speciale in Mordovia. All\u2019inizio degli anni Settanta i suoi diari, usciti clandestinamente dalla Russia, vengono pubblicati in Occidente. Nel 1979 viene rilasciato ed emigra in Israele dove vive attualmente. Tra il 1983 e il 1990 collabora con Radio Liberty. Nel 1992 \u00e8 tra i fondatori del quotidiano in lingua russa <a href=\"https:\/\/www.vesti.ru\/\">Vesti<\/a> (Notizie). Nel 2016 la figlia, Anat Zalmason-Kuznecov, ha diretto un documentario sulla storia dei suoi genitori dal titolo <a href=\"https:\/\/www.operation-wedding-documentary.com\/\"><em>Operation Wedding<\/em><\/a>.<\/p>\n<hr \/>\n<p style=\"text-align: justify;\"><strong>RASSEGNA STAMPA<\/strong><\/p>\n<ul>\n<li>AVVENIRE | <a href=\"https:\/\/www.avvenire.it\/agora\/pagine\/kuznecov-i-gulag-sovietici-prima-di-solenicyn\"><em>Kuznecov: i gulag sovietici prima di Sol\u017eenicyn<\/em><\/a> di Gerolamo Fazzini<\/li>\n<li><em>Censura e roghi di libri per i nemici di Mosca\u00a0<\/em>su TuttoLibri (LaStampa), pag. 5, 17\/02\/2024<\/li>\n<\/ul>\n","protected":false},"excerpt":{"rendered":"<p>Che cosa significa tenere di nascosto un diario in un campo di lavoro dove tutti i giorni vieni perquisito e vivi sotto la costante minaccia di ricatti e punizioni esemplari? [&hellip;]<\/p>\n","protected":false},"featured_media":24216,"template":"","meta":{"_editorskit_title_hidden":false,"_editorskit_reading_time":0,"_editorskit_is_block_options_detached":false,"_editorskit_block_options_position":"{}","_monsterinsights_skip_tracking":false,"_monsterinsights_sitenote_active":false,"_monsterinsights_sitenote_note":"","_monsterinsights_sitenote_category":0},"product_brand":[],"product_cat":[6608],"product_tag":[11017,7615,8698,9242],"class_list":{"0":"post-24215","1":"product","2":"type-product","3":"status-publish","4":"has-post-thumbnail","6":"product_cat-narrare-la-memoria","7":"product_tag-lager","8":"product_tag-letteratura-russa","9":"product_tag-memorie","10":"product_tag-testimonianza","11":"pa_guerini_amazon_link-https-www-amazon-it-parole-trafugate-clandestini-russia-1970-1971-dp-8862508948","12":"pa_guerini_feltrinelli_link-https-www-lafeltrinelli-it-parole-trafugate-diari-clandestini-dalla-libro-eduard-samuilovic-kuznecov-e-9788862508940","13":"pa_guerini_ibs_link-https-www-ibs-it-parole-trafugate-diari-clandestini-dalla-libro-eduard-samuilovic-kuznecov-e-9788862508940","14":"pa_guerini_libruniver_link-https-www-libreriauniversitaria-it-parole-trafugate-diari-clandestini-russia-libro-9788862508940","15":"pa_guerini_mondadori_link-https-www-mondadoristore-it-parole-trafugate-diari-eduard-samuilovic-kuznecov-eai978886250894","17":"first","18":"instock","19":"sale","20":"shipping-taxable","21":"purchasable","22":"product-type-simple"},"yoast_head":"<!-- This site is optimized with the Yoast SEO plugin v25.4 - https:\/\/yoast.com\/wordpress\/plugins\/seo\/ -->\n<title>Parole trafugate - Guerini e Associati<\/title>\n<meta name=\"description\" content=\"Parole trafugate, una testimonianza sulle inumane condizioni di vita dei prigionieri; una lucida denuncia dei meccanismi che regolano uno Stato totalitario.\" \/>\n<meta name=\"robots\" content=\"index, follow, max-snippet:-1, max-image-preview:large, max-video-preview:-1\" \/>\n<link rel=\"canonical\" href=\"https:\/\/www.guerini.it\/index.php\/prodotto\/parole-trafugate-eduard-kuznekov\/\" \/>\n<meta property=\"og:locale\" content=\"it_IT\" \/>\n<meta property=\"og:type\" content=\"article\" \/>\n<meta property=\"og:title\" content=\"Parole trafugate - Guerini e Associati\" \/>\n<meta property=\"og:description\" content=\"Parole trafugate, una testimonianza sulle inumane condizioni di vita dei prigionieri; una lucida denuncia dei meccanismi che regolano uno Stato totalitario.\" \/>\n<meta property=\"og:url\" content=\"https:\/\/www.guerini.it\/index.php\/prodotto\/parole-trafugate-eduard-kuznekov\/\" \/>\n<meta property=\"og:site_name\" content=\"Guerini e Associati\" \/>\n<meta property=\"article:modified_time\" content=\"2024-06-09T18:26:07+00:00\" \/>\n<meta property=\"og:image\" content=\"https:\/\/www.guerini.it\/wp-content\/uploads\/2023\/10\/9788862508940.webp\" \/>\n\t<meta property=\"og:image:width\" content=\"643\" \/>\n\t<meta property=\"og:image:height\" content=\"1000\" \/>\n\t<meta property=\"og:image:type\" content=\"image\/webp\" \/>\n<meta name=\"twitter:card\" content=\"summary_large_image\" \/>\n<meta name=\"twitter:label1\" content=\"Tempo di lettura stimato\" \/>\n\t<meta name=\"twitter:data1\" content=\"3 minuti\" \/>\n<!-- \/ Yoast SEO plugin. -->","yoast_head_json":{"title":"Parole trafugate - Guerini e Associati","description":"Parole trafugate, una testimonianza sulle inumane condizioni di vita dei prigionieri; una lucida denuncia dei meccanismi che regolano uno Stato totalitario.","robots":{"index":"index","follow":"follow","max-snippet":"max-snippet:-1","max-image-preview":"max-image-preview:large","max-video-preview":"max-video-preview:-1"},"canonical":"https:\/\/www.guerini.it\/index.php\/prodotto\/parole-trafugate-eduard-kuznekov\/","og_locale":"it_IT","og_type":"article","og_title":"Parole trafugate - Guerini e Associati","og_description":"Parole trafugate, una testimonianza sulle inumane condizioni di vita dei prigionieri; una lucida denuncia dei meccanismi che regolano uno Stato totalitario.","og_url":"https:\/\/www.guerini.it\/index.php\/prodotto\/parole-trafugate-eduard-kuznekov\/","og_site_name":"Guerini e Associati","article_modified_time":"2024-06-09T18:26:07+00:00","og_image":[{"width":643,"height":1000,"url":"https:\/\/www.guerini.it\/wp-content\/uploads\/2023\/10\/9788862508940.webp","type":"image\/webp"}],"twitter_card":"summary_large_image","twitter_misc":{"Tempo di lettura stimato":"3 minuti"},"schema":{"@context":"https:\/\/schema.org","@graph":[{"@type":"WebPage","@id":"https:\/\/www.guerini.it\/index.php\/prodotto\/parole-trafugate-eduard-kuznekov\/","url":"https:\/\/www.guerini.it\/index.php\/prodotto\/parole-trafugate-eduard-kuznekov\/","name":"Parole trafugate - Guerini e Associati","isPartOf":{"@id":"https:\/\/www.guerini.it\/#website"},"primaryImageOfPage":{"@id":"https:\/\/www.guerini.it\/index.php\/prodotto\/parole-trafugate-eduard-kuznekov\/#primaryimage"},"image":{"@id":"https:\/\/www.guerini.it\/index.php\/prodotto\/parole-trafugate-eduard-kuznekov\/#primaryimage"},"thumbnailUrl":"https:\/\/www.guerini.it\/wp-content\/uploads\/2023\/10\/9788862508940.webp","datePublished":"2023-10-16T11:05:38+00:00","dateModified":"2024-06-09T18:26:07+00:00","description":"Parole trafugate, una testimonianza sulle inumane condizioni di vita dei prigionieri; una lucida denuncia dei meccanismi che regolano uno Stato totalitario.","breadcrumb":{"@id":"https:\/\/www.guerini.it\/index.php\/prodotto\/parole-trafugate-eduard-kuznekov\/#breadcrumb"},"inLanguage":"it-IT","potentialAction":[{"@type":"ReadAction","target":["https:\/\/www.guerini.it\/index.php\/prodotto\/parole-trafugate-eduard-kuznekov\/"]}]},{"@type":"ImageObject","inLanguage":"it-IT","@id":"https:\/\/www.guerini.it\/index.php\/prodotto\/parole-trafugate-eduard-kuznekov\/#primaryimage","url":"https:\/\/www.guerini.it\/wp-content\/uploads\/2023\/10\/9788862508940.webp","contentUrl":"https:\/\/www.guerini.it\/wp-content\/uploads\/2023\/10\/9788862508940.webp","width":643,"height":1000,"caption":"Copertina di Parole trafugate, Eduard Kuznekov, Guerini e Associati, 2023"},{"@type":"BreadcrumbList","@id":"https:\/\/www.guerini.it\/index.php\/prodotto\/parole-trafugate-eduard-kuznekov\/#breadcrumb","itemListElement":[{"@type":"ListItem","position":1,"name":"Home","item":"https:\/\/www.guerini.it\/"},{"@type":"ListItem","position":2,"name":"Catalogo","item":"https:\/\/www.guerini.it\/index.php\/negozio\/"},{"@type":"ListItem","position":3,"name":"Parole trafugate"}]},{"@type":"WebSite","@id":"https:\/\/www.guerini.it\/#website","url":"https:\/\/www.guerini.it\/","name":"Guerini e Associati","description":"30 anni di libri, idee e libert\u00e0","publisher":{"@id":"https:\/\/www.guerini.it\/#organization"},"potentialAction":[{"@type":"SearchAction","target":{"@type":"EntryPoint","urlTemplate":"https:\/\/www.guerini.it\/?s={search_term_string}"},"query-input":{"@type":"PropertyValueSpecification","valueRequired":true,"valueName":"search_term_string"}}],"inLanguage":"it-IT"},{"@type":"Organization","@id":"https:\/\/www.guerini.it\/#organization","name":"Guerini e Associati","url":"https:\/\/www.guerini.it\/","logo":{"@type":"ImageObject","inLanguage":"it-IT","@id":"https:\/\/www.guerini.it\/#\/schema\/logo\/image\/","url":"https:\/\/www.guerini.it\/wp-content\/uploads\/2021\/03\/Logo-Guerini-OK_-e1615831292285.png","contentUrl":"https:\/\/www.guerini.it\/wp-content\/uploads\/2021\/03\/Logo-Guerini-OK_-e1615831292285.png","width":2805,"height":1870,"caption":"Guerini e Associati"},"image":{"@id":"https:\/\/www.guerini.it\/#\/schema\/logo\/image\/"}}]}},"_links":{"self":[{"href":"https:\/\/www.guerini.it\/index.php\/wp-json\/wp\/v2\/product\/24215","targetHints":{"allow":["GET"]}}],"collection":[{"href":"https:\/\/www.guerini.it\/index.php\/wp-json\/wp\/v2\/product"}],"about":[{"href":"https:\/\/www.guerini.it\/index.php\/wp-json\/wp\/v2\/types\/product"}],"wp:featuredmedia":[{"embeddable":true,"href":"https:\/\/www.guerini.it\/index.php\/wp-json\/wp\/v2\/media\/24216"}],"wp:attachment":[{"href":"https:\/\/www.guerini.it\/index.php\/wp-json\/wp\/v2\/media?parent=24215"}],"wp:term":[{"taxonomy":"product_brand","embeddable":true,"href":"https:\/\/www.guerini.it\/index.php\/wp-json\/wp\/v2\/product_brand?post=24215"},{"taxonomy":"product_cat","embeddable":true,"href":"https:\/\/www.guerini.it\/index.php\/wp-json\/wp\/v2\/product_cat?post=24215"},{"taxonomy":"product_tag","embeddable":true,"href":"https:\/\/www.guerini.it\/index.php\/wp-json\/wp\/v2\/product_tag?post=24215"}],"curies":[{"name":"wp","href":"https:\/\/api.w.org\/{rel}","templated":true}]}}

<p style="text-align: justify;">Che cosa significa tenere di nascosto un diario in un campo di lavoro dove tutti i giorni vieni perquisito e vivi sotto la costante minaccia di ricatti e punizioni esemplari? Quale incoercibile determinazione può spingerti a registrare nella scrittura questa esperienza e a cercare di diffondere la tua testimonianza al di là del filo spinato? È quanto si chiede Eduard Kuznecov in questi diari fatti uscire clandestinamente dal Lager speciale n. 10 in Mordovia e miracolosamente giunti nelle mani di Sacharov.</p>
<p style="text-align: justify;">Una coraggiosa prova di resistenza morale e una potente testimonianza sulle degradanti e inumane condizioni di vita dei prigionieri e insieme una lucida denuncia dei mali che minano il sistema giudiziario sovietico e dei meccanismi che regolano uno Stato totalitario; uno Stato «il cui passato, presente e futuro si reggono sul sangue, la menzogna e l’insensibilità e di fronte al cui volto da incubo l’uomo non è nulla». Pagine scritte tra il 1970 e il 1971, ma di drammatica attualità che ci ricordano come il potere anche nella Russia di oggi continui a ricorrere agli stessi metodi manipolativi e a servirsi degli stessi strumenti coercitivi nei confronti dei suoi nuovi oppositori.</p>
<blockquote><p><em>Solženicyn mi ha travolto come nessun altro aveva fatto, a eccezione dei diari di prigionia di Eduard Kuznecov</em>.<br />
Leonard Schapiro, The Sunday Times</p></blockquote>
<hr />
<p style="text-align: justify;"><strong>EDUARD KUZNECOV</strong>, scrittore e giornalista dissidente, nasce a Mosca nel 1939. Nel 1961 è arrestato per la prima volta e condannato a sette anni di reclusione per propaganda antisovietica. Nel 1970 viene processato, per aver tentato, insieme a un gruppo di ebrei russi dissidenti, di dirottare un aereo verso Israele e condannato alla pena di morte; pena che gli viene commutata, grazie alla pressione dell’opinione pubblica internazionale, in quindici anni di reclusione in un campo di lavoro a regime speciale in Mordovia. All’inizio degli anni Settanta i suoi diari, usciti clandestinamente dalla Russia, vengono pubblicati in Occidente. Nel 1979 viene rilasciato ed emigra in Israele dove vive attualmente. Tra il 1983 e il 1990 collabora con Radio Liberty. Nel 1992 è tra i fondatori del quotidiano in lingua russa <a href="https://www.vesti.ru/">Vesti</a> (Notizie). Nel 2016 la figlia, Anat Zalmason-Kuznecov, ha diretto un documentario sulla storia dei suoi genitori dal titolo <a href="https://www.operation-wedding-documentary.com/"><em>Operation Wedding</em></a>.</p>
<hr />
<p style="text-align: justify;"><strong>RASSEGNA STAMPA</strong></p>
<ul>
<li>AVVENIRE | <a href="https://www.avvenire.it/agora/pagine/kuznecov-i-gulag-sovietici-prima-di-solenicyn"><em>Kuznecov: i gulag sovietici prima di Solženicyn</em></a> di Gerolamo Fazzini</li>
<li><em>Censura e roghi di libri per i nemici di Mosca </em>su TuttoLibri (LaStampa), pag. 5, 17/02/2024</li>
</ul>

30 anni di libri, idee e libertà
