{"id":24264,"date":"2023-11-10T16:06:04","date_gmt":"2023-11-10T15:06:04","guid":{"rendered":"https:\/\/www.guerini.it\/?post_type=product&#038;p=24264"},"modified":"2024-06-09T20:26:08","modified_gmt":"2024-06-09T18:26:08","slug":"risorse-molto-umane","status":"publish","type":"product","link":"https:\/\/www.guerini.it\/index.php\/prodotto\/risorse-molto-umane\/","title":{"rendered":"Risorse (molto) umane"},"content":{"rendered":"<p style=\"text-align: justify;\">Attirare talenti, formare e far crescere le persone, diffondere una cultura aziendale forte e all\u2019avanguardia. Sono temi di cui si parla in continuazione, ma estremamente difficili da inquadrare e raggiungere. Non ci sono precetti sempre validi o formule generali. Quello che si pu\u00f2 fare \u2013 racconta Giorgio Pivetta \u2013 \u00e8 proporre una prospettiva. Da questo assunto nasce un racconto appassionante sui grandi ostacoli e le grandi opportunit\u00e0 che un responsabile HR incontra sulla propria strada: gestire le crisi, la distribuzione del potere, adattare le competenze. Ma c\u2019\u00e8 spazio anche per interrogarsi sugli sviluppi della professione. Come impatter\u00e0 il digitale? Come si ottiene la sostenibilit\u00e0 sul luogo di lavoro? Uno strumento utile per chiunque voglia trovare la propria strada in un ambito fondamentale dell\u2019organizzazione aziendale e per chiunque si occupi di management nelle organizzazioni.<\/p>\n<hr \/>\n<p style=\"text-align: justify;\"><strong>Giorgio Pivetta<\/strong> si laurea in Filosofia all\u2019Universit\u00e0 di Pavia. Attratto da letture su <a href=\"https:\/\/www.guerini.it\/index.php\/prodotto\/adaptive-business-model-l-olivetti-dopo-adriano\/\">Adriano Olivetti<\/a> e di psicologia e sociologia del lavoro, intraprende un percorso professionale in azienda nell\u2019ambito delle risorse umane. Entra nel Gruppo Barilla dove per 12 anni svolge diversi ruoli, in particolare in ambito internazionale. Dopo aver guidato la direzione delle risorse umane di un gruppo chimico italiano, entra in <a href=\"https:\/\/www.camparigroup.com\/it\">Campari Group<\/a> dove \u00e8 stato per 17 anni Head of Human Resources globale, contribuendo alla crescita e trasformazione dell\u2019azienda in uno tra gli attori di maggior successo nel settore. Da gennaio 2022 ha guidato il progetto di costruzione della Campari University di cui \u00e8 responsabile.<\/p>\n","protected":false},"excerpt":{"rendered":"<p>Attirare talenti, formare e far crescere le persone, diffondere una cultura aziendale forte e all\u2019avanguardia. Sono temi di cui si parla in continuazione, ma estremamente difficili da inquadrare e raggiungere. [&hellip;]<\/p>\n","protected":false},"featured_media":24265,"template":"","meta":{"_editorskit_title_hidden":false,"_editorskit_reading_time":0,"_editorskit_is_block_options_detached":false,"_editorskit_block_options_position":"{}","_monsterinsights_skip_tracking":false,"_monsterinsights_sitenote_active":false,"_monsterinsights_sitenote_note":"","_monsterinsights_sitenote_category":0},"product_brand":[],"product_cat":[6805],"product_tag":[11069,7949,11068,6802,6754],"class_list":{"0":"post-24264","1":"product","2":"type-product","3":"status-publish","4":"has-post-thumbnail","6":"product_cat-guerini-next","7":"product_tag-crescita-professionale","8":"product_tag-digitale","9":"product_tag-hr-director","10":"product_tag-risorse-umane","11":"product_tag-sostenibilita","12":"pa_guerini_amazon_link-https-www-amazon-it-risorse-umane-dilemmi-viaggio-passato-dp-8868964848","13":"pa_guerini_feltrinelli_link-https-www-lafeltrinelli-it-risorse-molto-umane-miti-riti-libro-giorgio-pivetta-e-9788868964849","14":"pa_guerini_ibs_link-https-www-ibs-it-risorse-molto-umane-miti-riti-libro-giorgio-pivetta-e-9788868964849","15":"pa_guerini_libruniver_link-https-www-libreriauniversitaria-it-risorse-molto-umane-miti-riti-libro-9788868964849","16":"pa_guerini_mondadori_link-https-www-mondadoristore-it-risorse-molto-umane-miti-giorgio-pivetta-eai978886896484","18":"first","19":"instock","20":"sale","21":"shipping-taxable","22":"purchasable","23":"product-type-simple"},"yoast_head":"<!-- This site is optimized with the Yoast SEO plugin v25.4 - https:\/\/yoast.com\/wordpress\/plugins\/seo\/ -->\n<title>G. Pivetta, Risorse (molto) umane | Guerini Editore<\/title>\n<meta name=\"description\" content=\"Dall\u2019esperienza del HR Director di una grande multinazionale italiana, uno sguardo sul futuro delle risorse umane (con casi di studio e contributi di CEO).\" \/>\n<meta name=\"robots\" content=\"index, follow, max-snippet:-1, max-image-preview:large, max-video-preview:-1\" \/>\n<link rel=\"canonical\" href=\"https:\/\/www.guerini.it\/index.php\/prodotto\/risorse-molto-umane\/\" \/>\n<meta property=\"og:locale\" content=\"it_IT\" \/>\n<meta property=\"og:type\" content=\"article\" \/>\n<meta property=\"og:title\" content=\"G. Pivetta, Risorse (molto) umane | Guerini Editore\" \/>\n<meta property=\"og:description\" content=\"Dall\u2019esperienza del HR Director di una grande multinazionale italiana, uno sguardo sul futuro delle risorse umane (con casi di studio e contributi di CEO).\" \/>\n<meta property=\"og:url\" content=\"https:\/\/www.guerini.it\/index.php\/prodotto\/risorse-molto-umane\/\" \/>\n<meta property=\"og:site_name\" content=\"Guerini e Associati\" \/>\n<meta property=\"article:modified_time\" content=\"2024-06-09T18:26:08+00:00\" \/>\n<meta property=\"og:image\" content=\"https:\/\/www.guerini.it\/wp-content\/uploads\/2023\/11\/Front-Cover-RISORSE-_MOLTO_-UMANE.webp\" \/>\n\t<meta property=\"og:image:width\" content=\"1654\" \/>\n\t<meta property=\"og:image:height\" content=\"2480\" \/>\n\t<meta property=\"og:image:type\" content=\"image\/webp\" \/>\n<meta name=\"twitter:card\" content=\"summary_large_image\" \/>\n<meta name=\"twitter:label1\" content=\"Tempo di lettura stimato\" \/>\n\t<meta name=\"twitter:data1\" content=\"2 minuti\" \/>\n<!-- \/ Yoast SEO plugin. -->","yoast_head_json":{"title":"G. Pivetta, Risorse (molto) umane | Guerini Editore","description":"Dall\u2019esperienza del HR Director di una grande multinazionale italiana, uno sguardo sul futuro delle risorse umane (con casi di studio e contributi di CEO).","robots":{"index":"index","follow":"follow","max-snippet":"max-snippet:-1","max-image-preview":"max-image-preview:large","max-video-preview":"max-video-preview:-1"},"canonical":"https:\/\/www.guerini.it\/index.php\/prodotto\/risorse-molto-umane\/","og_locale":"it_IT","og_type":"article","og_title":"G. Pivetta, Risorse (molto) umane | Guerini Editore","og_description":"Dall\u2019esperienza del HR Director di una grande multinazionale italiana, uno sguardo sul futuro delle risorse umane (con casi di studio e contributi di CEO).","og_url":"https:\/\/www.guerini.it\/index.php\/prodotto\/risorse-molto-umane\/","og_site_name":"Guerini e Associati","article_modified_time":"2024-06-09T18:26:08+00:00","og_image":[{"width":1654,"height":2480,"url":"https:\/\/www.guerini.it\/wp-content\/uploads\/2023\/11\/Front-Cover-RISORSE-_MOLTO_-UMANE.webp","type":"image\/webp"}],"twitter_card":"summary_large_image","twitter_misc":{"Tempo di lettura stimato":"2 minuti"},"schema":{"@context":"https:\/\/schema.org","@graph":[{"@type":"WebPage","@id":"https:\/\/www.guerini.it\/index.php\/prodotto\/risorse-molto-umane\/","url":"https:\/\/www.guerini.it\/index.php\/prodotto\/risorse-molto-umane\/","name":"G. Pivetta, Risorse (molto) umane | Guerini Editore","isPartOf":{"@id":"https:\/\/www.guerini.it\/#website"},"primaryImageOfPage":{"@id":"https:\/\/www.guerini.it\/index.php\/prodotto\/risorse-molto-umane\/#primaryimage"},"image":{"@id":"https:\/\/www.guerini.it\/index.php\/prodotto\/risorse-molto-umane\/#primaryimage"},"thumbnailUrl":"https:\/\/www.guerini.it\/wp-content\/uploads\/2023\/11\/Front-Cover-RISORSE-_MOLTO_-UMANE.webp","datePublished":"2023-11-10T15:06:04+00:00","dateModified":"2024-06-09T18:26:08+00:00","description":"Dall\u2019esperienza del HR Director di una grande multinazionale italiana, uno sguardo sul futuro delle risorse umane (con casi di studio e contributi di CEO).","breadcrumb":{"@id":"https:\/\/www.guerini.it\/index.php\/prodotto\/risorse-molto-umane\/#breadcrumb"},"inLanguage":"it-IT","potentialAction":[{"@type":"ReadAction","target":["https:\/\/www.guerini.it\/index.php\/prodotto\/risorse-molto-umane\/"]}]},{"@type":"ImageObject","inLanguage":"it-IT","@id":"https:\/\/www.guerini.it\/index.php\/prodotto\/risorse-molto-umane\/#primaryimage","url":"https:\/\/www.guerini.it\/wp-content\/uploads\/2023\/11\/Front-Cover-RISORSE-_MOLTO_-UMANE.webp","contentUrl":"https:\/\/www.guerini.it\/wp-content\/uploads\/2023\/11\/Front-Cover-RISORSE-_MOLTO_-UMANE.webp","width":1654,"height":2480,"caption":"Copertina del libro di G. Pivetta, Risorse (molto) umane, Guerini Next, 2023"},{"@type":"BreadcrumbList","@id":"https:\/\/www.guerini.it\/index.php\/prodotto\/risorse-molto-umane\/#breadcrumb","itemListElement":[{"@type":"ListItem","position":1,"name":"Home","item":"https:\/\/www.guerini.it\/"},{"@type":"ListItem","position":2,"name":"Catalogo","item":"https:\/\/www.guerini.it\/index.php\/negozio\/"},{"@type":"ListItem","position":3,"name":"Risorse (molto) umane"}]},{"@type":"WebSite","@id":"https:\/\/www.guerini.it\/#website","url":"https:\/\/www.guerini.it\/","name":"Guerini e Associati","description":"30 anni di libri, idee e libert\u00e0","publisher":{"@id":"https:\/\/www.guerini.it\/#organization"},"potentialAction":[{"@type":"SearchAction","target":{"@type":"EntryPoint","urlTemplate":"https:\/\/www.guerini.it\/?s={search_term_string}"},"query-input":{"@type":"PropertyValueSpecification","valueRequired":true,"valueName":"search_term_string"}}],"inLanguage":"it-IT"},{"@type":"Organization","@id":"https:\/\/www.guerini.it\/#organization","name":"Guerini e Associati","url":"https:\/\/www.guerini.it\/","logo":{"@type":"ImageObject","inLanguage":"it-IT","@id":"https:\/\/www.guerini.it\/#\/schema\/logo\/image\/","url":"https:\/\/www.guerini.it\/wp-content\/uploads\/2021\/03\/Logo-Guerini-OK_-e1615831292285.png","contentUrl":"https:\/\/www.guerini.it\/wp-content\/uploads\/2021\/03\/Logo-Guerini-OK_-e1615831292285.png","width":2805,"height":1870,"caption":"Guerini e Associati"},"image":{"@id":"https:\/\/www.guerini.it\/#\/schema\/logo\/image\/"}}]}},"_links":{"self":[{"href":"https:\/\/www.guerini.it\/index.php\/wp-json\/wp\/v2\/product\/24264","targetHints":{"allow":["GET"]}}],"collection":[{"href":"https:\/\/www.guerini.it\/index.php\/wp-json\/wp\/v2\/product"}],"about":[{"href":"https:\/\/www.guerini.it\/index.php\/wp-json\/wp\/v2\/types\/product"}],"wp:featuredmedia":[{"embeddable":true,"href":"https:\/\/www.guerini.it\/index.php\/wp-json\/wp\/v2\/media\/24265"}],"wp:attachment":[{"href":"https:\/\/www.guerini.it\/index.php\/wp-json\/wp\/v2\/media?parent=24264"}],"wp:term":[{"taxonomy":"product_brand","embeddable":true,"href":"https:\/\/www.guerini.it\/index.php\/wp-json\/wp\/v2\/product_brand?post=24264"},{"taxonomy":"product_cat","embeddable":true,"href":"https:\/\/www.guerini.it\/index.php\/wp-json\/wp\/v2\/product_cat?post=24264"},{"taxonomy":"product_tag","embeddable":true,"href":"https:\/\/www.guerini.it\/index.php\/wp-json\/wp\/v2\/product_tag?post=24264"}],"curies":[{"name":"wp","href":"https:\/\/api.w.org\/{rel}","templated":true}]}}

<p style="text-align: justify;">Attirare talenti, formare e far crescere le persone, diffondere una cultura aziendale forte e all’avanguardia. Sono temi di cui si parla in continuazione, ma estremamente difficili da inquadrare e raggiungere. Non ci sono precetti sempre validi o formule generali. Quello che si può fare – racconta Giorgio Pivetta – è proporre una prospettiva. Da questo assunto nasce un racconto appassionante sui grandi ostacoli e le grandi opportunità che un responsabile HR incontra sulla propria strada: gestire le crisi, la distribuzione del potere, adattare le competenze. Ma c’è spazio anche per interrogarsi sugli sviluppi della professione. Come impatterà il digitale? Come si ottiene la sostenibilità sul luogo di lavoro? Uno strumento utile per chiunque voglia trovare la propria strada in un ambito fondamentale dell’organizzazione aziendale e per chiunque si occupi di management nelle organizzazioni.</p>
<hr />
<p style="text-align: justify;"><strong>Giorgio Pivetta</strong> si laurea in Filosofia all’Università di Pavia. Attratto da letture su <a href="https://www.guerini.it/index.php/prodotto/adaptive-business-model-l-olivetti-dopo-adriano/">Adriano Olivetti</a> e di psicologia e sociologia del lavoro, intraprende un percorso professionale in azienda nell’ambito delle risorse umane. Entra nel Gruppo Barilla dove per 12 anni svolge diversi ruoli, in particolare in ambito internazionale. Dopo aver guidato la direzione delle risorse umane di un gruppo chimico italiano, entra in <a href="https://www.camparigroup.com/it">Campari Group</a> dove è stato per 17 anni Head of Human Resources globale, contribuendo alla crescita e trasformazione dell’azienda in uno tra gli attori di maggior successo nel settore. Da gennaio 2022 ha guidato il progetto di costruzione della Campari University di cui è responsabile.</p>

30 anni di libri, idee e libertà
