{"id":24267,"date":"2023-11-10T18:11:43","date_gmt":"2023-11-10T17:11:43","guid":{"rendered":"https:\/\/www.guerini.it\/?post_type=product&#038;p=24267"},"modified":"2024-06-09T20:26:08","modified_gmt":"2024-06-09T18:26:08","slug":"guerra-alloccidente","status":"publish","type":"product","link":"https:\/\/www.guerini.it\/index.php\/prodotto\/guerra-alloccidente\/","title":{"rendered":"Guerra all&#8217;Occidente"},"content":{"rendered":"<p style=\"text-align: justify;\">Una delle domande fondamentali attorno cui ruota <em>Guerra all\u2019Occidente<\/em> \u00e8: \u00abSe la storia dell\u2019umanit\u00e0 \u00e8 fatta di schiavit\u00f9, conquiste, pregiudizi, genocidio e sfruttamento, perch\u00e9 solo le nazioni occidentali se ne prendono la colpa?\u00bb Gli aspetti identitari dei paesi occidentali sono alla gogna. La tradizione giudaico-cristiana si trova sotto attacco e subisce costanti diffamazioni. Lo stesso pu\u00f2 dirsi per la tradizione del secolarismo e dell\u2019Illuminismo, radici di tanta qualit\u00e0 politica, scientifica e artistica. Attraverso questo saggio l\u2019autore di bestseller internazionali Douglas Murray propone un\u2019incisiva decostruzione di argomenti incoerenti e attivismo ipocrita, spiegando come l\u2019antirazzismo rischi di diventare un\u2019arma di distruzione di massa e innescando una polemica essenziale e urgente che lo consolida come uno dei principali autori politici del mondo.<\/p>\n<p style=\"text-align: center;\"><strong>\u00ab\u00c8 un campanello d\u2019allarme, ed \u00e8 giusto che risuoni.\u00bb<\/strong><br \/>\n\u2013 Jordan B. Peterson<br \/>\n<strong>\u00abChe si sia d\u2019accordo o meno, Douglas Murray \u00e8 uno degli intellettuali pi\u00f9 importanti dei nostri giorni.\u00bb<\/strong><br \/>\n\u2013 Bernard-Henri L\u00e9vy<br \/>\n<strong>\u00abUna difesa appassionata della cultura occidentale, delle istituzioni e della politica. Questo libro ci conferma che non dovrebbe essere un crimine credere in esse e difenderle. Leggete Guerra all\u2019Occidente. Dotatevi di strumenti contro le sciocchezze.\u00bb<\/strong><br \/>\n\u2013 Megyn Kelly<br \/>\n<strong>\u00abGuerra all\u2019Occidente \u00e8 una lettura avvincente e indispensabile per chiunque sia preoccupato per la nostra cultura occidentale e per il suo futuro.\u00bb<\/strong><br \/>\n\u2013 Newt Gingrich<\/p>\n<hr \/>\n<p style=\"text-align: justify;\"><strong>DOUGLAS MURRAY<\/strong> \u00e8 autore e giornalista. Dal 2012 \u00e8 editor della rivista <em>The Spectator<\/em> e collabora a numerose altre testate tra cui <em>The Wall Street Journal<\/em>, <em>The Times<\/em>, <em>The Sunday Times<\/em>, <em>The Sun<\/em>, <em>The Mail on Sunday<\/em> e <em>National Review<\/em>. \u00c8 ospite fisso della BBC. Tra i suoi libri figura il bestseller del Sunday Times<a href=\"https:\/\/neripozza.it\/libro\/9788854517707\"> <em>La strana morte dell\u2019Europa<\/em><\/a> (Milano 2017) e <a href=\"https:\/\/neripozza.it\/libro\/9788854520608\"><em>La pazzia delle folle<\/em><\/a> (Milano 2019).<\/p>\n","protected":false},"excerpt":{"rendered":"<p>Una delle domande fondamentali attorno cui ruota Guerra all\u2019Occidente \u00e8: \u00abSe la storia dell\u2019umanit\u00e0 \u00e8 fatta di schiavit\u00f9, conquiste, pregiudizi, genocidio e sfruttamento, perch\u00e9 solo le nazioni occidentali se ne [&hellip;]<\/p>\n","protected":false},"featured_media":24268,"template":"","meta":{"_editorskit_title_hidden":false,"_editorskit_reading_time":0,"_editorskit_is_block_options_detached":false,"_editorskit_block_options_position":"{}","_monsterinsights_skip_tracking":false,"_monsterinsights_sitenote_active":false,"_monsterinsights_sitenote_note":"","_monsterinsights_sitenote_category":0},"product_brand":[],"product_cat":[6728,6585],"product_tag":[],"class_list":{"0":"post-24267","1":"product","2":"type-product","3":"status-publish","4":"has-post-thumbnail","6":"product_cat-ultime_novita","7":"product_cat-sma","8":"pa_guerini_amazon_link-https-www-amazon-it-guerra-alloccidente-douglas-murray-dp-8862508840","9":"pa_guerini_feltrinelli_link-https-www-lafeltrinelli-it-guerra-all-occidente-libro-douglas-murray-e-9788862508841","10":"pa_guerini_ibs_link-https-www-ibs-it-guerra-all-occidente-libro-douglas-murray-e-9788862508841","11":"pa_guerini_mondadori_link-https-www-mondadoristore-it-guerra-all-occidente-douglas-murray-eai978886250884","13":"first","14":"instock","15":"sale","16":"shipping-taxable","17":"purchasable","18":"product-type-simple"},"yoast_head":"<!-- This site is optimized with the Yoast SEO plugin v25.4 - https:\/\/yoast.com\/wordpress\/plugins\/seo\/ -->\n<title>D. Murray, Guerra all&#039;Occidente | Guerini Editore<\/title>\n<meta name=\"description\" content=\"\u00abGuerra all\u2019Occidente \u00e8 una lettura avvincente e indispensabile per chiunque sia preoccupato per la nostra cultura occidentale e per il suo futuro.\u00bb\" \/>\n<meta name=\"robots\" content=\"index, follow, max-snippet:-1, max-image-preview:large, max-video-preview:-1\" \/>\n<link rel=\"canonical\" href=\"https:\/\/www.guerini.it\/index.php\/prodotto\/guerra-alloccidente\/\" \/>\n<meta property=\"og:locale\" content=\"it_IT\" \/>\n<meta property=\"og:type\" content=\"article\" \/>\n<meta property=\"og:title\" content=\"D. Murray, Guerra all&#039;Occidente | Guerini Editore\" \/>\n<meta property=\"og:description\" content=\"\u00abGuerra all\u2019Occidente \u00e8 una lettura avvincente e indispensabile per chiunque sia preoccupato per la nostra cultura occidentale e per il suo futuro.\u00bb\" \/>\n<meta property=\"og:url\" content=\"https:\/\/www.guerini.it\/index.php\/prodotto\/guerra-alloccidente\/\" \/>\n<meta property=\"og:site_name\" content=\"Guerini e Associati\" \/>\n<meta property=\"article:modified_time\" content=\"2024-06-09T18:26:08+00:00\" \/>\n<meta property=\"og:image\" content=\"https:\/\/www.guerini.it\/wp-content\/uploads\/2023\/11\/FRONT-Cover-GUERRA-ALLOCCIDENTE-Murray.webp\" \/>\n\t<meta property=\"og:image:width\" content=\"1654\" \/>\n\t<meta property=\"og:image:height\" content=\"2480\" \/>\n\t<meta property=\"og:image:type\" content=\"image\/webp\" \/>\n<meta name=\"twitter:card\" content=\"summary_large_image\" \/>\n<meta name=\"twitter:label1\" content=\"Tempo di lettura stimato\" \/>\n\t<meta name=\"twitter:data1\" content=\"2 minuti\" \/>\n<!-- \/ Yoast SEO plugin. -->","yoast_head_json":{"title":"D. Murray, Guerra all'Occidente | Guerini Editore","description":"\u00abGuerra all\u2019Occidente \u00e8 una lettura avvincente e indispensabile per chiunque sia preoccupato per la nostra cultura occidentale e per il suo futuro.\u00bb","robots":{"index":"index","follow":"follow","max-snippet":"max-snippet:-1","max-image-preview":"max-image-preview:large","max-video-preview":"max-video-preview:-1"},"canonical":"https:\/\/www.guerini.it\/index.php\/prodotto\/guerra-alloccidente\/","og_locale":"it_IT","og_type":"article","og_title":"D. Murray, Guerra all'Occidente | Guerini Editore","og_description":"\u00abGuerra all\u2019Occidente \u00e8 una lettura avvincente e indispensabile per chiunque sia preoccupato per la nostra cultura occidentale e per il suo futuro.\u00bb","og_url":"https:\/\/www.guerini.it\/index.php\/prodotto\/guerra-alloccidente\/","og_site_name":"Guerini e Associati","article_modified_time":"2024-06-09T18:26:08+00:00","og_image":[{"width":1654,"height":2480,"url":"https:\/\/www.guerini.it\/wp-content\/uploads\/2023\/11\/FRONT-Cover-GUERRA-ALLOCCIDENTE-Murray.webp","type":"image\/webp"}],"twitter_card":"summary_large_image","twitter_misc":{"Tempo di lettura stimato":"2 minuti"},"schema":{"@context":"https:\/\/schema.org","@graph":[{"@type":"WebPage","@id":"https:\/\/www.guerini.it\/index.php\/prodotto\/guerra-alloccidente\/","url":"https:\/\/www.guerini.it\/index.php\/prodotto\/guerra-alloccidente\/","name":"D. Murray, Guerra all'Occidente | Guerini Editore","isPartOf":{"@id":"https:\/\/www.guerini.it\/#website"},"primaryImageOfPage":{"@id":"https:\/\/www.guerini.it\/index.php\/prodotto\/guerra-alloccidente\/#primaryimage"},"image":{"@id":"https:\/\/www.guerini.it\/index.php\/prodotto\/guerra-alloccidente\/#primaryimage"},"thumbnailUrl":"https:\/\/www.guerini.it\/wp-content\/uploads\/2023\/11\/FRONT-Cover-GUERRA-ALLOCCIDENTE-Murray.webp","datePublished":"2023-11-10T17:11:43+00:00","dateModified":"2024-06-09T18:26:08+00:00","description":"\u00abGuerra all\u2019Occidente \u00e8 una lettura avvincente e indispensabile per chiunque sia preoccupato per la nostra cultura occidentale e per il suo futuro.\u00bb","breadcrumb":{"@id":"https:\/\/www.guerini.it\/index.php\/prodotto\/guerra-alloccidente\/#breadcrumb"},"inLanguage":"it-IT","potentialAction":[{"@type":"ReadAction","target":["https:\/\/www.guerini.it\/index.php\/prodotto\/guerra-alloccidente\/"]}]},{"@type":"ImageObject","inLanguage":"it-IT","@id":"https:\/\/www.guerini.it\/index.php\/prodotto\/guerra-alloccidente\/#primaryimage","url":"https:\/\/www.guerini.it\/wp-content\/uploads\/2023\/11\/FRONT-Cover-GUERRA-ALLOCCIDENTE-Murray.webp","contentUrl":"https:\/\/www.guerini.it\/wp-content\/uploads\/2023\/11\/FRONT-Cover-GUERRA-ALLOCCIDENTE-Murray.webp","width":1654,"height":2480,"caption":"Copertina del libro di D. Murray, Guerra all'Occidente, Guerini e Associati, 2023"},{"@type":"BreadcrumbList","@id":"https:\/\/www.guerini.it\/index.php\/prodotto\/guerra-alloccidente\/#breadcrumb","itemListElement":[{"@type":"ListItem","position":1,"name":"Home","item":"https:\/\/www.guerini.it\/"},{"@type":"ListItem","position":2,"name":"Catalogo","item":"https:\/\/www.guerini.it\/index.php\/negozio\/"},{"@type":"ListItem","position":3,"name":"Guerra all&#8217;Occidente"}]},{"@type":"WebSite","@id":"https:\/\/www.guerini.it\/#website","url":"https:\/\/www.guerini.it\/","name":"Guerini e Associati","description":"30 anni di libri, idee e libert\u00e0","publisher":{"@id":"https:\/\/www.guerini.it\/#organization"},"potentialAction":[{"@type":"SearchAction","target":{"@type":"EntryPoint","urlTemplate":"https:\/\/www.guerini.it\/?s={search_term_string}"},"query-input":{"@type":"PropertyValueSpecification","valueRequired":true,"valueName":"search_term_string"}}],"inLanguage":"it-IT"},{"@type":"Organization","@id":"https:\/\/www.guerini.it\/#organization","name":"Guerini e Associati","url":"https:\/\/www.guerini.it\/","logo":{"@type":"ImageObject","inLanguage":"it-IT","@id":"https:\/\/www.guerini.it\/#\/schema\/logo\/image\/","url":"https:\/\/www.guerini.it\/wp-content\/uploads\/2021\/03\/Logo-Guerini-OK_-e1615831292285.png","contentUrl":"https:\/\/www.guerini.it\/wp-content\/uploads\/2021\/03\/Logo-Guerini-OK_-e1615831292285.png","width":2805,"height":1870,"caption":"Guerini e Associati"},"image":{"@id":"https:\/\/www.guerini.it\/#\/schema\/logo\/image\/"}}]}},"_links":{"self":[{"href":"https:\/\/www.guerini.it\/index.php\/wp-json\/wp\/v2\/product\/24267","targetHints":{"allow":["GET"]}}],"collection":[{"href":"https:\/\/www.guerini.it\/index.php\/wp-json\/wp\/v2\/product"}],"about":[{"href":"https:\/\/www.guerini.it\/index.php\/wp-json\/wp\/v2\/types\/product"}],"wp:featuredmedia":[{"embeddable":true,"href":"https:\/\/www.guerini.it\/index.php\/wp-json\/wp\/v2\/media\/24268"}],"wp:attachment":[{"href":"https:\/\/www.guerini.it\/index.php\/wp-json\/wp\/v2\/media?parent=24267"}],"wp:term":[{"taxonomy":"product_brand","embeddable":true,"href":"https:\/\/www.guerini.it\/index.php\/wp-json\/wp\/v2\/product_brand?post=24267"},{"taxonomy":"product_cat","embeddable":true,"href":"https:\/\/www.guerini.it\/index.php\/wp-json\/wp\/v2\/product_cat?post=24267"},{"taxonomy":"product_tag","embeddable":true,"href":"https:\/\/www.guerini.it\/index.php\/wp-json\/wp\/v2\/product_tag?post=24267"}],"curies":[{"name":"wp","href":"https:\/\/api.w.org\/{rel}","templated":true}]}}

<p style="text-align: justify;">Una delle domande fondamentali attorno cui ruota <em>Guerra all’Occidente</em> è: «Se la storia dell’umanità è fatta di schiavitù, conquiste, pregiudizi, genocidio e sfruttamento, perché solo le nazioni occidentali se ne prendono la colpa?» Gli aspetti identitari dei paesi occidentali sono alla gogna. La tradizione giudaico-cristiana si trova sotto attacco e subisce costanti diffamazioni. Lo stesso può dirsi per la tradizione del secolarismo e dell’Illuminismo, radici di tanta qualità politica, scientifica e artistica. Attraverso questo saggio l’autore di bestseller internazionali Douglas Murray propone un’incisiva decostruzione di argomenti incoerenti e attivismo ipocrita, spiegando come l’antirazzismo rischi di diventare un’arma di distruzione di massa e innescando una polemica essenziale e urgente che lo consolida come uno dei principali autori politici del mondo.</p>
<p style="text-align: center;"><strong>«È un campanello d’allarme, ed è giusto che risuoni.»</strong><br />
– Jordan B. Peterson<br />
<strong>«Che si sia d’accordo o meno, Douglas Murray è uno degli intellettuali più importanti dei nostri giorni.»</strong><br />
– Bernard-Henri Lévy<br />
<strong>«Una difesa appassionata della cultura occidentale, delle istituzioni e della politica. Questo libro ci conferma che non dovrebbe essere un crimine credere in esse e difenderle. Leggete Guerra all’Occidente. Dotatevi di strumenti contro le sciocchezze.»</strong><br />
– Megyn Kelly<br />
<strong>«Guerra all’Occidente è una lettura avvincente e indispensabile per chiunque sia preoccupato per la nostra cultura occidentale e per il suo futuro.»</strong><br />
– Newt Gingrich</p>
<hr />
<p style="text-align: justify;"><strong>DOUGLAS MURRAY</strong> è autore e giornalista. Dal 2012 è editor della rivista <em>The Spectator</em> e collabora a numerose altre testate tra cui <em>The Wall Street Journal</em>, <em>The Times</em>, <em>The Sunday Times</em>, <em>The Sun</em>, <em>The Mail on Sunday</em> e <em>National Review</em>. È ospite fisso della BBC. Tra i suoi libri figura il bestseller del Sunday Times<a href="https://neripozza.it/libro/9788854517707"> <em>La strana morte dell’Europa</em></a> (Milano 2017) e <a href="https://neripozza.it/libro/9788854520608"><em>La pazzia delle folle</em></a> (Milano 2019).</p>

<p>Una delle domande fondamentali attorno cui ruota Guerra all’Occidente è: «Se la storia dell’umanità è fatta di schiavitù, conquiste, pregiudizi, genocidio e sfruttamento, perché solo le nazioni occidentali se ne [&hellip;]</p>

<!-- This site is optimized with the Yoast SEO plugin v25.4 - https://yoast.com/wordpress/plugins/seo/ -->
<title>D. Murray, Guerra all&#039;Occidente | Guerini Editore</title>
<meta name="description" content="«Guerra all’Occidente è una lettura avvincente e indispensabile per chiunque sia preoccupato per la nostra cultura occidentale e per il suo futuro.»" />
<meta name="robots" content="index, follow, max-snippet:-1, max-image-preview:large, max-video-preview:-1" />
<link rel="canonical" href="https://www.guerini.it/index.php/prodotto/guerra-alloccidente/" />
<meta property="og:locale" content="it_IT" />
<meta property="og:type" content="article" />
<meta property="og:title" content="D. Murray, Guerra all&#039;Occidente | Guerini Editore" />
<meta property="og:description" content="«Guerra all’Occidente è una lettura avvincente e indispensabile per chiunque sia preoccupato per la nostra cultura occidentale e per il suo futuro.»" />
<meta property="og:url" content="https://www.guerini.it/index.php/prodotto/guerra-alloccidente/" />
<meta property="og:site_name" content="Guerini e Associati" />
<meta property="article:modified_time" content="2024-06-09T18:26:08+00:00" />
<meta property="og:image" content="https://www.guerini.it/wp-content/uploads/2023/11/FRONT-Cover-GUERRA-ALLOCCIDENTE-Murray.webp" />
	<meta property="og:image:width" content="1654" />
	<meta property="og:image:height" content="2480" />
	<meta property="og:image:type" content="image/webp" />
<meta name="twitter:card" content="summary_large_image" />
<meta name="twitter:label1" content="Tempo di lettura stimato" />
	<meta name="twitter:data1" content="2 minuti" />
<!-- / Yoast SEO plugin. -->

«Guerra all’Occidente è una lettura avvincente e indispensabile per chiunque sia preoccupato per la nostra cultura occidentale e per il suo futuro.»

30 anni di libri, idee e libertà
