{"id":24278,"date":"2023-11-14T18:07:54","date_gmt":"2023-11-14T17:07:54","guid":{"rendered":"https:\/\/www.guerini.it\/?post_type=product&#038;p=24278"},"modified":"2024-06-09T20:26:09","modified_gmt":"2024-06-09T18:26:09","slug":"un-genocidio-culturale-dei-nostri-giorni-arslan-ferrari","status":"publish","type":"product","link":"https:\/\/www.guerini.it\/index.php\/prodotto\/un-genocidio-culturale-dei-nostri-giorni-arslan-ferrari\/","title":{"rendered":"Un genocidio culturale dei nostri giorni"},"content":{"rendered":"<p style=\"text-align: justify;\">Il Nakhichevan ha avuto a lungo un ruolo molto importante nella storia e nella cultura dell\u2019Armenia, in particolare nell\u2019ambito della nascita del commercio armeno in epoca moderna. Attualmente, per\u00f2, la millenaria presenza armena \u00e8 stata completamente cancellata in questa regione che costituisce una repubblica autonoma dell\u2019Azerbaigian. Non solo, infatti, gli armeni hanno completamente cessato di vivere nel Nakhichevan, ma il loro imponente patrimonio artistico \u2013 in particolare le celebri croci di pietra (khachkar) di Giulfa, ma anche le numerose chiese \u2013 \u00e8 stato completamente distrutto dalle autorit\u00e0 azere negli ultimi decenni. Ed \u00e8 altissimo il rischio che lo stesso possa avvenire nel Nagorno-Karabakh ormai anch\u2019esso privo della sua popolazione armena.<\/p>\n<hr \/>\n<p style=\"text-align: justify;\"><strong>Antonia Arslan<\/strong> ha insegnato Letteratura italiana moderna e contemporanea all\u2019Universit\u00e0 di Padova. Ha dedicato a temi letterari pi\u00f9 di una ventina di libri e moltissimi saggi, fra cui: <em>Dino Buzzati bricoleur e cronista visionario<\/em>; <em>Dame, droga e galline<\/em>. <em>Il romanzo popolare italiano fra \u2019800 e \u2019900<\/em>; <a href=\"https:\/\/www.guerini.it\/index.php\/prodotto\/9788862504027-dame-galline-regine\/\"><em>Dame, galline e regine. La scrittura femminile italiana fra \u2019800 e \u2019900<\/em> <\/a>(per le nostre edizioni). Sempre per le nostre edizioni ha tradotto <em><a href=\"https:\/\/www.guerini.it\/index.php\/prodotto\/9788862505154-canto-del-pane\/\">Il canto del pane<\/a> <\/em>del poeta armeno Daniel Varujan e ha successivamente curato molte altre opere sul genocidio armeno. La sua grande notoriet\u00e0 come scrittrice \u00e8 legata in primo luogo alla straordinaria potenza narrativa di <em>La masseria delle allodole<\/em> (2004) e del seguito, <em>La strada di Smirne<\/em> (2009). Seguono diversi altri romanzi, fra cui <em>Il libro di Mush<\/em> (2012) e, ultimo, <em>Il destino di Aghavn\u00ec<\/em> (2022).<\/p>\n<p style=\"text-align: justify;\"><strong>Aldo Ferrari<\/strong> insegna Lingua e Letteratura Armena, Storia dell\u2019Eurasia e Storia del Caucaso e dell\u2019Asia Centrale presso l\u2019<a href=\"https:\/\/www.unive.it\/\">Universit\u00e0 Ca\u2019 Foscari<\/a> di Venezia. Per l\u2019Istituto per gli Studi di Politica Internazionale (ISPI) di Milano dirige il Programma di Ricerca su Russia, Caucaso e Asia Centrale. \u00c8 presidente dell\u2019Associazione per lo Studio in Italia dell\u2019Asia centrale e del Caucaso (ASIAC). Tra le sue recenti pubblicazioni: <em>Armenia. Una cristianit\u00e0 di frontiera<\/em> (2016); <em>L\u2019Armenia perduta. Viaggio nella memoria di un popolo<\/em> (2019); <em>Storia degli armeni<\/em> (con Giusto Traina, 2020); <em>Storia della Crimea dall\u2019antichit\u00e0 a oggi<\/em> (2022). Per le nostre edizioni ha scritto <a href=\"https:\/\/www.guerini.it\/index.php\/prodotto\/quando-il-caucaso-incontro-la-russia\/\"><em>Quando il Caucaso incontr\u00f2 la Russia<\/em> <\/a>(2015) e curato <a href=\"https:\/\/www.guerini.it\/index.php\/prodotto\/le-guerre-di-dawit-bek-un-eroe-armeno-del-xviii-secolo\/\"><em>Le guerre di Dawit\u2019 Bek<\/em> <\/a>(1997).<\/p>\n","protected":false},"excerpt":{"rendered":"<p>Il Nakhichevan ha avuto a lungo un ruolo molto importante nella storia e nella cultura dell\u2019Armenia, in particolare nell\u2019ambito della nascita del commercio armeno in epoca moderna. Attualmente, per\u00f2, la [&hellip;]<\/p>\n","protected":false},"featured_media":24279,"template":"","meta":{"_editorskit_title_hidden":false,"_editorskit_reading_time":0,"_editorskit_is_block_options_detached":false,"_editorskit_block_options_position":"{}","_monsterinsights_skip_tracking":false,"_monsterinsights_sitenote_active":false,"_monsterinsights_sitenote_note":"","_monsterinsights_sitenote_category":0},"product_brand":[],"product_cat":[6728,6606],"product_tag":[9702,8502],"class_list":{"0":"post-24278","1":"product","2":"type-product","3":"status-publish","4":"has-post-thumbnail","6":"product_cat-ultime_novita","7":"product_cat-fdm","8":"product_tag-armeni","9":"product_tag-armenia","10":"pa_guerini_amazon_link-https-www-amazon-it-genocidio-culturale-nostri-giorni-nakhichevan-dp-8862508891","11":"pa_guerini_feltrinelli_link-https-www-lafeltrinelli-it-genocidio-culturale-dei-nostri-giorni-libro-vari-e-9788862508896","12":"pa_guerini_ibs_link-https-www-ibs-it-genocidio-culturale-dei-nostri-giorni-libro-vari-e-9788862508896","13":"pa_guerini_libruniver_link-https-www-libreriauniversitaria-it-genocidio-culturale-nostri-giorni-nakhichevan-libro-9788862508896","14":"pa_guerini_mondadori_link-https-www-mondadoristore-it-genocidio-culturale-nostri-na-eai978886250889","16":"first","17":"instock","18":"sale","19":"shipping-taxable","20":"purchasable","21":"product-type-simple"},"yoast_head":"<!-- This site is optimized with the Yoast SEO plugin v25.4 - https:\/\/yoast.com\/wordpress\/plugins\/seo\/ -->\n<title>Arslan, Ferrari, Un genocidio culturale dei nostri giorni | Guerini Ed.<\/title>\n<meta name=\"description\" content=\"Il patrimonio artistico armeno nel Nakhichevan \u00e8 stato distrutto dall&#039;Azerbaigian negli ultimi decenni. E ci\u00f2 pu\u00f2 avvenire nel Nagorno-Karabakh.\" \/>\n<meta name=\"robots\" content=\"index, follow, max-snippet:-1, max-image-preview:large, max-video-preview:-1\" \/>\n<link rel=\"canonical\" href=\"https:\/\/www.guerini.it\/index.php\/prodotto\/un-genocidio-culturale-dei-nostri-giorni-arslan-ferrari\/\" \/>\n<meta property=\"og:locale\" content=\"it_IT\" \/>\n<meta property=\"og:type\" content=\"article\" \/>\n<meta property=\"og:title\" content=\"Arslan, Ferrari, Un genocidio culturale dei nostri giorni | Guerini Ed.\" \/>\n<meta property=\"og:description\" content=\"Il patrimonio artistico armeno nel Nakhichevan \u00e8 stato distrutto dall&#039;Azerbaigian negli ultimi decenni. E ci\u00f2 pu\u00f2 avvenire nel Nagorno-Karabakh.\" \/>\n<meta property=\"og:url\" content=\"https:\/\/www.guerini.it\/index.php\/prodotto\/un-genocidio-culturale-dei-nostri-giorni-arslan-ferrari\/\" \/>\n<meta property=\"og:site_name\" content=\"Guerini e Associati\" \/>\n<meta property=\"article:modified_time\" content=\"2024-06-09T18:26:09+00:00\" \/>\n<meta property=\"og:image\" content=\"https:\/\/www.guerini.it\/wp-content\/uploads\/2023\/11\/9788862508896.webp\" \/>\n\t<meta property=\"og:image:width\" content=\"649\" \/>\n\t<meta property=\"og:image:height\" content=\"1000\" \/>\n\t<meta property=\"og:image:type\" content=\"image\/webp\" \/>\n<meta name=\"twitter:card\" content=\"summary_large_image\" \/>\n<meta name=\"twitter:label1\" content=\"Tempo di lettura stimato\" \/>\n\t<meta name=\"twitter:data1\" content=\"3 minuti\" \/>\n<!-- \/ Yoast SEO plugin. -->","yoast_head_json":{"title":"Arslan, Ferrari, Un genocidio culturale dei nostri giorni | Guerini Ed.","description":"Il patrimonio artistico armeno nel Nakhichevan \u00e8 stato distrutto dall'Azerbaigian negli ultimi decenni. E ci\u00f2 pu\u00f2 avvenire nel Nagorno-Karabakh.","robots":{"index":"index","follow":"follow","max-snippet":"max-snippet:-1","max-image-preview":"max-image-preview:large","max-video-preview":"max-video-preview:-1"},"canonical":"https:\/\/www.guerini.it\/index.php\/prodotto\/un-genocidio-culturale-dei-nostri-giorni-arslan-ferrari\/","og_locale":"it_IT","og_type":"article","og_title":"Arslan, Ferrari, Un genocidio culturale dei nostri giorni | Guerini Ed.","og_description":"Il patrimonio artistico armeno nel Nakhichevan \u00e8 stato distrutto dall'Azerbaigian negli ultimi decenni. E ci\u00f2 pu\u00f2 avvenire nel Nagorno-Karabakh.","og_url":"https:\/\/www.guerini.it\/index.php\/prodotto\/un-genocidio-culturale-dei-nostri-giorni-arslan-ferrari\/","og_site_name":"Guerini e Associati","article_modified_time":"2024-06-09T18:26:09+00:00","og_image":[{"width":649,"height":1000,"url":"https:\/\/www.guerini.it\/wp-content\/uploads\/2023\/11\/9788862508896.webp","type":"image\/webp"}],"twitter_card":"summary_large_image","twitter_misc":{"Tempo di lettura stimato":"3 minuti"},"schema":{"@context":"https:\/\/schema.org","@graph":[{"@type":"WebPage","@id":"https:\/\/www.guerini.it\/index.php\/prodotto\/un-genocidio-culturale-dei-nostri-giorni-arslan-ferrari\/","url":"https:\/\/www.guerini.it\/index.php\/prodotto\/un-genocidio-culturale-dei-nostri-giorni-arslan-ferrari\/","name":"Arslan, Ferrari, Un genocidio culturale dei nostri giorni | Guerini Ed.","isPartOf":{"@id":"https:\/\/www.guerini.it\/#website"},"primaryImageOfPage":{"@id":"https:\/\/www.guerini.it\/index.php\/prodotto\/un-genocidio-culturale-dei-nostri-giorni-arslan-ferrari\/#primaryimage"},"image":{"@id":"https:\/\/www.guerini.it\/index.php\/prodotto\/un-genocidio-culturale-dei-nostri-giorni-arslan-ferrari\/#primaryimage"},"thumbnailUrl":"https:\/\/www.guerini.it\/wp-content\/uploads\/2023\/11\/9788862508896.webp","datePublished":"2023-11-14T17:07:54+00:00","dateModified":"2024-06-09T18:26:09+00:00","description":"Il patrimonio artistico armeno nel Nakhichevan \u00e8 stato distrutto dall'Azerbaigian negli ultimi decenni. E ci\u00f2 pu\u00f2 avvenire nel Nagorno-Karabakh.","breadcrumb":{"@id":"https:\/\/www.guerini.it\/index.php\/prodotto\/un-genocidio-culturale-dei-nostri-giorni-arslan-ferrari\/#breadcrumb"},"inLanguage":"it-IT","potentialAction":[{"@type":"ReadAction","target":["https:\/\/www.guerini.it\/index.php\/prodotto\/un-genocidio-culturale-dei-nostri-giorni-arslan-ferrari\/"]}]},{"@type":"ImageObject","inLanguage":"it-IT","@id":"https:\/\/www.guerini.it\/index.php\/prodotto\/un-genocidio-culturale-dei-nostri-giorni-arslan-ferrari\/#primaryimage","url":"https:\/\/www.guerini.it\/wp-content\/uploads\/2023\/11\/9788862508896.webp","contentUrl":"https:\/\/www.guerini.it\/wp-content\/uploads\/2023\/11\/9788862508896.webp","width":649,"height":1000,"caption":"Copertina di A. Arslan, A. Ferrari, Un genocidio culturale dei nostri giorni, Guerini e Associati 2023"},{"@type":"BreadcrumbList","@id":"https:\/\/www.guerini.it\/index.php\/prodotto\/un-genocidio-culturale-dei-nostri-giorni-arslan-ferrari\/#breadcrumb","itemListElement":[{"@type":"ListItem","position":1,"name":"Home","item":"https:\/\/www.guerini.it\/"},{"@type":"ListItem","position":2,"name":"Catalogo","item":"https:\/\/www.guerini.it\/index.php\/negozio\/"},{"@type":"ListItem","position":3,"name":"Un genocidio culturale dei nostri giorni"}]},{"@type":"WebSite","@id":"https:\/\/www.guerini.it\/#website","url":"https:\/\/www.guerini.it\/","name":"Guerini e Associati","description":"30 anni di libri, idee e libert\u00e0","publisher":{"@id":"https:\/\/www.guerini.it\/#organization"},"potentialAction":[{"@type":"SearchAction","target":{"@type":"EntryPoint","urlTemplate":"https:\/\/www.guerini.it\/?s={search_term_string}"},"query-input":{"@type":"PropertyValueSpecification","valueRequired":true,"valueName":"search_term_string"}}],"inLanguage":"it-IT"},{"@type":"Organization","@id":"https:\/\/www.guerini.it\/#organization","name":"Guerini e Associati","url":"https:\/\/www.guerini.it\/","logo":{"@type":"ImageObject","inLanguage":"it-IT","@id":"https:\/\/www.guerini.it\/#\/schema\/logo\/image\/","url":"https:\/\/www.guerini.it\/wp-content\/uploads\/2021\/03\/Logo-Guerini-OK_-e1615831292285.png","contentUrl":"https:\/\/www.guerini.it\/wp-content\/uploads\/2021\/03\/Logo-Guerini-OK_-e1615831292285.png","width":2805,"height":1870,"caption":"Guerini e Associati"},"image":{"@id":"https:\/\/www.guerini.it\/#\/schema\/logo\/image\/"}}]}},"_links":{"self":[{"href":"https:\/\/www.guerini.it\/index.php\/wp-json\/wp\/v2\/product\/24278","targetHints":{"allow":["GET"]}}],"collection":[{"href":"https:\/\/www.guerini.it\/index.php\/wp-json\/wp\/v2\/product"}],"about":[{"href":"https:\/\/www.guerini.it\/index.php\/wp-json\/wp\/v2\/types\/product"}],"wp:featuredmedia":[{"embeddable":true,"href":"https:\/\/www.guerini.it\/index.php\/wp-json\/wp\/v2\/media\/24279"}],"wp:attachment":[{"href":"https:\/\/www.guerini.it\/index.php\/wp-json\/wp\/v2\/media?parent=24278"}],"wp:term":[{"taxonomy":"product_brand","embeddable":true,"href":"https:\/\/www.guerini.it\/index.php\/wp-json\/wp\/v2\/product_brand?post=24278"},{"taxonomy":"product_cat","embeddable":true,"href":"https:\/\/www.guerini.it\/index.php\/wp-json\/wp\/v2\/product_cat?post=24278"},{"taxonomy":"product_tag","embeddable":true,"href":"https:\/\/www.guerini.it\/index.php\/wp-json\/wp\/v2\/product_tag?post=24278"}],"curies":[{"name":"wp","href":"https:\/\/api.w.org\/{rel}","templated":true}]}}

<p style="text-align: justify;">Il Nakhichevan ha avuto a lungo un ruolo molto importante nella storia e nella cultura dell’Armenia, in particolare nell’ambito della nascita del commercio armeno in epoca moderna. Attualmente, però, la millenaria presenza armena è stata completamente cancellata in questa regione che costituisce una repubblica autonoma dell’Azerbaigian. Non solo, infatti, gli armeni hanno completamente cessato di vivere nel Nakhichevan, ma il loro imponente patrimonio artistico – in particolare le celebri croci di pietra (khachkar) di Giulfa, ma anche le numerose chiese – è stato completamente distrutto dalle autorità azere negli ultimi decenni. Ed è altissimo il rischio che lo stesso possa avvenire nel Nagorno-Karabakh ormai anch’esso privo della sua popolazione armena.</p>
<hr />
<p style="text-align: justify;"><strong>Antonia Arslan</strong> ha insegnato Letteratura italiana moderna e contemporanea all’Università di Padova. Ha dedicato a temi letterari più di una ventina di libri e moltissimi saggi, fra cui: <em>Dino Buzzati bricoleur e cronista visionario</em>; <em>Dame, droga e galline</em>. <em>Il romanzo popolare italiano fra ’800 e ’900</em>; <a href="https://www.guerini.it/index.php/prodotto/9788862504027-dame-galline-regine/"><em>Dame, galline e regine. La scrittura femminile italiana fra ’800 e ’900</em> </a>(per le nostre edizioni). Sempre per le nostre edizioni ha tradotto <em><a href="https://www.guerini.it/index.php/prodotto/9788862505154-canto-del-pane/">Il canto del pane</a> </em>del poeta armeno Daniel Varujan e ha successivamente curato molte altre opere sul genocidio armeno. La sua grande notorietà come scrittrice è legata in primo luogo alla straordinaria potenza narrativa di <em>La masseria delle allodole</em> (2004) e del seguito, <em>La strada di Smirne</em> (2009). Seguono diversi altri romanzi, fra cui <em>Il libro di Mush</em> (2012) e, ultimo, <em>Il destino di Aghavnì</em> (2022).</p>
<p style="text-align: justify;"><strong>Aldo Ferrari</strong> insegna Lingua e Letteratura Armena, Storia dell’Eurasia e Storia del Caucaso e dell’Asia Centrale presso l’<a href="https://www.unive.it/">Università Ca’ Foscari</a> di Venezia. Per l’Istituto per gli Studi di Politica Internazionale (ISPI) di Milano dirige il Programma di Ricerca su Russia, Caucaso e Asia Centrale. È presidente dell’Associazione per lo Studio in Italia dell’Asia centrale e del Caucaso (ASIAC). Tra le sue recenti pubblicazioni: <em>Armenia. Una cristianità di frontiera</em> (2016); <em>L’Armenia perduta. Viaggio nella memoria di un popolo</em> (2019); <em>Storia degli armeni</em> (con Giusto Traina, 2020); <em>Storia della Crimea dall’antichità a oggi</em> (2022). Per le nostre edizioni ha scritto <a href="https://www.guerini.it/index.php/prodotto/quando-il-caucaso-incontro-la-russia/"><em>Quando il Caucaso incontrò la Russia</em> </a>(2015) e curato <a href="https://www.guerini.it/index.php/prodotto/le-guerre-di-dawit-bek-un-eroe-armeno-del-xviii-secolo/"><em>Le guerre di Dawit’ Bek</em> </a>(1997).</p>

<p>Il Nakhichevan ha avuto a lungo un ruolo molto importante nella storia e nella cultura dell’Armenia, in particolare nell’ambito della nascita del commercio armeno in epoca moderna. Attualmente, però, la [&hellip;]</p>

<!-- This site is optimized with the Yoast SEO plugin v25.4 - https://yoast.com/wordpress/plugins/seo/ -->
<title>Arslan, Ferrari, Un genocidio culturale dei nostri giorni | Guerini Ed.</title>
<meta name="description" content="Il patrimonio artistico armeno nel Nakhichevan è stato distrutto dall&#039;Azerbaigian negli ultimi decenni. E ciò può avvenire nel Nagorno-Karabakh." />
<meta name="robots" content="index, follow, max-snippet:-1, max-image-preview:large, max-video-preview:-1" />
<link rel="canonical" href="https://www.guerini.it/index.php/prodotto/un-genocidio-culturale-dei-nostri-giorni-arslan-ferrari/" />
<meta property="og:locale" content="it_IT" />
<meta property="og:type" content="article" />
<meta property="og:title" content="Arslan, Ferrari, Un genocidio culturale dei nostri giorni | Guerini Ed." />
<meta property="og:description" content="Il patrimonio artistico armeno nel Nakhichevan è stato distrutto dall&#039;Azerbaigian negli ultimi decenni. E ciò può avvenire nel Nagorno-Karabakh." />
<meta property="og:url" content="https://www.guerini.it/index.php/prodotto/un-genocidio-culturale-dei-nostri-giorni-arslan-ferrari/" />
<meta property="og:site_name" content="Guerini e Associati" />
<meta property="article:modified_time" content="2024-06-09T18:26:09+00:00" />
<meta property="og:image" content="https://www.guerini.it/wp-content/uploads/2023/11/9788862508896.webp" />
	<meta property="og:image:width" content="649" />
	<meta property="og:image:height" content="1000" />
	<meta property="og:image:type" content="image/webp" />
<meta name="twitter:card" content="summary_large_image" />
<meta name="twitter:label1" content="Tempo di lettura stimato" />
	<meta name="twitter:data1" content="3 minuti" />
<!-- / Yoast SEO plugin. -->

Il patrimonio artistico armeno nel Nakhichevan è stato distrutto dall'Azerbaigian negli ultimi decenni. E ciò può avvenire nel Nagorno-Karabakh.

30 anni di libri, idee e libertà
