{"id":24338,"date":"2023-12-27T10:51:29","date_gmt":"2023-12-27T09:51:29","guid":{"rendered":"https:\/\/www.guerini.it\/?post_type=product&#038;p=24338"},"modified":"2024-06-09T20:26:12","modified_gmt":"2024-06-09T18:26:12","slug":"franco-cesaro-mi-tho-fato-mi-te-desfo-io-ti-ho-fatto-io-ti-distruggo","status":"publish","type":"product","link":"https:\/\/www.guerini.it\/index.php\/prodotto\/franco-cesaro-mi-tho-fato-mi-te-desfo-io-ti-ho-fatto-io-ti-distruggo\/","title":{"rendered":"Mi t&#8217;ho fato mi te desfo (Io ti ho fatto, io ti distruggo)"},"content":{"rendered":"<p style=\"text-align: justify;\">Nel passaggio generazionale, il 67% delle aziende familiari italiane cessa di esistere; tra quelle seguite dallo Studio di Franco Cesaro, nei suoi 37 anni di attivit\u00e0, la percentuale cala all\u20198% come certificato da ricerche accademiche.<br \/>\nIl segreto \u00e8 non smettere mai di innovare. Ma come si supera il conservatorismo degli imprenditori italiani, disposti a far morire le aziende con loro pur di non vederle cambiare?<br \/>\nIl libro descrive un metodo per la gestione delle PMI e la loro conduzione durante la convivenza fra generazioni e offre una testimonianza di come le imprese del nostro Paese possono continuare a prosperare se danno fiducia ai giovani.<\/p>\n<hr \/>\n<p style=\"text-align: left;\"><em><strong>\u00ab<\/strong>Immagina un viaggio che ti conduce attraverso i labirinti intricati e affascinanti delle dinamiche che sottendono alla creazione, alla prosperit\u00e0 e talvolta all\u2019improvvisa scomparsa delle imprese familiari.<\/em><br \/>\n<em>Questo libro \u00e8 un\u2019esplorazione ibrida, una guida che intende immergerti in un mondo in cui il 67% delle imprese familiari non sopravvive oltre la prima generazione, esplorando cos\u00ec il legame tra i comportamenti individuali e il destino delle imprese familiari, focalizzandosi sul potere e sulla responsabilit\u00e0 attribuiti a singoli individui all\u2019interno di queste organizzazioni<strong>\u00bb<\/strong>.<\/em><\/p>\n<p>Dalla Presentazione di <strong>Alfredo De Massis<\/strong>, Professore Ordinario di Imprenditorialit\u00e0 e Family Business, Libera Universit\u00e0 di Bolzano, IMD Business School (Svizzera) e Lancaster University Management School<br \/>\n(UK), Direttore Unibz Centre for Family Business Management.<\/p>\n<hr \/>\n<p style=\"text-align: justify;\"><strong>Franco Cesaro<\/strong> \u00e8 titolare della <a href=\"https:\/\/www.cesaroeassociati.it\/it\/\">Cesaro&amp;Associati<\/a>, che coniuga i valori dell\u2019impresa e della famiglia. I suoi studi si concentrano sulle organizzazioni che investono sulla cultura per sviluppare i talenti. Ha insegnato all\u2019universit\u00e0 degli Studi di Milano e di Verona ed \u00e8 autore per Guerini di <em>Non ne posso pi\u00f9 dei venditori<\/em> (2003), <em>Piccoli e scatenati<\/em> (2004), <em>Racconti di fabbrica\u00a0<\/em> 2011) e <a href=\"https:\/\/www.guerini.it\/index.php\/prodotto\/l-ho-fatto-per-voi\/\"><em>L\u2019ho fatto per voi<\/em><\/a> (2012).<\/p>\n","protected":false},"excerpt":{"rendered":"<p>Nel passaggio generazionale, il 67% delle aziende familiari italiane cessa di esistere; tra quelle seguite dallo Studio di Franco Cesaro, nei suoi 37 anni di attivit\u00e0, la percentuale cala all\u20198% [&hellip;]<\/p>\n","protected":false},"featured_media":24339,"template":"","meta":{"_editorskit_title_hidden":false,"_editorskit_reading_time":0,"_editorskit_is_block_options_detached":false,"_editorskit_block_options_position":"{}","_monsterinsights_skip_tracking":false,"_monsterinsights_sitenote_active":false,"_monsterinsights_sitenote_note":"","_monsterinsights_sitenote_category":0},"product_brand":[],"product_cat":[6805],"product_tag":[6815,6746,9908,8109,6968,10828,6816,7050],"class_list":{"0":"post-24338","1":"product","2":"type-product","3":"status-publish","4":"has-post-thumbnail","6":"product_cat-guerini-next","7":"product_tag-economia","8":"product_tag-futuro","9":"product_tag-generazioni","10":"product_tag-giovani","11":"product_tag-impresa","12":"product_tag-pmi","13":"product_tag-societa","14":"product_tag-storia","15":"pa_guerini_amazon_link-https-www-amazon-it-distruggo-creativi-sopravvivenza-aziende-famiglie-dp-8868965224","16":"pa_guerini_feltrinelli_link-https-www-lafeltrinelli-it-mi-t-ho-fato-mi-libro-franco-cesaro-e-9788868965228","17":"pa_guerini_ibs_link-https-www-ibs-it-mi-t-ho-fato-mi-libro-franco-cesaro-e-9788868965228","18":"pa_guerini_libruniver_link-https-www-libreriauniversitaria-it-mi-ho-fato-mi-te-libro-9788868965228","19":"pa_guerini_mondadori_link-https-www-mondadoristore-it-mi-t-ho-fato-mi-te-desfo-io-franco-cesaro-eai978886896522","21":"first","22":"instock","23":"sale","24":"shipping-taxable","25":"purchasable","26":"product-type-simple"},"yoast_head":"<!-- This site is optimized with the Yoast SEO plugin v25.4 - https:\/\/yoast.com\/wordpress\/plugins\/seo\/ -->\n<title>Franco Cesaro, Mi t&#039;ho fato mi te desfo | Guerini Editore<\/title>\n<meta name=\"description\" content=\"Storie di aziende, famiglie e passaggi generazionali raccontate da Franco Cesaro, esperto consulente e formatore aziendale, fondatore di Cesaro &amp; Associati.\" \/>\n<meta name=\"robots\" content=\"index, follow, max-snippet:-1, max-image-preview:large, max-video-preview:-1\" \/>\n<link rel=\"canonical\" href=\"https:\/\/www.guerini.it\/index.php\/prodotto\/franco-cesaro-mi-tho-fato-mi-te-desfo-io-ti-ho-fatto-io-ti-distruggo\/\" \/>\n<meta property=\"og:locale\" content=\"it_IT\" \/>\n<meta property=\"og:type\" content=\"article\" \/>\n<meta property=\"og:title\" content=\"Franco Cesaro, Mi t&#039;ho fato mi te desfo | Guerini Editore\" \/>\n<meta property=\"og:description\" content=\"Storie di aziende, famiglie e passaggi generazionali raccontate da Franco Cesaro, esperto consulente e formatore aziendale, fondatore di Cesaro &amp; Associati.\" \/>\n<meta property=\"og:url\" content=\"https:\/\/www.guerini.it\/index.php\/prodotto\/franco-cesaro-mi-tho-fato-mi-te-desfo-io-ti-ho-fatto-io-ti-distruggo\/\" \/>\n<meta property=\"og:site_name\" content=\"Guerini e Associati\" \/>\n<meta property=\"article:modified_time\" content=\"2024-06-09T18:26:12+00:00\" \/>\n<meta property=\"og:image\" content=\"https:\/\/www.guerini.it\/wp-content\/uploads\/2023\/12\/Front-Cover-IO-TI-HO-FATTO_-IO-TI-DISTRUGGO-scaled.webp\" \/>\n\t<meta property=\"og:image:width\" content=\"1647\" \/>\n\t<meta property=\"og:image:height\" content=\"2560\" \/>\n\t<meta property=\"og:image:type\" content=\"image\/webp\" \/>\n<meta name=\"twitter:card\" content=\"summary_large_image\" \/>\n<meta name=\"twitter:label1\" content=\"Tempo di lettura stimato\" \/>\n\t<meta name=\"twitter:data1\" content=\"2 minuti\" \/>\n<!-- \/ Yoast SEO plugin. -->","yoast_head_json":{"title":"Franco Cesaro, Mi t'ho fato mi te desfo | Guerini Editore","description":"Storie di aziende, famiglie e passaggi generazionali raccontate da Franco Cesaro, esperto consulente e formatore aziendale, fondatore di Cesaro & Associati.","robots":{"index":"index","follow":"follow","max-snippet":"max-snippet:-1","max-image-preview":"max-image-preview:large","max-video-preview":"max-video-preview:-1"},"canonical":"https:\/\/www.guerini.it\/index.php\/prodotto\/franco-cesaro-mi-tho-fato-mi-te-desfo-io-ti-ho-fatto-io-ti-distruggo\/","og_locale":"it_IT","og_type":"article","og_title":"Franco Cesaro, Mi t'ho fato mi te desfo | Guerini Editore","og_description":"Storie di aziende, famiglie e passaggi generazionali raccontate da Franco Cesaro, esperto consulente e formatore aziendale, fondatore di Cesaro & Associati.","og_url":"https:\/\/www.guerini.it\/index.php\/prodotto\/franco-cesaro-mi-tho-fato-mi-te-desfo-io-ti-ho-fatto-io-ti-distruggo\/","og_site_name":"Guerini e Associati","article_modified_time":"2024-06-09T18:26:12+00:00","og_image":[{"width":1647,"height":2560,"url":"https:\/\/www.guerini.it\/wp-content\/uploads\/2023\/12\/Front-Cover-IO-TI-HO-FATTO_-IO-TI-DISTRUGGO-scaled.webp","type":"image\/webp"}],"twitter_card":"summary_large_image","twitter_misc":{"Tempo di lettura stimato":"2 minuti"},"schema":{"@context":"https:\/\/schema.org","@graph":[{"@type":"WebPage","@id":"https:\/\/www.guerini.it\/index.php\/prodotto\/franco-cesaro-mi-tho-fato-mi-te-desfo-io-ti-ho-fatto-io-ti-distruggo\/","url":"https:\/\/www.guerini.it\/index.php\/prodotto\/franco-cesaro-mi-tho-fato-mi-te-desfo-io-ti-ho-fatto-io-ti-distruggo\/","name":"Franco Cesaro, Mi t'ho fato mi te desfo | Guerini Editore","isPartOf":{"@id":"https:\/\/www.guerini.it\/#website"},"primaryImageOfPage":{"@id":"https:\/\/www.guerini.it\/index.php\/prodotto\/franco-cesaro-mi-tho-fato-mi-te-desfo-io-ti-ho-fatto-io-ti-distruggo\/#primaryimage"},"image":{"@id":"https:\/\/www.guerini.it\/index.php\/prodotto\/franco-cesaro-mi-tho-fato-mi-te-desfo-io-ti-ho-fatto-io-ti-distruggo\/#primaryimage"},"thumbnailUrl":"https:\/\/www.guerini.it\/wp-content\/uploads\/2023\/12\/Front-Cover-IO-TI-HO-FATTO_-IO-TI-DISTRUGGO-scaled.webp","datePublished":"2023-12-27T09:51:29+00:00","dateModified":"2024-06-09T18:26:12+00:00","description":"Storie di aziende, famiglie e passaggi generazionali raccontate da Franco Cesaro, esperto consulente e formatore aziendale, fondatore di Cesaro & Associati.","breadcrumb":{"@id":"https:\/\/www.guerini.it\/index.php\/prodotto\/franco-cesaro-mi-tho-fato-mi-te-desfo-io-ti-ho-fatto-io-ti-distruggo\/#breadcrumb"},"inLanguage":"it-IT","potentialAction":[{"@type":"ReadAction","target":["https:\/\/www.guerini.it\/index.php\/prodotto\/franco-cesaro-mi-tho-fato-mi-te-desfo-io-ti-ho-fatto-io-ti-distruggo\/"]}]},{"@type":"ImageObject","inLanguage":"it-IT","@id":"https:\/\/www.guerini.it\/index.php\/prodotto\/franco-cesaro-mi-tho-fato-mi-te-desfo-io-ti-ho-fatto-io-ti-distruggo\/#primaryimage","url":"https:\/\/www.guerini.it\/wp-content\/uploads\/2023\/12\/Front-Cover-IO-TI-HO-FATTO_-IO-TI-DISTRUGGO-scaled.webp","contentUrl":"https:\/\/www.guerini.it\/wp-content\/uploads\/2023\/12\/Front-Cover-IO-TI-HO-FATTO_-IO-TI-DISTRUGGO-scaled.webp","width":1647,"height":2560,"caption":"Copertina del libro di F. Cesaro, Mi t'ho fato mi te desfo, Guerini Next, 2024"},{"@type":"BreadcrumbList","@id":"https:\/\/www.guerini.it\/index.php\/prodotto\/franco-cesaro-mi-tho-fato-mi-te-desfo-io-ti-ho-fatto-io-ti-distruggo\/#breadcrumb","itemListElement":[{"@type":"ListItem","position":1,"name":"Home","item":"https:\/\/www.guerini.it\/"},{"@type":"ListItem","position":2,"name":"Catalogo","item":"https:\/\/www.guerini.it\/index.php\/negozio\/"},{"@type":"ListItem","position":3,"name":"Mi t&#8217;ho fato mi te desfo (Io ti ho fatto, io ti distruggo)"}]},{"@type":"WebSite","@id":"https:\/\/www.guerini.it\/#website","url":"https:\/\/www.guerini.it\/","name":"Guerini e Associati","description":"30 anni di libri, idee e libert\u00e0","publisher":{"@id":"https:\/\/www.guerini.it\/#organization"},"potentialAction":[{"@type":"SearchAction","target":{"@type":"EntryPoint","urlTemplate":"https:\/\/www.guerini.it\/?s={search_term_string}"},"query-input":{"@type":"PropertyValueSpecification","valueRequired":true,"valueName":"search_term_string"}}],"inLanguage":"it-IT"},{"@type":"Organization","@id":"https:\/\/www.guerini.it\/#organization","name":"Guerini e Associati","url":"https:\/\/www.guerini.it\/","logo":{"@type":"ImageObject","inLanguage":"it-IT","@id":"https:\/\/www.guerini.it\/#\/schema\/logo\/image\/","url":"https:\/\/www.guerini.it\/wp-content\/uploads\/2021\/03\/Logo-Guerini-OK_-e1615831292285.png","contentUrl":"https:\/\/www.guerini.it\/wp-content\/uploads\/2021\/03\/Logo-Guerini-OK_-e1615831292285.png","width":2805,"height":1870,"caption":"Guerini e Associati"},"image":{"@id":"https:\/\/www.guerini.it\/#\/schema\/logo\/image\/"}}]}},"_links":{"self":[{"href":"https:\/\/www.guerini.it\/index.php\/wp-json\/wp\/v2\/product\/24338","targetHints":{"allow":["GET"]}}],"collection":[{"href":"https:\/\/www.guerini.it\/index.php\/wp-json\/wp\/v2\/product"}],"about":[{"href":"https:\/\/www.guerini.it\/index.php\/wp-json\/wp\/v2\/types\/product"}],"wp:featuredmedia":[{"embeddable":true,"href":"https:\/\/www.guerini.it\/index.php\/wp-json\/wp\/v2\/media\/24339"}],"wp:attachment":[{"href":"https:\/\/www.guerini.it\/index.php\/wp-json\/wp\/v2\/media?parent=24338"}],"wp:term":[{"taxonomy":"product_brand","embeddable":true,"href":"https:\/\/www.guerini.it\/index.php\/wp-json\/wp\/v2\/product_brand?post=24338"},{"taxonomy":"product_cat","embeddable":true,"href":"https:\/\/www.guerini.it\/index.php\/wp-json\/wp\/v2\/product_cat?post=24338"},{"taxonomy":"product_tag","embeddable":true,"href":"https:\/\/www.guerini.it\/index.php\/wp-json\/wp\/v2\/product_tag?post=24338"}],"curies":[{"name":"wp","href":"https:\/\/api.w.org\/{rel}","templated":true}]}}

<p style="text-align: justify;">Nel passaggio generazionale, il 67% delle aziende familiari italiane cessa di esistere; tra quelle seguite dallo Studio di Franco Cesaro, nei suoi 37 anni di attività, la percentuale cala all’8% come certificato da ricerche accademiche.<br />
Il segreto è non smettere mai di innovare. Ma come si supera il conservatorismo degli imprenditori italiani, disposti a far morire le aziende con loro pur di non vederle cambiare?<br />
Il libro descrive un metodo per la gestione delle PMI e la loro conduzione durante la convivenza fra generazioni e offre una testimonianza di come le imprese del nostro Paese possono continuare a prosperare se danno fiducia ai giovani.</p>
<hr />
<p style="text-align: left;"><em><strong>«</strong>Immagina un viaggio che ti conduce attraverso i labirinti intricati e affascinanti delle dinamiche che sottendono alla creazione, alla prosperità e talvolta all’improvvisa scomparsa delle imprese familiari.</em><br />
<em>Questo libro è un’esplorazione ibrida, una guida che intende immergerti in un mondo in cui il 67% delle imprese familiari non sopravvive oltre la prima generazione, esplorando così il legame tra i comportamenti individuali e il destino delle imprese familiari, focalizzandosi sul potere e sulla responsabilità attribuiti a singoli individui all’interno di queste organizzazioni<strong>»</strong>.</em></p>
<p>Dalla Presentazione di <strong>Alfredo De Massis</strong>, Professore Ordinario di Imprenditorialità e Family Business, Libera Università di Bolzano, IMD Business School (Svizzera) e Lancaster University Management School<br />
(UK), Direttore Unibz Centre for Family Business Management.</p>
<hr />
<p style="text-align: justify;"><strong>Franco Cesaro</strong> è titolare della <a href="https://www.cesaroeassociati.it/it/">Cesaro&amp;Associati</a>, che coniuga i valori dell’impresa e della famiglia. I suoi studi si concentrano sulle organizzazioni che investono sulla cultura per sviluppare i talenti. Ha insegnato all’università degli Studi di Milano e di Verona ed è autore per Guerini di <em>Non ne posso più dei venditori</em> (2003), <em>Piccoli e scatenati</em> (2004), <em>Racconti di fabbrica </em> 2011) e <a href="https://www.guerini.it/index.php/prodotto/l-ho-fatto-per-voi/"><em>L’ho fatto per voi</em></a> (2012).</p>

<p>Nel passaggio generazionale, il 67% delle aziende familiari italiane cessa di esistere; tra quelle seguite dallo Studio di Franco Cesaro, nei suoi 37 anni di attività, la percentuale cala all’8% [&hellip;]</p>

30 anni di libri, idee e libertà
