{"id":24419,"date":"2024-02-06T17:53:43","date_gmt":"2024-02-06T16:53:43","guid":{"rendered":"https:\/\/www.guerini.it\/?post_type=product&#038;p=24419"},"modified":"2024-06-09T20:26:17","modified_gmt":"2024-06-09T18:26:17","slug":"il-valore-delluniversita-per-il-territorio","status":"publish","type":"product","link":"https:\/\/www.guerini.it\/index.php\/prodotto\/il-valore-delluniversita-per-il-territorio\/","title":{"rendered":"Il valore dell&#8217;Universit\u00e0 per il territorio"},"content":{"rendered":"<p style=\"text-align: justify;\">Uno studio approfondito per fare il punto della situazione, tracciare un bilancio di quanto fatto da <span style=\"font-variant: small-caps;\">liuc<\/span> \u2013 Universit\u00e0 Cattaneo nei suoi primi 30 anni di attivit\u00e0 ed evidenziarne successi e ambiti di miglioramento. Non solo. Questo volume offre una prospettiva pi\u00f9 ampia, una visione pi\u00f9 alta, esplicitando il ruolo centrale che un\u2019universit\u00e0 gioca oggi all\u2019interno dell\u2019ecosistema socio-economico di cui fa parte. Grazie a un approccio scientificamente rigoroso, ma narrato con semplicit\u00e0 e immediatezza, questo volume conduce alla scoperta di quali sono le diverse dimensioni con cui un Ateneo genera valore per il proprio territorio di riferimento: ricerca, didattica, terza missione e presenza dell\u2019infrastruttura sul territorio, che attivano nuova conoscenza, sapere tecnico e nuove opportunit\u00e0 per le imprese e il mondo produttivo, per gli studenti, per il tessuto sociale e innescano un florido circuito economico per il commercio e i servizi del territorio. L\u2019analisi, condotta seguendo una metodologia innovativa, sviluppata nel mondo anglosassone e ancora inedita nel nostro Paese, ci aiuta a scoprire che un\u2019universit\u00e0 \u00e8 molto pi\u00f9 di una \u00abfucina\u00bb di talenti, \u00e8 un polo di sviluppo per l\u2019intera comunit\u00e0 (ampia) di riferimento, un catalizzatore di opportunit\u00e0 di crescita, un volano di attrattivit\u00e0 e nuovi investimenti.<\/p>\n<hr \/>\n<p style=\"text-align: justify;\"><strong>Massimiliano Serati<\/strong> \u00e8 Dean della <a href=\"https:\/\/www.liucbs.it\/\"><span style=\"font-variant: small-caps;\">liuc<\/span> Business School<\/a> e Professore Associato di Politica Economica presso la <span style=\"font-variant: small-caps;\">liuc<\/span> \u2013 Universit\u00e0 Cattaneo. Tra le sue principali aree di interesse vi sono l\u2019Analisi, lo sviluppo e la valorizzazione delle attrattivit\u00e0 territoriali con particolare enfasi per le dimensioni culturali e turistiche, la costruzione mediante metodologie econometriche di Indicatori socio-economici di monitoraggio per l\u2019analisi del territorio, l\u2019elaborazione di Politiche di sviluppo locale e strumenti di supporto alle decisioni di programmazione, l\u2019analisi di scenario territoriale e settoriale. \u00c8 stato consulente della <a href=\"https:\/\/www.bancaditalia.it\/\">Banca d\u2019Italia<\/a>, del Ministero dell\u2019Economia, del Ministero della P.A., del Ministero del Turismo e di diverse realt\u00e0 istituzionali e private nazionali ed estere. \u00c8 autore di numerosi lavori di ricerca pubblicati su riviste accademiche nazionali e internazionali e di alcune monografie.<br \/>\n<strong>Andrea Venegoni<\/strong> \u00e8 Associate Dean Research &amp; Applications for Business <span style=\"font-variant: small-caps;\">liuc<\/span> Business School e ricercatore di Politica Economica presso la <span style=\"font-variant: small-caps;\">liuc<\/span> \u2013 Universit\u00e0 Cattaneo. I suoi principali interessi di ricerca riguardano l\u2019analisi e la valorizzazione delle attrattivit\u00e0 territoriali, la valutazione di impatto economico di investimenti, infrastrutture ed eventi, la costruzione mediante metodologie econometriche di indicatori socio-economici di monitoraggio per l\u2019analisi del territorio, l\u2019analisi di scenario territoriale e settoriale. \u00c8 stato consulente di svariate realt\u00e0 istituzionali e private, \u00e8 autore di numerosi lavori di ricerca pubblicati su riviste accademiche nazionali e internazionali ed \u00e8 membro dell\u2019editorial board della Rivista Italiana di Economia, Demografia e Statistica.<\/p>\n","protected":false},"excerpt":{"rendered":"<p>Uno studio approfondito per fare il punto della situazione, tracciare un bilancio di quanto fatto da liuc \u2013 Universit\u00e0 Cattaneo nei suoi primi 30 anni di attivit\u00e0 ed evidenziarne successi [&hellip;]<\/p>\n","protected":false},"featured_media":24420,"template":"","meta":{"_editorskit_title_hidden":false,"_editorskit_reading_time":0,"_editorskit_is_block_options_detached":false,"_editorskit_block_options_position":"{}","_monsterinsights_skip_tracking":false,"_monsterinsights_sitenote_active":false,"_monsterinsights_sitenote_note":"","_monsterinsights_sitenote_category":0},"product_brand":[],"product_cat":[6805,6700],"product_tag":[11417,6819,6749,6952,9893],"class_list":{"0":"post-24419","1":"product","2":"type-product","3":"status-publish","4":"has-post-thumbnail","6":"product_cat-guerini-next","7":"product_cat-universita-cattaneo-libri","8":"product_tag-analisi","9":"product_tag-didattica","10":"product_tag-ricerca","11":"product_tag-sviluppo-economico","12":"product_tag-territorio","13":"pa_guerini_amazon_link-https-www-amazon-it-delluniversit-territorio-valutazione-impatto-socio-economico-dp-8868965100","14":"pa_guerini_feltrinelli_link-https-www-lafeltrinelli-it-valore-dell-universita-per-territorio-libro-vari-e-9788868965105","15":"pa_guerini_ibs_link-https-www-ibs-it-valore-dell-universita-per-territorio-libro-vari-e-9788868965105","16":"pa_guerini_libruniver_link-https-www-libreriauniversitaria-it-valore-universita-territorio-valutazione-impatto-libro-9788868965105","17":"pa_guerini_mondadori_link-https-www-mondadoristore-it-valore-dell-universita-na-eai978886896510","19":"first","20":"instock","21":"sale","22":"shipping-taxable","23":"purchasable","24":"product-type-simple"},"yoast_head":"<!-- This site is optimized with the Yoast SEO plugin v25.4 - https:\/\/yoast.com\/wordpress\/plugins\/seo\/ -->\n<title>Il valore dell&#039;Universit\u00e0 per il territorio | Guerini Editore<\/title>\n<meta name=\"description\" content=\"Questo volume conduce alla scoperta di quali sono le diverse dimensioni con cui l&#039;Universit\u00e0 genera valore per il proprio territorio di riferimento.\" \/>\n<meta name=\"robots\" content=\"index, follow, max-snippet:-1, max-image-preview:large, max-video-preview:-1\" \/>\n<link rel=\"canonical\" href=\"https:\/\/www.guerini.it\/index.php\/prodotto\/il-valore-delluniversita-per-il-territorio\/\" \/>\n<meta property=\"og:locale\" content=\"it_IT\" \/>\n<meta property=\"og:type\" content=\"article\" \/>\n<meta property=\"og:title\" content=\"Il valore dell&#039;Universit\u00e0 per il territorio | Guerini Editore\" \/>\n<meta property=\"og:description\" content=\"Questo volume conduce alla scoperta di quali sono le diverse dimensioni con cui l&#039;Universit\u00e0 genera valore per il proprio territorio di riferimento.\" \/>\n<meta property=\"og:url\" content=\"https:\/\/www.guerini.it\/index.php\/prodotto\/il-valore-delluniversita-per-il-territorio\/\" \/>\n<meta property=\"og:site_name\" content=\"Guerini e Associati\" \/>\n<meta property=\"article:modified_time\" content=\"2024-06-09T18:26:17+00:00\" \/>\n<meta property=\"og:image\" content=\"https:\/\/www.guerini.it\/wp-content\/uploads\/2024\/02\/Front-Cover-IL-VALORE-DELLUNIVERSITA.-LIUC-scaled.webp\" \/>\n\t<meta property=\"og:image:width\" content=\"1670\" \/>\n\t<meta property=\"og:image:height\" content=\"2560\" \/>\n\t<meta property=\"og:image:type\" content=\"image\/webp\" \/>\n<meta name=\"twitter:card\" content=\"summary_large_image\" \/>\n<meta name=\"twitter:label1\" content=\"Tempo di lettura stimato\" \/>\n\t<meta name=\"twitter:data1\" content=\"3 minuti\" \/>\n<!-- \/ Yoast SEO plugin. -->","yoast_head_json":{"title":"Il valore dell'Universit\u00e0 per il territorio | Guerini Editore","description":"Questo volume conduce alla scoperta di quali sono le diverse dimensioni con cui l'Universit\u00e0 genera valore per il proprio territorio di riferimento.","robots":{"index":"index","follow":"follow","max-snippet":"max-snippet:-1","max-image-preview":"max-image-preview:large","max-video-preview":"max-video-preview:-1"},"canonical":"https:\/\/www.guerini.it\/index.php\/prodotto\/il-valore-delluniversita-per-il-territorio\/","og_locale":"it_IT","og_type":"article","og_title":"Il valore dell'Universit\u00e0 per il territorio | Guerini Editore","og_description":"Questo volume conduce alla scoperta di quali sono le diverse dimensioni con cui l'Universit\u00e0 genera valore per il proprio territorio di riferimento.","og_url":"https:\/\/www.guerini.it\/index.php\/prodotto\/il-valore-delluniversita-per-il-territorio\/","og_site_name":"Guerini e Associati","article_modified_time":"2024-06-09T18:26:17+00:00","og_image":[{"width":1670,"height":2560,"url":"https:\/\/www.guerini.it\/wp-content\/uploads\/2024\/02\/Front-Cover-IL-VALORE-DELLUNIVERSITA.-LIUC-scaled.webp","type":"image\/webp"}],"twitter_card":"summary_large_image","twitter_misc":{"Tempo di lettura stimato":"3 minuti"},"schema":{"@context":"https:\/\/schema.org","@graph":[{"@type":"WebPage","@id":"https:\/\/www.guerini.it\/index.php\/prodotto\/il-valore-delluniversita-per-il-territorio\/","url":"https:\/\/www.guerini.it\/index.php\/prodotto\/il-valore-delluniversita-per-il-territorio\/","name":"Il valore dell'Universit\u00e0 per il territorio | Guerini Editore","isPartOf":{"@id":"https:\/\/www.guerini.it\/#website"},"primaryImageOfPage":{"@id":"https:\/\/www.guerini.it\/index.php\/prodotto\/il-valore-delluniversita-per-il-territorio\/#primaryimage"},"image":{"@id":"https:\/\/www.guerini.it\/index.php\/prodotto\/il-valore-delluniversita-per-il-territorio\/#primaryimage"},"thumbnailUrl":"https:\/\/www.guerini.it\/wp-content\/uploads\/2024\/02\/Front-Cover-IL-VALORE-DELLUNIVERSITA.-LIUC-scaled.webp","datePublished":"2024-02-06T16:53:43+00:00","dateModified":"2024-06-09T18:26:17+00:00","description":"Questo volume conduce alla scoperta di quali sono le diverse dimensioni con cui l'Universit\u00e0 genera valore per il proprio territorio di riferimento.","breadcrumb":{"@id":"https:\/\/www.guerini.it\/index.php\/prodotto\/il-valore-delluniversita-per-il-territorio\/#breadcrumb"},"inLanguage":"it-IT","potentialAction":[{"@type":"ReadAction","target":["https:\/\/www.guerini.it\/index.php\/prodotto\/il-valore-delluniversita-per-il-territorio\/"]}]},{"@type":"ImageObject","inLanguage":"it-IT","@id":"https:\/\/www.guerini.it\/index.php\/prodotto\/il-valore-delluniversita-per-il-territorio\/#primaryimage","url":"https:\/\/www.guerini.it\/wp-content\/uploads\/2024\/02\/Front-Cover-IL-VALORE-DELLUNIVERSITA.-LIUC-scaled.webp","contentUrl":"https:\/\/www.guerini.it\/wp-content\/uploads\/2024\/02\/Front-Cover-IL-VALORE-DELLUNIVERSITA.-LIUC-scaled.webp","width":1670,"height":2560,"caption":"Copertina del libro a cura di M. Serati, A. Venegoni, Il valore dell'universit\u00e0 per il territorio, Guerini Next, 2023"},{"@type":"BreadcrumbList","@id":"https:\/\/www.guerini.it\/index.php\/prodotto\/il-valore-delluniversita-per-il-territorio\/#breadcrumb","itemListElement":[{"@type":"ListItem","position":1,"name":"Home","item":"https:\/\/www.guerini.it\/"},{"@type":"ListItem","position":2,"name":"Catalogo","item":"https:\/\/www.guerini.it\/index.php\/negozio\/"},{"@type":"ListItem","position":3,"name":"Il valore dell&#8217;Universit\u00e0 per il territorio"}]},{"@type":"WebSite","@id":"https:\/\/www.guerini.it\/#website","url":"https:\/\/www.guerini.it\/","name":"Guerini e Associati","description":"30 anni di libri, idee e libert\u00e0","publisher":{"@id":"https:\/\/www.guerini.it\/#organization"},"potentialAction":[{"@type":"SearchAction","target":{"@type":"EntryPoint","urlTemplate":"https:\/\/www.guerini.it\/?s={search_term_string}"},"query-input":{"@type":"PropertyValueSpecification","valueRequired":true,"valueName":"search_term_string"}}],"inLanguage":"it-IT"},{"@type":"Organization","@id":"https:\/\/www.guerini.it\/#organization","name":"Guerini e Associati","url":"https:\/\/www.guerini.it\/","logo":{"@type":"ImageObject","inLanguage":"it-IT","@id":"https:\/\/www.guerini.it\/#\/schema\/logo\/image\/","url":"https:\/\/www.guerini.it\/wp-content\/uploads\/2021\/03\/Logo-Guerini-OK_-e1615831292285.png","contentUrl":"https:\/\/www.guerini.it\/wp-content\/uploads\/2021\/03\/Logo-Guerini-OK_-e1615831292285.png","width":2805,"height":1870,"caption":"Guerini e Associati"},"image":{"@id":"https:\/\/www.guerini.it\/#\/schema\/logo\/image\/"}}]}},"_links":{"self":[{"href":"https:\/\/www.guerini.it\/index.php\/wp-json\/wp\/v2\/product\/24419","targetHints":{"allow":["GET"]}}],"collection":[{"href":"https:\/\/www.guerini.it\/index.php\/wp-json\/wp\/v2\/product"}],"about":[{"href":"https:\/\/www.guerini.it\/index.php\/wp-json\/wp\/v2\/types\/product"}],"wp:featuredmedia":[{"embeddable":true,"href":"https:\/\/www.guerini.it\/index.php\/wp-json\/wp\/v2\/media\/24420"}],"wp:attachment":[{"href":"https:\/\/www.guerini.it\/index.php\/wp-json\/wp\/v2\/media?parent=24419"}],"wp:term":[{"taxonomy":"product_brand","embeddable":true,"href":"https:\/\/www.guerini.it\/index.php\/wp-json\/wp\/v2\/product_brand?post=24419"},{"taxonomy":"product_cat","embeddable":true,"href":"https:\/\/www.guerini.it\/index.php\/wp-json\/wp\/v2\/product_cat?post=24419"},{"taxonomy":"product_tag","embeddable":true,"href":"https:\/\/www.guerini.it\/index.php\/wp-json\/wp\/v2\/product_tag?post=24419"}],"curies":[{"name":"wp","href":"https:\/\/api.w.org\/{rel}","templated":true}]}}

Il valore dell&#8217;Università per il territorio

<p style="text-align: justify;">Uno studio approfondito per fare il punto della situazione, tracciare un bilancio di quanto fatto da <span style="font-variant: small-caps;">liuc</span> – Università Cattaneo nei suoi primi 30 anni di attività ed evidenziarne successi e ambiti di miglioramento. Non solo. Questo volume offre una prospettiva più ampia, una visione più alta, esplicitando il ruolo centrale che un’università gioca oggi all’interno dell’ecosistema socio-economico di cui fa parte. Grazie a un approccio scientificamente rigoroso, ma narrato con semplicità e immediatezza, questo volume conduce alla scoperta di quali sono le diverse dimensioni con cui un Ateneo genera valore per il proprio territorio di riferimento: ricerca, didattica, terza missione e presenza dell’infrastruttura sul territorio, che attivano nuova conoscenza, sapere tecnico e nuove opportunità per le imprese e il mondo produttivo, per gli studenti, per il tessuto sociale e innescano un florido circuito economico per il commercio e i servizi del territorio. L’analisi, condotta seguendo una metodologia innovativa, sviluppata nel mondo anglosassone e ancora inedita nel nostro Paese, ci aiuta a scoprire che un’università è molto più di una «fucina» di talenti, è un polo di sviluppo per l’intera comunità (ampia) di riferimento, un catalizzatore di opportunità di crescita, un volano di attrattività e nuovi investimenti.</p>
<hr />
<p style="text-align: justify;"><strong>Massimiliano Serati</strong> è Dean della <a href="https://www.liucbs.it/"><span style="font-variant: small-caps;">liuc</span> Business School</a> e Professore Associato di Politica Economica presso la <span style="font-variant: small-caps;">liuc</span> – Università Cattaneo. Tra le sue principali aree di interesse vi sono l’Analisi, lo sviluppo e la valorizzazione delle attrattività territoriali con particolare enfasi per le dimensioni culturali e turistiche, la costruzione mediante metodologie econometriche di Indicatori socio-economici di monitoraggio per l’analisi del territorio, l’elaborazione di Politiche di sviluppo locale e strumenti di supporto alle decisioni di programmazione, l’analisi di scenario territoriale e settoriale. È stato consulente della <a href="https://www.bancaditalia.it/">Banca d’Italia</a>, del Ministero dell’Economia, del Ministero della P.A., del Ministero del Turismo e di diverse realtà istituzionali e private nazionali ed estere. È autore di numerosi lavori di ricerca pubblicati su riviste accademiche nazionali e internazionali e di alcune monografie.<br />
<strong>Andrea Venegoni</strong> è Associate Dean Research &amp; Applications for Business <span style="font-variant: small-caps;">liuc</span> Business School e ricercatore di Politica Economica presso la <span style="font-variant: small-caps;">liuc</span> – Università Cattaneo. I suoi principali interessi di ricerca riguardano l’analisi e la valorizzazione delle attrattività territoriali, la valutazione di impatto economico di investimenti, infrastrutture ed eventi, la costruzione mediante metodologie econometriche di indicatori socio-economici di monitoraggio per l’analisi del territorio, l’analisi di scenario territoriale e settoriale. È stato consulente di svariate realtà istituzionali e private, è autore di numerosi lavori di ricerca pubblicati su riviste accademiche nazionali e internazionali ed è membro dell’editorial board della Rivista Italiana di Economia, Demografia e Statistica.</p>

<p>Uno studio approfondito per fare il punto della situazione, tracciare un bilancio di quanto fatto da liuc – Università Cattaneo nei suoi primi 30 anni di attività ed evidenziarne successi [&hellip;]</p>

<!-- This site is optimized with the Yoast SEO plugin v25.4 - https://yoast.com/wordpress/plugins/seo/ -->
<title>Il valore dell&#039;Università per il territorio | Guerini Editore</title>
<meta name="description" content="Questo volume conduce alla scoperta di quali sono le diverse dimensioni con cui l&#039;Università genera valore per il proprio territorio di riferimento." />
<meta name="robots" content="index, follow, max-snippet:-1, max-image-preview:large, max-video-preview:-1" />
<link rel="canonical" href="https://www.guerini.it/index.php/prodotto/il-valore-delluniversita-per-il-territorio/" />
<meta property="og:locale" content="it_IT" />
<meta property="og:type" content="article" />
<meta property="og:title" content="Il valore dell&#039;Università per il territorio | Guerini Editore" />
<meta property="og:description" content="Questo volume conduce alla scoperta di quali sono le diverse dimensioni con cui l&#039;Università genera valore per il proprio territorio di riferimento." />
<meta property="og:url" content="https://www.guerini.it/index.php/prodotto/il-valore-delluniversita-per-il-territorio/" />
<meta property="og:site_name" content="Guerini e Associati" />
<meta property="article:modified_time" content="2024-06-09T18:26:17+00:00" />
<meta property="og:image" content="https://www.guerini.it/wp-content/uploads/2024/02/Front-Cover-IL-VALORE-DELLUNIVERSITA.-LIUC-scaled.webp" />
	<meta property="og:image:width" content="1670" />
	<meta property="og:image:height" content="2560" />
	<meta property="og:image:type" content="image/webp" />
<meta name="twitter:card" content="summary_large_image" />
<meta name="twitter:label1" content="Tempo di lettura stimato" />
	<meta name="twitter:data1" content="3 minuti" />
<!-- / Yoast SEO plugin. -->

Il valore dell'Università per il territorio | Guerini Editore

Questo volume conduce alla scoperta di quali sono le diverse dimensioni con cui l'Università genera valore per il proprio territorio di riferimento.

Copertina del libro a cura di M. Serati, A. Venegoni, Il valore dell'università per il territorio, Guerini Next, 2023

30 anni di libri, idee e libertà
